{"id":23763,"date":"2024-01-23T13:37:23","date_gmt":"2024-01-23T12:37:23","guid":{"rendered":"https:\/\/pb.edu.pl\/sjo\/?page_id=23763"},"modified":"2026-03-06T00:39:23","modified_gmt":"2026-03-05T23:39:23","slug":"60-godzinny-kurs-b2","status":"publish","type":"page","link":"https:\/\/pb.edu.pl\/sjo\/polish-lab\/kursy-jezyka-polskiego-jako-obcego-2\/kursy-wiosenne\/60-godzinny-kurs-b2\/","title":{"rendered":"60-godzinny kurs B2(b)"},"content":{"rendered":"<h2><a href=\"https:\/\/pb.edu.pl\/sjo\/wp-content\/uploads\/sites\/9\/2026\/01\/Kopia-Boks-centrum-jezyka-i-kultury-polskiej-zaprasza-Wpis-na-Facebooku-799\u00d7533-px1.png\"><img loading=\"lazy\" decoding=\"async\" class=\"alignleft wp-image-30389\" src=\"https:\/\/pb.edu.pl\/sjo\/wp-content\/uploads\/sites\/9\/2026\/01\/Kopia-Boks-centrum-jezyka-i-kultury-polskiej-zaprasza-Wpis-na-Facebooku-799\u00d7533-px1-300x200.png\" alt=\"\" width=\"500\" height=\"334\" srcset=\"https:\/\/pb.edu.pl\/sjo\/wp-content\/uploads\/sites\/9\/2026\/01\/Kopia-Boks-centrum-jezyka-i-kultury-polskiej-zaprasza-Wpis-na-Facebooku-799\u00d7533-px1-300x200.png 300w, https:\/\/pb.edu.pl\/sjo\/wp-content\/uploads\/sites\/9\/2026\/01\/Kopia-Boks-centrum-jezyka-i-kultury-polskiej-zaprasza-Wpis-na-Facebooku-799\u00d7533-px1-768x512.png 768w, https:\/\/pb.edu.pl\/sjo\/wp-content\/uploads\/sites\/9\/2026\/01\/Kopia-Boks-centrum-jezyka-i-kultury-polskiej-zaprasza-Wpis-na-Facebooku-799\u00d7533-px1-480x320.png 480w, https:\/\/pb.edu.pl\/sjo\/wp-content\/uploads\/sites\/9\/2026\/01\/Kopia-Boks-centrum-jezyka-i-kultury-polskiej-zaprasza-Wpis-na-Facebooku-799\u00d7533-px1.png 799w\" sizes=\"auto, (max-width: 500px) 100vw, 500px\" \/><\/a>Dla kogo przeznaczony jest ten kurs?<\/h2>\n<p>Kurs jest <strong>kontynuacj\u0105 nauki z semestru zimowego na poziomie B2(a)<\/strong>. Jest on przeznaczony w szczeg\u00f3lno\u015bci dla os\u00f3b pragn\u0105cych doskonali\u0107 znajomo\u015b\u0107 j\u0119zyka polskiego na poziomie wy\u017cszym \u015bredniozaawansowanym oraz przygotowa\u0107 si\u0119 do pa\u0144stwowego egzaminu z j\u0119zyka polskiego jako obcego na poziomie B2.<\/p>\n<p>W kursie na poziomie B2(b) uczestnicz\u0105 r\u00f3wnie\u017c osoby, kt\u00f3re <strong>planuj\u0105 podj\u0119cie studi\u00f3w na polskich uczelniach<\/strong>, a tak\u017ce <strong>lekarze pragn\u0105cy nostryfikowa\u0107 dyplom lekarza w Polsce, wyk\u0142adowcy wy\u017cszych uczelni i inni specjali\u015bci ubiegaj\u0105cy si\u0119 o zatrudnienie w swoim zawodzie w Polsce.<\/strong><\/p>\n<h2>Kiedy odbywaj\u0105 si\u0119 zaj\u0119cia?<\/h2>\n<p>Zaj\u0119cia prowadzone s\u0105 dwa razy w tygodniu, w godzinach popo\u0142udniowych, <strong>od 9 marca do ko\u0144ca czerwca 2026 r.<\/strong> Grupy mog\u0105 by\u0107 mniej liczebne (6-7 uczestnik\u00f3w) lub bardziej liczebne (8-10-osobowe).<\/p>\n<p>Nowy cennik kurs\u00f3w zostanie opublikowany na pocz\u0105tku lutego. Obowi\u0105zuje <strong>zni\u017cka<\/strong> 5% przy p\u0142atno\u015bci jednorazowej z g\u00f3ry oraz zni\u017cka za kontynuacj\u0119 nauki w naszym o\u015brodku. Jest te\u017c mo\u017cliwo\u015b\u0107 roz\u0142o\u017cenia p\u0142atno\u015bci na 3 raty.<\/p>\n<h2>Jak mog\u0119 si\u0119 zapisa\u0107 na kurs?<\/h2>\n<p><span style=\"color: #000000\"><strong><span style=\"font-family: verdana, geneva, sans-serif;font-size: 12pt\">Rejestracj\u0119 rozpoczniemy 16 lutego 2026 r. o godzinie 8:00, <\/span><\/strong><span style=\"font-family: verdana, geneva, sans-serif\"><strong><span style=\"font-size: 12pt\">poprzez platform\u0119<\/span><\/strong> <a style=\"color: #000000\" href=\"https:\/\/irk2.uci.pb.edu.pl\/pl\/offer\/KURSY_BEZ_2025_2026\/programme\/POLISH_LAB_KURS_ST_2026_LETNI\/\"><strong>IRK<\/strong><\/a>.<\/span><\/span><\/p>\n<p><span style=\"font-family: verdana, geneva, sans-serif;font-size: 12pt;color: #000000\">Zako\u0144czenie rejestracji w dniu 27 lutego, dlatego prosimy nie zwleka\u0107 z decyzj\u0105.<\/span><\/p>\n<p><span style=\"font-family: verdana, geneva, sans-serif;font-size: 12pt\">Pytania prosimy kierowa\u0107 na adres <strong> <a href=\"#\" rel=\"nofollow\"  onclick=\"this.href='mailto:' + 'kursypl' + '@' + 'pb.edu.pl'\">kursypl [at] pb.edu.pl<\/a><\/strong><\/span><\/p>\n<p>&nbsp;<\/p>\n<h2>Czego mog\u0119 si\u0119 spodziewa\u0107 po kursie?<\/h2>\n<p><span style=\"font-family: verdana, geneva, sans-serif;font-size: 12pt\">Osoba pos\u0142uguj\u0105ca si\u0119 j\u0119zykiem na tym poziomie B2:<\/span><\/p>\n<ul>\n<li><span style=\"font-family: verdana, geneva, sans-serif;font-size: 12pt\">rozumie znaczenie g\u0142\u00f3wnych w\u0105tk\u00f3w przekazu zawartego w z\u0142o\u017conych tekstach na tematy konkretne i abstrakcyjne<\/span><\/li>\n<li><span style=\"font-family: verdana, geneva, sans-serif;font-size: 12pt\">rozumie dyskusje, podczas kt\u00f3rych u\u017cywa si\u0119 j\u0119zyka specjalistycznego z zakresu specjalno\u015bci zawodowej<\/span><\/li>\n<li><span style=\"font-family: verdana, geneva, sans-serif;font-size: 12pt\">potrafi porozumiewa\u0107 si\u0119 z rodzimym u\u017cytkownikiem j\u0119zyka na tyle p\u0142ynnie i spontanicznie, by prowadzi\u0107 normaln\u0105 rozmow\u0119, niewymagaj\u0105c\u0105 wi\u0119kszego wysi\u0142ku od \u017cadnej ze stron<\/span><\/li>\n<li><span style=\"font-family: verdana, geneva, sans-serif;font-size: 12pt\">potrafi formu\u0142owa\u0107 przejrzyste i szczeg\u00f3\u0142owe wypowiedzi ustne lub pisemne odwo\u0142uj\u0105ce si\u0119 do szerokiego zakresu tematycznego<\/span><\/li>\n<li><span style=\"font-family: verdana, geneva, sans-serif;font-size: 12pt\">potrafi przedstawi\u0107 swoje stanowisko w sprawach b\u0119d\u0105cych przedmiotem dyskusji, wyja\u015bniaj\u0105c wady i zalety r\u00f3\u017cnych rozwi\u0105za\u0144.<\/span><\/li>\n<\/ul>\n<p><span style=\"font-size: 8pt\">13.02.2026 r.<\/span><\/p>\n","protected":false},"excerpt":{"rendered":"<p>Dla kogo przeznaczony jest ten kurs? Kurs jest kontynuacj\u0105 nauki z semestru zimowego na poziomie<\/p>\n","protected":false},"author":38,"featured_media":0,"parent":26001,"menu_order":0,"comment_status":"closed","ping_status":"closed","template":"","meta":{"_acf_changed":false,"ngg_post_thumbnail":0,"footnotes":""},"class_list":["post-23763","page","type-page","status-publish","hentry"],"acf":[],"yoast_head":"<!-- This site is optimized with the Yoast SEO plugin v27.0 - https:\/\/yoast.com\/product\/yoast-seo-wordpress\/ -->\n<title>60-godzinny kurs B2(b) - Studium J\u0119zyk\u00f3w Obcych<\/title>\n<meta name=\"description\" content=\"Dla kogo przeznaczony jest ten kurs? Kurs jest kontynuacj\u0105 nauki z semestru zimowego na poziomie B2(a). Jest on przeznaczony w szczeg\u00f3lno\u015bci dla os\u00f3b\" \/>\n<meta name=\"robots\" content=\"index, follow, max-snippet:-1, max-image-preview:large, max-video-preview:-1\" \/>\n<link rel=\"canonical\" href=\"https:\/\/pb.edu.pl\/sjo\/polish-lab\/kursy-jezyka-polskiego-jako-obcego-2\/kursy-wiosenne\/60-godzinny-kurs-b2\/\" \/>\n<meta property=\"og:locale\" content=\"pl_PL\" \/>\n<meta property=\"og:type\" content=\"article\" \/>\n<meta property=\"og:title\" content=\"60-godzinny kurs B2(b) - Studium J\u0119zyk\u00f3w Obcych\" \/>\n<meta property=\"og:description\" content=\"Dla kogo przeznaczony jest ten kurs? Kurs jest kontynuacj\u0105 nauki z semestru zimowego na poziomie B2(a). Jest on przeznaczony w szczeg\u00f3lno\u015bci dla os\u00f3b\" \/>\n<meta property=\"og:url\" content=\"https:\/\/pb.edu.pl\/sjo\/polish-lab\/kursy-jezyka-polskiego-jako-obcego-2\/kursy-wiosenne\/60-godzinny-kurs-b2\/\" \/>\n<meta property=\"og:site_name\" content=\"Studium J\u0119zyk\u00f3w Obcych\" \/>\n<meta property=\"article:modified_time\" content=\"2026-03-05T23:39:23+00:00\" \/>\n<meta name=\"twitter:label1\" content=\"Szacowany czas czytania\" \/>\n\t<meta name=\"twitter:data1\" content=\"2 minuty\" \/>\n<script type=\"application\/ld+json\" class=\"yoast-schema-graph\">{\"@context\":\"https:\/\/schema.org\",\"@graph\":[{\"@type\":\"WebPage\",\"@id\":\"https:\/\/pb.edu.pl\/sjo\/polish-lab\/kursy-jezyka-polskiego-jako-obcego-2\/kursy-wiosenne\/60-godzinny-kurs-b2\/\",\"url\":\"https:\/\/pb.edu.pl\/sjo\/polish-lab\/kursy-jezyka-polskiego-jako-obcego-2\/kursy-wiosenne\/60-godzinny-kurs-b2\/\",\"name\":\"60-godzinny kurs B2(b) - Studium J\u0119zyk\u00f3w Obcych\",\"isPartOf\":{\"@id\":\"https:\/\/pb.edu.pl\/sjo\/#website\"},\"datePublished\":\"2024-01-23T12:37:23+00:00\",\"dateModified\":\"2026-03-05T23:39:23+00:00\",\"description\":\"Dla kogo przeznaczony jest ten kurs? Kurs jest kontynuacj\u0105 nauki z semestru zimowego na poziomie B2(a). Jest on przeznaczony w szczeg\u00f3lno\u015bci dla os\u00f3b\",\"breadcrumb\":{\"@id\":\"https:\/\/pb.edu.pl\/sjo\/polish-lab\/kursy-jezyka-polskiego-jako-obcego-2\/kursy-wiosenne\/60-godzinny-kurs-b2\/#breadcrumb\"},\"inLanguage\":\"pl-PL\",\"potentialAction\":[{\"@type\":\"ReadAction\",\"target\":[\"https:\/\/pb.edu.pl\/sjo\/polish-lab\/kursy-jezyka-polskiego-jako-obcego-2\/kursy-wiosenne\/60-godzinny-kurs-b2\/\"]}]},{\"@type\":\"BreadcrumbList\",\"@id\":\"https:\/\/pb.edu.pl\/sjo\/polish-lab\/kursy-jezyka-polskiego-jako-obcego-2\/kursy-wiosenne\/60-godzinny-kurs-b2\/#breadcrumb\",\"itemListElement\":[{\"@type\":\"ListItem\",\"position\":1,\"name\":\"Home\",\"item\":\"https:\/\/pb.edu.pl\/sjo\/\"},{\"@type\":\"ListItem\",\"position\":2,\"name\":\"Centrum J\u0119zyka i Kultury Polskiej POLISH LAB\",\"item\":\"https:\/\/pb.edu.pl\/sjo\/polish-lab\/\"},{\"@type\":\"ListItem\",\"position\":3,\"name\":\"Kursy j\u0119zyka polskiego jako obcego\",\"item\":\"https:\/\/pb.edu.pl\/sjo\/polish-lab\/kursy-jezyka-polskiego-jako-obcego-2\/\"},{\"@type\":\"ListItem\",\"position\":4,\"name\":\"Kursy wiosenne\",\"item\":\"https:\/\/pb.edu.pl\/sjo\/polish-lab\/kursy-jezyka-polskiego-jako-obcego-2\/kursy-wiosenne\/\"},{\"@type\":\"ListItem\",\"position\":5,\"name\":\"60-godzinny kurs B2(b)\"}]},{\"@type\":\"WebSite\",\"@id\":\"https:\/\/pb.edu.pl\/sjo\/#website\",\"url\":\"https:\/\/pb.edu.pl\/sjo\/\",\"name\":\"Studium J\u0119zyk\u00f3w Obcych\",\"description\":\"\",\"potentialAction\":[{\"@type\":\"SearchAction\",\"target\":{\"@type\":\"EntryPoint\",\"urlTemplate\":\"https:\/\/pb.edu.pl\/sjo\/?s={search_term_string}\"},\"query-input\":{\"@type\":\"PropertyValueSpecification\",\"valueRequired\":true,\"valueName\":\"search_term_string\"}}],\"inLanguage\":\"pl-PL\"}]}<\/script>\n<!-- \/ Yoast SEO plugin. -->","yoast_head_json":{"title":"60-godzinny kurs B2(b) - Studium J\u0119zyk\u00f3w Obcych","description":"Dla kogo przeznaczony jest ten kurs? Kurs jest kontynuacj\u0105 nauki z semestru zimowego na poziomie B2(a). Jest on przeznaczony w szczeg\u00f3lno\u015bci dla os\u00f3b","robots":{"index":"index","follow":"follow","max-snippet":"max-snippet:-1","max-image-preview":"max-image-preview:large","max-video-preview":"max-video-preview:-1"},"canonical":"https:\/\/pb.edu.pl\/sjo\/polish-lab\/kursy-jezyka-polskiego-jako-obcego-2\/kursy-wiosenne\/60-godzinny-kurs-b2\/","og_locale":"pl_PL","og_type":"article","og_title":"60-godzinny kurs B2(b) - Studium J\u0119zyk\u00f3w Obcych","og_description":"Dla kogo przeznaczony jest ten kurs? Kurs jest kontynuacj\u0105 nauki z semestru zimowego na poziomie B2(a). Jest on przeznaczony w szczeg\u00f3lno\u015bci dla os\u00f3b","og_url":"https:\/\/pb.edu.pl\/sjo\/polish-lab\/kursy-jezyka-polskiego-jako-obcego-2\/kursy-wiosenne\/60-godzinny-kurs-b2\/","og_site_name":"Studium J\u0119zyk\u00f3w Obcych","article_modified_time":"2026-03-05T23:39:23+00:00","twitter_misc":{"Szacowany czas czytania":"2 minuty"},"schema":{"@context":"https:\/\/schema.org","@graph":[{"@type":"WebPage","@id":"https:\/\/pb.edu.pl\/sjo\/polish-lab\/kursy-jezyka-polskiego-jako-obcego-2\/kursy-wiosenne\/60-godzinny-kurs-b2\/","url":"https:\/\/pb.edu.pl\/sjo\/polish-lab\/kursy-jezyka-polskiego-jako-obcego-2\/kursy-wiosenne\/60-godzinny-kurs-b2\/","name":"60-godzinny kurs B2(b) - Studium J\u0119zyk\u00f3w Obcych","isPartOf":{"@id":"https:\/\/pb.edu.pl\/sjo\/#website"},"datePublished":"2024-01-23T12:37:23+00:00","dateModified":"2026-03-05T23:39:23+00:00","description":"Dla kogo przeznaczony jest ten kurs? Kurs jest kontynuacj\u0105 nauki z semestru zimowego na poziomie B2(a). Jest on przeznaczony w szczeg\u00f3lno\u015bci dla os\u00f3b","breadcrumb":{"@id":"https:\/\/pb.edu.pl\/sjo\/polish-lab\/kursy-jezyka-polskiego-jako-obcego-2\/kursy-wiosenne\/60-godzinny-kurs-b2\/#breadcrumb"},"inLanguage":"pl-PL","potentialAction":[{"@type":"ReadAction","target":["https:\/\/pb.edu.pl\/sjo\/polish-lab\/kursy-jezyka-polskiego-jako-obcego-2\/kursy-wiosenne\/60-godzinny-kurs-b2\/"]}]},{"@type":"BreadcrumbList","@id":"https:\/\/pb.edu.pl\/sjo\/polish-lab\/kursy-jezyka-polskiego-jako-obcego-2\/kursy-wiosenne\/60-godzinny-kurs-b2\/#breadcrumb","itemListElement":[{"@type":"ListItem","position":1,"name":"Home","item":"https:\/\/pb.edu.pl\/sjo\/"},{"@type":"ListItem","position":2,"name":"Centrum J\u0119zyka i Kultury Polskiej POLISH LAB","item":"https:\/\/pb.edu.pl\/sjo\/polish-lab\/"},{"@type":"ListItem","position":3,"name":"Kursy j\u0119zyka polskiego jako obcego","item":"https:\/\/pb.edu.pl\/sjo\/polish-lab\/kursy-jezyka-polskiego-jako-obcego-2\/"},{"@type":"ListItem","position":4,"name":"Kursy wiosenne","item":"https:\/\/pb.edu.pl\/sjo\/polish-lab\/kursy-jezyka-polskiego-jako-obcego-2\/kursy-wiosenne\/"},{"@type":"ListItem","position":5,"name":"60-godzinny kurs B2(b)"}]},{"@type":"WebSite","@id":"https:\/\/pb.edu.pl\/sjo\/#website","url":"https:\/\/pb.edu.pl\/sjo\/","name":"Studium J\u0119zyk\u00f3w Obcych","description":"","potentialAction":[{"@type":"SearchAction","target":{"@type":"EntryPoint","urlTemplate":"https:\/\/pb.edu.pl\/sjo\/?s={search_term_string}"},"query-input":{"@type":"PropertyValueSpecification","valueRequired":true,"valueName":"search_term_string"}}],"inLanguage":"pl-PL"}]}},"_links":{"self":[{"href":"https:\/\/pb.edu.pl\/sjo\/wp-json\/wp\/v2\/pages\/23763","targetHints":{"allow":["GET"]}}],"collection":[{"href":"https:\/\/pb.edu.pl\/sjo\/wp-json\/wp\/v2\/pages"}],"about":[{"href":"https:\/\/pb.edu.pl\/sjo\/wp-json\/wp\/v2\/types\/page"}],"author":[{"embeddable":true,"href":"https:\/\/pb.edu.pl\/sjo\/wp-json\/wp\/v2\/users\/38"}],"replies":[{"embeddable":true,"href":"https:\/\/pb.edu.pl\/sjo\/wp-json\/wp\/v2\/comments?post=23763"}],"version-history":[{"count":10,"href":"https:\/\/pb.edu.pl\/sjo\/wp-json\/wp\/v2\/pages\/23763\/revisions"}],"predecessor-version":[{"id":31031,"href":"https:\/\/pb.edu.pl\/sjo\/wp-json\/wp\/v2\/pages\/23763\/revisions\/31031"}],"up":[{"embeddable":true,"href":"https:\/\/pb.edu.pl\/sjo\/wp-json\/wp\/v2\/pages\/26001"}],"wp:attachment":[{"href":"https:\/\/pb.edu.pl\/sjo\/wp-json\/wp\/v2\/media?parent=23763"}],"curies":[{"name":"wp","href":"https:\/\/api.w.org\/{rel}","templated":true}]}}