{"id":23441,"date":"2023-12-19T11:33:28","date_gmt":"2023-12-19T10:33:28","guid":{"rendered":"https:\/\/pb.edu.pl\/sjo\/?page_id=23441"},"modified":"2024-07-04T09:32:25","modified_gmt":"2024-07-04T07:32:25","slug":"zasiegnac-jezyka","status":"publish","type":"page","link":"https:\/\/pb.edu.pl\/sjo\/projekty-2-2\/sjo-w-radiu-akadera\/zasiegnac-jezyka\/","title":{"rendered":"Zasi\u0119gn\u0105\u0107 j\u0119zyka"},"content":{"rendered":"<h3>Program Tutorski<\/h3>\n<div class=\"mixcloud\">\n<div class=\"embed-responsive embed-responsive-16by9\"><iframe loading=\"lazy\" title=\"Zasi\u0119gn\u0105\u0107 J\u0119zyka - Program Tutorski W Studium J\u0119zyk\u00f3w Obcych Politechniki Bia\u0142ostockiej\" width=\"100%\" height=\"120\" src=\"https:\/\/www.mixcloud.com\/widget\/iframe\/?feed=https%3A%2F%2Fwww.mixcloud.com%2FRADIO_AKADERA_87_7FM%2Fzasi%25C4%2599gn%25C4%2585%25C4%2587-j%25C4%2599zyka-program-tutorski-w-studium-j%25C4%2599zyk%25C3%25B3w-obcych-politechniki-bia%25C5%2582ostockiej%2F&amp;hide_cover=1\" frameborder=\"0\" allow=\"encrypted-media; fullscreen; autoplay; idle-detection; speaker-selection; web-share;\"><\/iframe><\/div>\n<\/div>\n<p>&nbsp;<\/p>\n<h3>Certyfikat TOEIC<\/h3>\n<div class=\"mixcloud\">\n<div class=\"embed-responsive embed-responsive-16by9\"><iframe loading=\"lazy\" title=\"Zasi\u0119gn\u0105\u0107 J\u0119zyka - Mgr Ma\u0142gorzata Komarewska Ze Studium J\u0119zyk\u00f3w Obcych Politechniki Bia\u0142ostockiej\" width=\"100%\" height=\"120\" src=\"https:\/\/www.mixcloud.com\/widget\/iframe\/?feed=https%3A%2F%2Fwww.mixcloud.com%2FRADIO_AKADERA_87_7FM%2Fzasi%25C4%2599gn%25C4%2585%25C4%2587-j%25C4%2599zyka-mgr-ma%25C5%2582gorzata-komarewska-ze-studium-j%25C4%2599zyk%25C3%25B3w-obcych-politechniki-bia%25C5%2582ostockiej%2F&amp;hide_cover=1\" frameborder=\"0\" allow=\"encrypted-media; fullscreen; autoplay; idle-detection; speaker-selection; web-share;\"><\/iframe><\/div>\n<\/div>\n<p>&nbsp;<\/p>\n<h3>Jubileusz 60-lecia J\u0119zyk\u00f3w Obcych<\/h3>\n<div class=\"mixcloud\">\n<div class=\"embed-responsive embed-responsive-16by9\"><iframe loading=\"lazy\" title=\"Zasi\u0119gn\u0105\u0107 J\u0119zyka - Jubileusz Studium J\u0119zyk\u00f3w Obcych Politechniki Bia\u0142ostockiej\" width=\"100%\" height=\"120\" src=\"https:\/\/www.mixcloud.com\/widget\/iframe\/?feed=https%3A%2F%2Fwww.mixcloud.com%2FRADIO_AKADERA_87_7FM%2Fzasi%25C4%2599gn%25C4%2585%25C4%2587-j%25C4%2599zyka-jubileusz-studium-j%25C4%2599zyk%25C3%25B3w-obcych-politechniki-bia%25C5%2582ostockiej%2F&amp;hide_cover=1\" frameborder=\"0\" allow=\"encrypted-media; fullscreen; autoplay; idle-detection; speaker-selection; web-share;\"><\/iframe><\/div>\n<\/div>\n<p>&nbsp;<\/p>\n<h3>&#8222;Sing It&#8221; &#8211; studencki konkurs piosenki obcoj\u0119zycznej<\/h3>\n<div class=\"mixcloud\">\n<div class=\"embed-responsive embed-responsive-16by9\"><iframe loading=\"lazy\" title=\"Zasi\u0119gn\u0105\u0107 J\u0119zyka - Joanna Nazarko Ze Studium J\u0119zyk\u00f3w Obcych Politechniki Bia\u0142ostockiej\" width=\"100%\" height=\"120\" src=\"https:\/\/www.mixcloud.com\/widget\/iframe\/?feed=https%3A%2F%2Fwww.mixcloud.com%2FRADIO_AKADERA_87_7FM%2Fzasi%25C4%2599gn%25C4%2585%25C4%2587-j%25C4%2599yzka-joanna-nazarko-ze-studium-j%25C4%2599zyk%25C3%25B3w-obcych-politechniki-bia%25C5%2582ostockiej%2F&amp;hide_cover=1\" frameborder=\"0\" allow=\"encrypted-media; fullscreen; autoplay; idle-detection; speaker-selection; web-share;\"><\/iframe><\/div>\n<\/div>\n<p>&nbsp;<\/p>\n<h3>Nowy mural w SJO<\/h3>\n<div class=\"mixcloud\">\n<div class=\"embed-responsive embed-responsive-16by9\"><iframe loading=\"lazy\" title=\"Zasi\u0119gn\u0105\u0107 J\u0119zyka - Violetta Grabi\u0144ska Ze Studium J\u0119zyk\u00f3w Obcych Pb I Studenci Wa Pb\" width=\"100%\" height=\"120\" src=\"https:\/\/www.mixcloud.com\/widget\/iframe\/?feed=https%3A%2F%2Fwww.mixcloud.com%2FRADIO_AKADERA_87_7FM%2Fvioletta-grabi%25C5%2584ska-ze-studium-j%25C4%2599zyk%25C3%25B3w-obcych-pb-i-studenci-wydzia%25C5%2582u-architektury-pb-mural%2F&amp;hide_cover=1\" frameborder=\"0\" allow=\"encrypted-media; fullscreen; autoplay; idle-detection; speaker-selection; web-share;\"><\/iframe><\/div>\n<\/div>\n<p>&nbsp;<\/p>\n<h3>&#8222;Foreign languages &#8211; your window to the world&#8221; &#8211; konkurs fotograficzno-leksykalny w SJO<\/h3>\n<div class=\"mixcloud\">\n<div class=\"embed-responsive embed-responsive-16by9\"><iframe loading=\"lazy\" title=\"Zasi\u0119gn\u0105\u0107 J\u0119zyka - Mgr Liliana Sienkiewicz Ze Studium J\u0119zyk\u00f3w Obcych Politechniki Bia\u0142ostockiej\" width=\"100%\" height=\"120\" src=\"https:\/\/www.mixcloud.com\/widget\/iframe\/?feed=https%3A%2F%2Fwww.mixcloud.com%2FRADIO_AKADERA_87_7FM%2Fzasi%25C4%2599gn%25C4%2585%25C4%2587-j%25C4%2599zyka-mgr-liliana-sienkiewicz-ze-studium-j%25C4%2599zyk%25C3%25B3w-obcych-politechniki-bia%25C5%2582ostockiej%2F&amp;hide_cover=1\" frameborder=\"0\" allow=\"encrypted-media; fullscreen; autoplay; idle-detection; speaker-selection; web-share;\"><\/iframe><\/div>\n<\/div>\n<p>&nbsp;<\/p>\n<h3>Kursy j\u0119zyka angielskiego dla wszystkich<\/h3>\n<div class=\"mixcloud\">\n<div class=\"embed-responsive embed-responsive-16by9\"><iframe loading=\"lazy\" title=\"Zasi\u0119gn\u0105\u0107 J\u0119zyka - Joanna Nazarko Ze Studium J\u0119zyk\u00f3w Obcych Politechniki Bia\u0142ostockiej\" width=\"100%\" height=\"120\" src=\"https:\/\/www.mixcloud.com\/widget\/iframe\/?feed=https%3A%2F%2Fwww.mixcloud.com%2FRADIO_AKADERA_87_7FM%2Fzasi%25C4%2599gn%25C4%2585%25C4%2587-j%25C4%2599zyka-joanna-nazarko-ze-studium-j%25C4%2599zyk%25C3%25B3w-obcych-politechniki-bia%25C5%2582ostockiej%2F&amp;hide_cover=1\" frameborder=\"0\" allow=\"encrypted-media; fullscreen; autoplay; idle-detection; speaker-selection; web-share;\"><\/iframe><\/div>\n<\/div>\n<p>&nbsp;<\/p>\n<h3>Konkurs na mural SJO<\/h3>\n<div class=\"mixcloud\">\n<div class=\"embed-responsive embed-responsive-16by9\"><iframe loading=\"lazy\" title=\"Konkurs Na Projekt Muralu Do Studium J\u0119zyk\u00f3w Obcych Politechniki Bia\u0142ostockej\" width=\"100%\" height=\"120\" src=\"https:\/\/www.mixcloud.com\/widget\/iframe\/?feed=https%3A%2F%2Fwww.mixcloud.com%2FRADIO_AKADERA_87_7FM%2Fkonkurs-na-projekt-muralu-do-studium-j%25C4%2599zyk%25C3%25B3w-obcych-politechniki-bia%25C5%2582ostockej%2F&amp;hide_cover=1\" frameborder=\"0\" allow=\"encrypted-media; fullscreen; autoplay; idle-detection; speaker-selection; web-share;\"><\/iframe><\/div>\n<\/div>\n<p>&nbsp;<\/p>\n<h3>Stypendystka Programu Fullbrighta w SJO<\/h3>\n<div class=\"mixcloud\">\n<div class=\"embed-responsive embed-responsive-16by9\"><iframe loading=\"lazy\" title=\"Zasi\u0119gn\u0105\u0107 J\u0119zyka - Mgr Violetta Grabi\u0144ska I Cailyn Stewart\" width=\"100%\" height=\"120\" src=\"https:\/\/www.mixcloud.com\/widget\/iframe\/?feed=https%3A%2F%2Fwww.mixcloud.com%2FRADIO_AKADERA_87_7FM%2Fzasi%25C4%2599gn%25C4%2585%25C4%2587-j%25C4%2599zyka-mgr-violetta-grabi%25C5%2584ska-i-cailyn-stewart%2F&amp;hide_cover=1\" frameborder=\"0\" allow=\"encrypted-media; fullscreen; autoplay; idle-detection; speaker-selection; web-share;\"><\/iframe><\/div>\n<\/div>\n<p>&nbsp;<\/p>\n<h3>Baltic University Programme<\/h3>\n<div class=\"mixcloud\">\n<div class=\"embed-responsive embed-responsive-16by9\"><iframe loading=\"lazy\" title=\"Zasi\u0119gn\u0105\u0107 J\u0119zyka - Aniela Staszewska Ze Studium J\u0119zyk\u00f3w Obcych Politechniki Bia\u0142ostockiej\" width=\"100%\" height=\"120\" src=\"https:\/\/www.mixcloud.com\/widget\/iframe\/?feed=https%3A%2F%2Fwww.mixcloud.com%2FRADIO_AKADERA_87_7FM%2Fzasi%25C4%2599gn%25C4%2585%25C4%2587-j%25C4%2599zyka-aniela-staszewska-ze-studium-j%25C4%2599zyk%25C3%25B3w-obcych-politechniki-bia%25C5%2582ostockiej%2F&amp;hide_cover=1\" frameborder=\"0\" allow=\"encrypted-media; fullscreen; autoplay; idle-detection; speaker-selection; web-share;\"><\/iframe><\/div>\n<\/div>\n<p>&nbsp;<\/p>\n<h3>O Studium J\u0119zyk\u00f3w Obcych<\/h3>\n<div class=\"mixcloud\">\n<div class=\"embed-responsive embed-responsive-16by9\"><iframe loading=\"lazy\" title=\"Zasi\u0119gn\u0105\u0107 J\u0119zyka - Mgr Violetta Grabi\u0144ska Ze Studium J\u0119zyk\u00f3w Obcych Politechniki Bia\u0142ostockiej\" width=\"100%\" height=\"120\" src=\"https:\/\/www.mixcloud.com\/widget\/iframe\/?feed=https%3A%2F%2Fwww.mixcloud.com%2FRADIO_AKADERA_87_7FM%2Fzasi%25C4%2599gn%25C4%2585%25C4%2587-j%25C4%2599zyka-mgr-violetta-grabi%25C5%2584ska-ze-studium-j%25C4%2599zyk%25C3%25B3w-obcych-politechniki-bia%25C5%2582ostockiej%2F&amp;hide_cover=1\" frameborder=\"0\" allow=\"encrypted-media; fullscreen; autoplay; idle-detection; speaker-selection; web-share;\"><\/iframe><\/div>\n<\/div>\n<p>&nbsp;<\/p>\n","protected":false},"excerpt":{"rendered":"<p>Program Tutorski &nbsp; Certyfikat TOEIC &nbsp; Jubileusz 60-lecia J\u0119zyk\u00f3w Obcych &nbsp; &#8222;Sing It&#8221; &#8211; studencki<\/p>\n","protected":false},"author":6,"featured_media":0,"parent":23437,"menu_order":0,"comment_status":"closed","ping_status":"closed","template":"","meta":{"_acf_changed":false,"ngg_post_thumbnail":0,"footnotes":""},"class_list":["post-23441","page","type-page","status-publish","hentry"],"acf":[],"yoast_head":"<!-- This site is optimized with the Yoast SEO plugin v27.0 - https:\/\/yoast.com\/product\/yoast-seo-wordpress\/ -->\n<title>Zasi\u0119gn\u0105\u0107 j\u0119zyka - Studium J\u0119zyk\u00f3w Obcych<\/title>\n<meta name=\"description\" content=\"Program Tutorski https:\/\/www.mixcloud.com\/RADIO_AKADERA_87_7FM\/zasi\u0119gn\u0105\u0107-j\u0119zyka-program-tutorski-w-studium-j\u0119zyk\u00f3w-obcych-politechniki-bia\u0142ostockiej\/\" \/>\n<meta name=\"robots\" content=\"index, follow, max-snippet:-1, max-image-preview:large, max-video-preview:-1\" \/>\n<link rel=\"canonical\" href=\"https:\/\/pb.edu.pl\/sjo\/projekty-2-2\/sjo-w-radiu-akadera\/zasiegnac-jezyka\/\" \/>\n<meta property=\"og:locale\" content=\"pl_PL\" \/>\n<meta property=\"og:type\" content=\"article\" \/>\n<meta property=\"og:title\" content=\"Zasi\u0119gn\u0105\u0107 j\u0119zyka - Studium J\u0119zyk\u00f3w Obcych\" \/>\n<meta property=\"og:description\" content=\"Program Tutorski https:\/\/www.mixcloud.com\/RADIO_AKADERA_87_7FM\/zasi\u0119gn\u0105\u0107-j\u0119zyka-program-tutorski-w-studium-j\u0119zyk\u00f3w-obcych-politechniki-bia\u0142ostockiej\/\" \/>\n<meta property=\"og:url\" content=\"https:\/\/pb.edu.pl\/sjo\/projekty-2-2\/sjo-w-radiu-akadera\/zasiegnac-jezyka\/\" \/>\n<meta property=\"og:site_name\" content=\"Studium J\u0119zyk\u00f3w Obcych\" \/>\n<meta property=\"article:modified_time\" content=\"2024-07-04T07:32:25+00:00\" \/>\n<meta name=\"twitter:label1\" content=\"Szacowany czas czytania\" \/>\n\t<meta name=\"twitter:data1\" content=\"1 minuta\" \/>\n<script type=\"application\/ld+json\" class=\"yoast-schema-graph\">{\"@context\":\"https:\/\/schema.org\",\"@graph\":[{\"@type\":\"WebPage\",\"@id\":\"https:\/\/pb.edu.pl\/sjo\/projekty-2-2\/sjo-w-radiu-akadera\/zasiegnac-jezyka\/\",\"url\":\"https:\/\/pb.edu.pl\/sjo\/projekty-2-2\/sjo-w-radiu-akadera\/zasiegnac-jezyka\/\",\"name\":\"Zasi\u0119gn\u0105\u0107 j\u0119zyka - Studium J\u0119zyk\u00f3w Obcych\",\"isPartOf\":{\"@id\":\"https:\/\/pb.edu.pl\/sjo\/#website\"},\"datePublished\":\"2023-12-19T10:33:28+00:00\",\"dateModified\":\"2024-07-04T07:32:25+00:00\",\"description\":\"Program Tutorski https:\/\/www.mixcloud.com\/RADIO_AKADERA_87_7FM\/zasi\u0119gn\u0105\u0107-j\u0119zyka-program-tutorski-w-studium-j\u0119zyk\u00f3w-obcych-politechniki-bia\u0142ostockiej\/\",\"breadcrumb\":{\"@id\":\"https:\/\/pb.edu.pl\/sjo\/projekty-2-2\/sjo-w-radiu-akadera\/zasiegnac-jezyka\/#breadcrumb\"},\"inLanguage\":\"pl-PL\",\"potentialAction\":[{\"@type\":\"ReadAction\",\"target\":[\"https:\/\/pb.edu.pl\/sjo\/projekty-2-2\/sjo-w-radiu-akadera\/zasiegnac-jezyka\/\"]}]},{\"@type\":\"BreadcrumbList\",\"@id\":\"https:\/\/pb.edu.pl\/sjo\/projekty-2-2\/sjo-w-radiu-akadera\/zasiegnac-jezyka\/#breadcrumb\",\"itemListElement\":[{\"@type\":\"ListItem\",\"position\":1,\"name\":\"Home\",\"item\":\"https:\/\/pb.edu.pl\/sjo\/\"},{\"@type\":\"ListItem\",\"position\":2,\"name\":\"Projekty\",\"item\":\"https:\/\/pb.edu.pl\/sjo\/projekty-2-2\/\"},{\"@type\":\"ListItem\",\"position\":3,\"name\":\"SJO w Radiu Akadera\",\"item\":\"https:\/\/pb.edu.pl\/sjo\/projekty-2-2\/sjo-w-radiu-akadera\/\"},{\"@type\":\"ListItem\",\"position\":4,\"name\":\"Zasi\u0119gn\u0105\u0107 j\u0119zyka\"}]},{\"@type\":\"WebSite\",\"@id\":\"https:\/\/pb.edu.pl\/sjo\/#website\",\"url\":\"https:\/\/pb.edu.pl\/sjo\/\",\"name\":\"Studium J\u0119zyk\u00f3w Obcych\",\"description\":\"\",\"potentialAction\":[{\"@type\":\"SearchAction\",\"target\":{\"@type\":\"EntryPoint\",\"urlTemplate\":\"https:\/\/pb.edu.pl\/sjo\/?s={search_term_string}\"},\"query-input\":{\"@type\":\"PropertyValueSpecification\",\"valueRequired\":true,\"valueName\":\"search_term_string\"}}],\"inLanguage\":\"pl-PL\"}]}<\/script>\n<!-- \/ Yoast SEO plugin. -->","yoast_head_json":{"title":"Zasi\u0119gn\u0105\u0107 j\u0119zyka - Studium J\u0119zyk\u00f3w Obcych","description":"Program Tutorski https:\/\/www.mixcloud.com\/RADIO_AKADERA_87_7FM\/zasi\u0119gn\u0105\u0107-j\u0119zyka-program-tutorski-w-studium-j\u0119zyk\u00f3w-obcych-politechniki-bia\u0142ostockiej\/","robots":{"index":"index","follow":"follow","max-snippet":"max-snippet:-1","max-image-preview":"max-image-preview:large","max-video-preview":"max-video-preview:-1"},"canonical":"https:\/\/pb.edu.pl\/sjo\/projekty-2-2\/sjo-w-radiu-akadera\/zasiegnac-jezyka\/","og_locale":"pl_PL","og_type":"article","og_title":"Zasi\u0119gn\u0105\u0107 j\u0119zyka - Studium J\u0119zyk\u00f3w Obcych","og_description":"Program Tutorski https:\/\/www.mixcloud.com\/RADIO_AKADERA_87_7FM\/zasi\u0119gn\u0105\u0107-j\u0119zyka-program-tutorski-w-studium-j\u0119zyk\u00f3w-obcych-politechniki-bia\u0142ostockiej\/","og_url":"https:\/\/pb.edu.pl\/sjo\/projekty-2-2\/sjo-w-radiu-akadera\/zasiegnac-jezyka\/","og_site_name":"Studium J\u0119zyk\u00f3w Obcych","article_modified_time":"2024-07-04T07:32:25+00:00","twitter_misc":{"Szacowany czas czytania":"1 minuta"},"schema":{"@context":"https:\/\/schema.org","@graph":[{"@type":"WebPage","@id":"https:\/\/pb.edu.pl\/sjo\/projekty-2-2\/sjo-w-radiu-akadera\/zasiegnac-jezyka\/","url":"https:\/\/pb.edu.pl\/sjo\/projekty-2-2\/sjo-w-radiu-akadera\/zasiegnac-jezyka\/","name":"Zasi\u0119gn\u0105\u0107 j\u0119zyka - Studium J\u0119zyk\u00f3w Obcych","isPartOf":{"@id":"https:\/\/pb.edu.pl\/sjo\/#website"},"datePublished":"2023-12-19T10:33:28+00:00","dateModified":"2024-07-04T07:32:25+00:00","description":"Program Tutorski https:\/\/www.mixcloud.com\/RADIO_AKADERA_87_7FM\/zasi\u0119gn\u0105\u0107-j\u0119zyka-program-tutorski-w-studium-j\u0119zyk\u00f3w-obcych-politechniki-bia\u0142ostockiej\/","breadcrumb":{"@id":"https:\/\/pb.edu.pl\/sjo\/projekty-2-2\/sjo-w-radiu-akadera\/zasiegnac-jezyka\/#breadcrumb"},"inLanguage":"pl-PL","potentialAction":[{"@type":"ReadAction","target":["https:\/\/pb.edu.pl\/sjo\/projekty-2-2\/sjo-w-radiu-akadera\/zasiegnac-jezyka\/"]}]},{"@type":"BreadcrumbList","@id":"https:\/\/pb.edu.pl\/sjo\/projekty-2-2\/sjo-w-radiu-akadera\/zasiegnac-jezyka\/#breadcrumb","itemListElement":[{"@type":"ListItem","position":1,"name":"Home","item":"https:\/\/pb.edu.pl\/sjo\/"},{"@type":"ListItem","position":2,"name":"Projekty","item":"https:\/\/pb.edu.pl\/sjo\/projekty-2-2\/"},{"@type":"ListItem","position":3,"name":"SJO w Radiu Akadera","item":"https:\/\/pb.edu.pl\/sjo\/projekty-2-2\/sjo-w-radiu-akadera\/"},{"@type":"ListItem","position":4,"name":"Zasi\u0119gn\u0105\u0107 j\u0119zyka"}]},{"@type":"WebSite","@id":"https:\/\/pb.edu.pl\/sjo\/#website","url":"https:\/\/pb.edu.pl\/sjo\/","name":"Studium J\u0119zyk\u00f3w Obcych","description":"","potentialAction":[{"@type":"SearchAction","target":{"@type":"EntryPoint","urlTemplate":"https:\/\/pb.edu.pl\/sjo\/?s={search_term_string}"},"query-input":{"@type":"PropertyValueSpecification","valueRequired":true,"valueName":"search_term_string"}}],"inLanguage":"pl-PL"}]}},"_links":{"self":[{"href":"https:\/\/pb.edu.pl\/sjo\/wp-json\/wp\/v2\/pages\/23441","targetHints":{"allow":["GET"]}}],"collection":[{"href":"https:\/\/pb.edu.pl\/sjo\/wp-json\/wp\/v2\/pages"}],"about":[{"href":"https:\/\/pb.edu.pl\/sjo\/wp-json\/wp\/v2\/types\/page"}],"author":[{"embeddable":true,"href":"https:\/\/pb.edu.pl\/sjo\/wp-json\/wp\/v2\/users\/6"}],"replies":[{"embeddable":true,"href":"https:\/\/pb.edu.pl\/sjo\/wp-json\/wp\/v2\/comments?post=23441"}],"version-history":[{"count":0,"href":"https:\/\/pb.edu.pl\/sjo\/wp-json\/wp\/v2\/pages\/23441\/revisions"}],"up":[{"embeddable":true,"href":"https:\/\/pb.edu.pl\/sjo\/wp-json\/wp\/v2\/pages\/23437"}],"wp:attachment":[{"href":"https:\/\/pb.edu.pl\/sjo\/wp-json\/wp\/v2\/media?parent=23441"}],"curies":[{"name":"wp","href":"https:\/\/api.w.org\/{rel}","templated":true}]}}