{"id":23051,"date":"2023-11-28T20:41:01","date_gmt":"2023-11-28T19:41:01","guid":{"rendered":"https:\/\/pb.edu.pl\/sjo\/?page_id=23051"},"modified":"2023-11-29T13:35:55","modified_gmt":"2023-11-29T12:35:55","slug":"andrzejki","status":"publish","type":"page","link":"https:\/\/pb.edu.pl\/sjo\/polish-lab\/czy-wiecie-ze\/andrzejki\/","title":{"rendered":"Andrzejki"},"content":{"rendered":"<p><span style=\"font-family: verdana, geneva, sans-serif;font-size: 12pt\">Andrzejki to niezwykle popularne w Polsce \u015bwi\u0119to, kt\u00f3re obchodzimy <strong>29 listopada p\u00f3\u017anym wieczorem<\/strong>, w przeddzie\u0144 imienin Andrzeja. Jest to czas wr\u00f3\u017cb, czar\u00f3w i dobrej zabawy, dlatego wi\u0119kszo\u015b\u0107 Polak\u00f3w, zw\u0142aszcza m\u0142odych, bawi si\u0119 na imprezach.<\/span><\/p>\n<p><span style=\"font-family: verdana, geneva, sans-serif;font-size: 12pt\">Warto wspomnie\u0107, \u017ce andrzejki to bardzo wiekowe \u015bwi\u0119to. Pierwsza polska wzmianka o wieczorze wr\u00f3\u017cb pochodzi z 1557 roku. Niekt\u00f3rzy badacze twierdz\u0105 nawet, \u017ce ma ono korzenie w staro\u017cytnej Grecji!<\/span><\/p>\n<p><span style=\"font-family: verdana, geneva, sans-serif;font-size: 12pt\">W dawnej Polsce andrzejki by\u0142y jedn\u0105 z wa\u017cniejszych dat w kalendarzu. By\u0142o to \u015bwi\u0119to zarezerwowane wy\u0142\u0105cznie dla panien na wydaniu, kt\u00f3rym wr\u00f3\u017cono, kogo i kiedy po\u015blubi\u0105. Wr\u00f3\u017cby odprawiane w ten wyj\u0105tkowy wiecz\u00f3r traktowano z wielk\u0105 powag\u0105. Wok\u00f3\u0142 dom\u00f3w by\u0142y palone ogniska, kt\u00f3re mia\u0142y odp\u0119dza\u0107 z\u0142e duchy, a m\u0142ode dziewczyny pod poduszk\u0105 umieszcza\u0142y m\u0119skie spodnie, aby wy\u015bni\u0107 przysz\u0142ego m\u0119\u017ca lub nie jad\u0142y przez ca\u0142y dzie\u0144 i modli\u0142y si\u0119 do \u015bw. Andrzeja, aby we \u015bnie m\u00f3g\u0142 im si\u0119 ukaza\u0107 przysz\u0142y partner.<\/span><\/p>\n<p><span style=\"font-family: verdana, geneva, sans-serif;font-size: 12pt\">Obecnie, od wielu&nbsp; ju\u017c lat, andrzejki s\u0105 \u015bwietn\u0105 zabaw\u0105 dla wszystkich, bez wzgl\u0119du na p\u0142e\u0107, czy wiek. Dzi\u015b wr\u00f3\u017c\u0105 sobie zar\u00f3wno ch\u0142opcy, jak i dziewczyny, niezale\u017cnie od tego, czy szukaj\u0105 partnera \u017cyciowego, czy ju\u017c go\/j\u0105 znale\u017ali. Andrzejkowe wr\u00f3\u017cby i zabawy trafiaj\u0105 nawet do szk\u00f3\u0142 i przedszkoli. Co wi\u0119cej, wr\u00f3\u017cymy sobie nie tylko o m\u0119\u017cu czy \u017conie, ale o ca\u0142ej naszej przysz\u0142o\u015bci, pracy, zdrowiu czy przysz\u0142ym stanie posiadania (najlepiej wielkich pieni\u0119dzy ?).<\/span><\/p>\n<p><span style=\"font-family: verdana, geneva, sans-serif;font-size: 12pt\">Na koniec kilka andrzejkowych zabaw, kt\u00f3re w listopadowy wiecz\u00f3r mo\u017cemy zorganizowa\u0107 sami w domowych warunkach:&nbsp;<\/span><\/p>\n<ul>\n<li><span style=\"font-family: verdana, geneva, sans-serif;font-size: 12pt\">Lanie wosku \u2014 g\u0142\u00f3wna atrakcja imprezy: rozgrzany, p\u0142ynny wosk lejemy do miski z zimn\u0105 wod\u0105, a nast\u0119pnie staramy si\u0119 je zinterpretowa\u0107 powsta\u0142y kszta\u0142t. Cz\u0119sto pomocny jest cie\u0144 tego woskowego tworu \u2013 rzucony na \u015bcian\u0119 jest bardziej czytelny i pobudza wyobra\u017ani\u0119. Wa\u017cne: wosk tradycyjnie lejemy przez dziurk\u0119 od klucza!<\/span><\/li>\n<li><span style=\"font-family: verdana, geneva, sans-serif;font-size: 12pt\">Wy\u015bcig but\u00f3w: ustawiamy buty jak popadnie przy \u015bcianie przeciwleg\u0142ej do drzwi. Potem po kolei bierzemy te buty i ustawiamy jeden przed drugim a\u017c do momentu, gdy jeden z nich przekroczy pr\u00f3g. Jego w\u0142a\u015bciciel wedle tej wr\u00f3\u017cby jako pierwszy si\u0119 o\u017ceni lub wyjdzie za m\u0105\u017c.<\/span><\/li>\n<li><span style=\"font-family: verdana, geneva, sans-serif;font-size: 12pt\">Wr\u00f3\u017cenie z obranej sk\u00f3rki jab\u0142ka: ka\u017cdy z uczestnik\u00f3w obiera jab\u0142ko. Ten, kt\u00f3rego obierek jest najd\u0142u\u017cszy, b\u0119dzie&nbsp; mia\u0142 szcz\u0119\u015bcie przez ca\u0142y najbli\u017cszy rok (inna wersja g\u0142osi, \u017ce b\u0119dzie najtrwalszy)! Nast\u0119pnie uczestnicy rzucaj\u0105 sk\u00f3rki za siebie i pr\u00f3buj\u0105 rozszyfrowa\u0107, jak\u0105 przysz\u0142o\u015b\u0107 przepowiada im kszta\u0142t le\u017c\u0105cego obierka.<\/span><\/li>\n<\/ul>\n<div id='gallery-1' class='gallery galleryid-23051 gallery-columns-5 gallery-size-thumbnail'><figure class='gallery-item'>\n\t\t\t<div class='gallery-icon landscape'>\n\t\t\t\t<a href='https:\/\/pb.edu.pl\/sjo\/wp-content\/uploads\/sites\/9\/2023\/11\/GifyAgusi.pl-_img_2020_11_26_obrazek-gif_andrzejki_Buty-ulozone-w-rzedzie-na-andrzejki.jpg'><img loading=\"lazy\" decoding=\"async\" width=\"300\" height=\"200\" src=\"https:\/\/pb.edu.pl\/sjo\/wp-content\/uploads\/sites\/9\/2023\/11\/GifyAgusi.pl-_img_2020_11_26_obrazek-gif_andrzejki_Buty-ulozone-w-rzedzie-na-andrzejki-300x200.jpg\" class=\"attachment-thumbnail size-thumbnail\" alt=\"\" srcset=\"https:\/\/pb.edu.pl\/sjo\/wp-content\/uploads\/sites\/9\/2023\/11\/GifyAgusi.pl-_img_2020_11_26_obrazek-gif_andrzejki_Buty-ulozone-w-rzedzie-na-andrzejki-300x200.jpg 300w, https:\/\/pb.edu.pl\/sjo\/wp-content\/uploads\/sites\/9\/2023\/11\/GifyAgusi.pl-_img_2020_11_26_obrazek-gif_andrzejki_Buty-ulozone-w-rzedzie-na-andrzejki-480x320.jpg 480w\" sizes=\"auto, (max-width: 300px) 100vw, 300px\" \/><\/a>\n\t\t\t<\/div><\/figure><figure class='gallery-item'>\n\t\t\t<div class='gallery-icon landscape'>\n\t\t\t\t<a href='https:\/\/pb.edu.pl\/sjo\/wp-content\/uploads\/sites\/9\/2023\/11\/GifyAgusi.pl-_img_2018_11_12_obrazek-gif_andrzejki_andrzejki.gif'><img loading=\"lazy\" decoding=\"async\" width=\"300\" height=\"200\" src=\"https:\/\/pb.edu.pl\/sjo\/wp-content\/uploads\/sites\/9\/2023\/11\/GifyAgusi.pl-_img_2018_11_12_obrazek-gif_andrzejki_andrzejki-300x200.gif\" class=\"attachment-thumbnail size-thumbnail\" alt=\"\" srcset=\"https:\/\/pb.edu.pl\/sjo\/wp-content\/uploads\/sites\/9\/2023\/11\/GifyAgusi.pl-_img_2018_11_12_obrazek-gif_andrzejki_andrzejki-300x200.gif 300w, https:\/\/pb.edu.pl\/sjo\/wp-content\/uploads\/sites\/9\/2023\/11\/GifyAgusi.pl-_img_2018_11_12_obrazek-gif_andrzejki_andrzejki-480x320.gif 480w\" sizes=\"auto, (max-width: 300px) 100vw, 300px\" \/><\/a>\n\t\t\t<\/div><\/figure><figure class='gallery-item'>\n\t\t\t<div class='gallery-icon landscape'>\n\t\t\t\t<a href='https:\/\/pb.edu.pl\/sjo\/wp-content\/uploads\/sites\/9\/2023\/11\/GifyAgusi.pl-_img_2018_11_13_obrazek-gif_andrzejki_andrzejki-nadzieja.gif'><img loading=\"lazy\" decoding=\"async\" width=\"300\" height=\"200\" src=\"https:\/\/pb.edu.pl\/sjo\/wp-content\/uploads\/sites\/9\/2023\/11\/GifyAgusi.pl-_img_2018_11_13_obrazek-gif_andrzejki_andrzejki-nadzieja-300x200.gif\" class=\"attachment-thumbnail size-thumbnail\" alt=\"\" srcset=\"https:\/\/pb.edu.pl\/sjo\/wp-content\/uploads\/sites\/9\/2023\/11\/GifyAgusi.pl-_img_2018_11_13_obrazek-gif_andrzejki_andrzejki-nadzieja-300x200.gif 300w, https:\/\/pb.edu.pl\/sjo\/wp-content\/uploads\/sites\/9\/2023\/11\/GifyAgusi.pl-_img_2018_11_13_obrazek-gif_andrzejki_andrzejki-nadzieja-480x320.gif 480w\" sizes=\"auto, (max-width: 300px) 100vw, 300px\" \/><\/a>\n\t\t\t<\/div><\/figure><figure class='gallery-item'>\n\t\t\t<div class='gallery-icon landscape'>\n\t\t\t\t<a href='https:\/\/pb.edu.pl\/sjo\/wp-content\/uploads\/sites\/9\/2023\/11\/GifyAgusi.pl-_img_2018_11_12_obrazek-gif_andrzejki_andrzejkowe-wrozby.gif'><img loading=\"lazy\" decoding=\"async\" width=\"300\" height=\"200\" src=\"https:\/\/pb.edu.pl\/sjo\/wp-content\/uploads\/sites\/9\/2023\/11\/GifyAgusi.pl-_img_2018_11_12_obrazek-gif_andrzejki_andrzejkowe-wrozby-300x200.gif\" class=\"attachment-thumbnail size-thumbnail\" alt=\"\" srcset=\"https:\/\/pb.edu.pl\/sjo\/wp-content\/uploads\/sites\/9\/2023\/11\/GifyAgusi.pl-_img_2018_11_12_obrazek-gif_andrzejki_andrzejkowe-wrozby-300x200.gif 300w, https:\/\/pb.edu.pl\/sjo\/wp-content\/uploads\/sites\/9\/2023\/11\/GifyAgusi.pl-_img_2018_11_12_obrazek-gif_andrzejki_andrzejkowe-wrozby-480x320.gif 480w\" sizes=\"auto, (max-width: 300px) 100vw, 300px\" \/><\/a>\n\t\t\t<\/div><\/figure><figure class='gallery-item'>\n\t\t\t<div class='gallery-icon landscape'>\n\t\t\t\t<a href='https:\/\/pb.edu.pl\/sjo\/wp-content\/uploads\/sites\/9\/2023\/11\/GifyAgusi.pl-_img_2018_11_16_obrazek-gif_andrzejki_wrozby-w-andrzejki.gif'><img loading=\"lazy\" decoding=\"async\" width=\"300\" height=\"200\" src=\"https:\/\/pb.edu.pl\/sjo\/wp-content\/uploads\/sites\/9\/2023\/11\/GifyAgusi.pl-_img_2018_11_16_obrazek-gif_andrzejki_wrozby-w-andrzejki-300x200.gif\" class=\"attachment-thumbnail size-thumbnail\" alt=\"\" srcset=\"https:\/\/pb.edu.pl\/sjo\/wp-content\/uploads\/sites\/9\/2023\/11\/GifyAgusi.pl-_img_2018_11_16_obrazek-gif_andrzejki_wrozby-w-andrzejki-300x200.gif 300w, https:\/\/pb.edu.pl\/sjo\/wp-content\/uploads\/sites\/9\/2023\/11\/GifyAgusi.pl-_img_2018_11_16_obrazek-gif_andrzejki_wrozby-w-andrzejki-480x320.gif 480w\" sizes=\"auto, (max-width: 300px) 100vw, 300px\" \/><\/a>\n\t\t\t<\/div><\/figure>\n\t\t<\/div>\n\n<p><span style=\"font-size: 8pt\"><em><span style=\"font-family: helvetica, arial, sans-serif\">grafiki pochodz\u0105 ze strony: https:\/\/gifyagusi.pl\/obrazek\/andrzejki\/wrozby-w-an<\/span><\/em><span style=\"font-family: helvetica, arial, sans-serif\"><em>drzejki\/<\/em> <\/span><\/span><\/p>\n<div id='gallery-2' class='gallery galleryid-23051 gallery-columns-5 gallery-size-thumbnail'><figure class='gallery-item'>\n\t\t\t<div class='gallery-icon landscape'>\n\t\t\t\t<img loading=\"lazy\" decoding=\"async\" width=\"300\" height=\"200\" src=\"https:\/\/pb.edu.pl\/sjo\/wp-content\/uploads\/sites\/9\/2023\/11\/5-300x200.jpg\" class=\"attachment-thumbnail size-thumbnail\" alt=\"\" srcset=\"https:\/\/pb.edu.pl\/sjo\/wp-content\/uploads\/sites\/9\/2023\/11\/5-300x200.jpg 300w, https:\/\/pb.edu.pl\/sjo\/wp-content\/uploads\/sites\/9\/2023\/11\/5-480x320.jpg 480w\" sizes=\"auto, (max-width: 300px) 100vw, 300px\" \/>\n\t\t\t<\/div><\/figure><figure class='gallery-item'>\n\t\t\t<div class='gallery-icon landscape'>\n\t\t\t\t<img loading=\"lazy\" decoding=\"async\" width=\"300\" height=\"200\" src=\"https:\/\/pb.edu.pl\/sjo\/wp-content\/uploads\/sites\/9\/2023\/11\/12-1-300x200.jpg\" class=\"attachment-thumbnail size-thumbnail\" alt=\"\" srcset=\"https:\/\/pb.edu.pl\/sjo\/wp-content\/uploads\/sites\/9\/2023\/11\/12-1-300x200.jpg 300w, https:\/\/pb.edu.pl\/sjo\/wp-content\/uploads\/sites\/9\/2023\/11\/12-1-480x320.jpg 480w\" sizes=\"auto, (max-width: 300px) 100vw, 300px\" \/>\n\t\t\t<\/div><\/figure><figure class='gallery-item'>\n\t\t\t<div class='gallery-icon landscape'>\n\t\t\t\t<img loading=\"lazy\" decoding=\"async\" width=\"300\" height=\"200\" src=\"https:\/\/pb.edu.pl\/sjo\/wp-content\/uploads\/sites\/9\/2023\/11\/6-300x200.jpg\" class=\"attachment-thumbnail size-thumbnail\" alt=\"\" srcset=\"https:\/\/pb.edu.pl\/sjo\/wp-content\/uploads\/sites\/9\/2023\/11\/6-300x200.jpg 300w, https:\/\/pb.edu.pl\/sjo\/wp-content\/uploads\/sites\/9\/2023\/11\/6-480x320.jpg 480w\" sizes=\"auto, (max-width: 300px) 100vw, 300px\" \/>\n\t\t\t<\/div><\/figure><figure class='gallery-item'>\n\t\t\t<div class='gallery-icon landscape'>\n\t\t\t\t<img loading=\"lazy\" decoding=\"async\" width=\"300\" height=\"200\" src=\"https:\/\/pb.edu.pl\/sjo\/wp-content\/uploads\/sites\/9\/2023\/11\/7-300x200.jpg\" class=\"attachment-thumbnail size-thumbnail\" alt=\"\" srcset=\"https:\/\/pb.edu.pl\/sjo\/wp-content\/uploads\/sites\/9\/2023\/11\/7-300x200.jpg 300w, https:\/\/pb.edu.pl\/sjo\/wp-content\/uploads\/sites\/9\/2023\/11\/7-480x320.jpg 480w\" sizes=\"auto, (max-width: 300px) 100vw, 300px\" \/>\n\t\t\t<\/div><\/figure><figure class='gallery-item'>\n\t\t\t<div class='gallery-icon landscape'>\n\t\t\t\t<img loading=\"lazy\" decoding=\"async\" width=\"300\" height=\"200\" src=\"https:\/\/pb.edu.pl\/sjo\/wp-content\/uploads\/sites\/9\/2023\/11\/9-300x200.jpg\" class=\"attachment-thumbnail size-thumbnail\" alt=\"\" srcset=\"https:\/\/pb.edu.pl\/sjo\/wp-content\/uploads\/sites\/9\/2023\/11\/9-300x200.jpg 300w, https:\/\/pb.edu.pl\/sjo\/wp-content\/uploads\/sites\/9\/2023\/11\/9-480x320.jpg 480w\" sizes=\"auto, (max-width: 300px) 100vw, 300px\" \/>\n\t\t\t<\/div><\/figure>\n\t\t<\/div>\n\n<p><span style=\"font-size: 8pt\"><em><span style=\"font-family: helvetica, arial, sans-serif\">obrazy wygenerowane przez AI<\/span><\/em><\/span><\/p>\n","protected":false},"excerpt":{"rendered":"<p>Andrzejki to niezwykle popularne w Polsce \u015bwi\u0119to, kt\u00f3re obchodzimy 29 listopada p\u00f3\u017anym wieczorem, w przeddzie\u0144<\/p>\n","protected":false},"author":77,"featured_media":0,"parent":8281,"menu_order":0,"comment_status":"closed","ping_status":"closed","template":"","meta":{"_acf_changed":false,"ngg_post_thumbnail":0,"footnotes":""},"class_list":["post-23051","page","type-page","status-publish","hentry"],"acf":[],"yoast_head":"<!-- This site is optimized with the Yoast SEO plugin v27.0 - https:\/\/yoast.com\/product\/yoast-seo-wordpress\/ -->\n<title>Andrzejki - Studium J\u0119zyk\u00f3w Obcych<\/title>\n<meta name=\"description\" content=\"Andrzejki to niezwykle popularne w Polsce \u015bwi\u0119to, kt\u00f3re obchodzimy 29 listopada p\u00f3\u017anym wieczorem, w przeddzie\u0144 imienin Andrzeja. Jest to czas wr\u00f3\u017cb,\" \/>\n<meta name=\"robots\" content=\"index, follow, max-snippet:-1, max-image-preview:large, max-video-preview:-1\" \/>\n<link rel=\"canonical\" href=\"https:\/\/pb.edu.pl\/sjo\/polish-lab\/czy-wiecie-ze\/andrzejki\/\" \/>\n<meta property=\"og:locale\" content=\"pl_PL\" \/>\n<meta property=\"og:type\" content=\"article\" \/>\n<meta property=\"og:title\" content=\"Andrzejki - Studium J\u0119zyk\u00f3w Obcych\" \/>\n<meta property=\"og:description\" content=\"Andrzejki to niezwykle popularne w Polsce \u015bwi\u0119to, kt\u00f3re obchodzimy 29 listopada p\u00f3\u017anym wieczorem, w przeddzie\u0144 imienin Andrzeja. Jest to czas wr\u00f3\u017cb,\" \/>\n<meta property=\"og:url\" content=\"https:\/\/pb.edu.pl\/sjo\/polish-lab\/czy-wiecie-ze\/andrzejki\/\" \/>\n<meta property=\"og:site_name\" content=\"Studium J\u0119zyk\u00f3w Obcych\" \/>\n<meta property=\"article:modified_time\" content=\"2023-11-29T12:35:55+00:00\" \/>\n<meta property=\"og:image\" content=\"https:\/\/pb.edu.pl\/sjo\/wp-content\/uploads\/sites\/9\/2023\/11\/GifyAgusi.pl-_img_2020_11_26_obrazek-gif_andrzejki_Buty-ulozone-w-rzedzie-na-andrzejki-300x200.jpg\" \/>\n<meta name=\"twitter:label1\" content=\"Szacowany czas czytania\" \/>\n\t<meta name=\"twitter:data1\" content=\"3 minuty\" \/>\n<script type=\"application\/ld+json\" class=\"yoast-schema-graph\">{\"@context\":\"https:\/\/schema.org\",\"@graph\":[{\"@type\":\"WebPage\",\"@id\":\"https:\/\/pb.edu.pl\/sjo\/polish-lab\/czy-wiecie-ze\/andrzejki\/\",\"url\":\"https:\/\/pb.edu.pl\/sjo\/polish-lab\/czy-wiecie-ze\/andrzejki\/\",\"name\":\"Andrzejki - Studium J\u0119zyk\u00f3w Obcych\",\"isPartOf\":{\"@id\":\"https:\/\/pb.edu.pl\/sjo\/#website\"},\"datePublished\":\"2023-11-28T19:41:01+00:00\",\"dateModified\":\"2023-11-29T12:35:55+00:00\",\"description\":\"Andrzejki to niezwykle popularne w Polsce \u015bwi\u0119to, kt\u00f3re obchodzimy 29 listopada p\u00f3\u017anym wieczorem, w przeddzie\u0144 imienin Andrzeja. Jest to czas wr\u00f3\u017cb,\",\"breadcrumb\":{\"@id\":\"https:\/\/pb.edu.pl\/sjo\/polish-lab\/czy-wiecie-ze\/andrzejki\/#breadcrumb\"},\"inLanguage\":\"pl-PL\",\"potentialAction\":[{\"@type\":\"ReadAction\",\"target\":[\"https:\/\/pb.edu.pl\/sjo\/polish-lab\/czy-wiecie-ze\/andrzejki\/\"]}]},{\"@type\":\"BreadcrumbList\",\"@id\":\"https:\/\/pb.edu.pl\/sjo\/polish-lab\/czy-wiecie-ze\/andrzejki\/#breadcrumb\",\"itemListElement\":[{\"@type\":\"ListItem\",\"position\":1,\"name\":\"Home\",\"item\":\"https:\/\/pb.edu.pl\/sjo\/\"},{\"@type\":\"ListItem\",\"position\":2,\"name\":\"Centrum J\u0119zyka i Kultury Polskiej POLISH LAB\",\"item\":\"https:\/\/pb.edu.pl\/sjo\/polish-lab\/\"},{\"@type\":\"ListItem\",\"position\":3,\"name\":\"O Polsce i Polakach\",\"item\":\"https:\/\/pb.edu.pl\/sjo\/polish-lab\/czy-wiecie-ze\/\"},{\"@type\":\"ListItem\",\"position\":4,\"name\":\"Andrzejki\"}]},{\"@type\":\"WebSite\",\"@id\":\"https:\/\/pb.edu.pl\/sjo\/#website\",\"url\":\"https:\/\/pb.edu.pl\/sjo\/\",\"name\":\"Studium J\u0119zyk\u00f3w Obcych\",\"description\":\"\",\"potentialAction\":[{\"@type\":\"SearchAction\",\"target\":{\"@type\":\"EntryPoint\",\"urlTemplate\":\"https:\/\/pb.edu.pl\/sjo\/?s={search_term_string}\"},\"query-input\":{\"@type\":\"PropertyValueSpecification\",\"valueRequired\":true,\"valueName\":\"search_term_string\"}}],\"inLanguage\":\"pl-PL\"}]}<\/script>\n<!-- \/ Yoast SEO plugin. -->","yoast_head_json":{"title":"Andrzejki - Studium J\u0119zyk\u00f3w Obcych","description":"Andrzejki to niezwykle popularne w Polsce \u015bwi\u0119to, kt\u00f3re obchodzimy 29 listopada p\u00f3\u017anym wieczorem, w przeddzie\u0144 imienin Andrzeja. Jest to czas wr\u00f3\u017cb,","robots":{"index":"index","follow":"follow","max-snippet":"max-snippet:-1","max-image-preview":"max-image-preview:large","max-video-preview":"max-video-preview:-1"},"canonical":"https:\/\/pb.edu.pl\/sjo\/polish-lab\/czy-wiecie-ze\/andrzejki\/","og_locale":"pl_PL","og_type":"article","og_title":"Andrzejki - Studium J\u0119zyk\u00f3w Obcych","og_description":"Andrzejki to niezwykle popularne w Polsce \u015bwi\u0119to, kt\u00f3re obchodzimy 29 listopada p\u00f3\u017anym wieczorem, w przeddzie\u0144 imienin Andrzeja. Jest to czas wr\u00f3\u017cb,","og_url":"https:\/\/pb.edu.pl\/sjo\/polish-lab\/czy-wiecie-ze\/andrzejki\/","og_site_name":"Studium J\u0119zyk\u00f3w Obcych","article_modified_time":"2023-11-29T12:35:55+00:00","og_image":[{"url":"https:\/\/pb.edu.pl\/sjo\/wp-content\/uploads\/sites\/9\/2023\/11\/GifyAgusi.pl-_img_2020_11_26_obrazek-gif_andrzejki_Buty-ulozone-w-rzedzie-na-andrzejki-300x200.jpg","type":"","width":"","height":""}],"twitter_misc":{"Szacowany czas czytania":"3 minuty"},"schema":{"@context":"https:\/\/schema.org","@graph":[{"@type":"WebPage","@id":"https:\/\/pb.edu.pl\/sjo\/polish-lab\/czy-wiecie-ze\/andrzejki\/","url":"https:\/\/pb.edu.pl\/sjo\/polish-lab\/czy-wiecie-ze\/andrzejki\/","name":"Andrzejki - Studium J\u0119zyk\u00f3w Obcych","isPartOf":{"@id":"https:\/\/pb.edu.pl\/sjo\/#website"},"datePublished":"2023-11-28T19:41:01+00:00","dateModified":"2023-11-29T12:35:55+00:00","description":"Andrzejki to niezwykle popularne w Polsce \u015bwi\u0119to, kt\u00f3re obchodzimy 29 listopada p\u00f3\u017anym wieczorem, w przeddzie\u0144 imienin Andrzeja. Jest to czas wr\u00f3\u017cb,","breadcrumb":{"@id":"https:\/\/pb.edu.pl\/sjo\/polish-lab\/czy-wiecie-ze\/andrzejki\/#breadcrumb"},"inLanguage":"pl-PL","potentialAction":[{"@type":"ReadAction","target":["https:\/\/pb.edu.pl\/sjo\/polish-lab\/czy-wiecie-ze\/andrzejki\/"]}]},{"@type":"BreadcrumbList","@id":"https:\/\/pb.edu.pl\/sjo\/polish-lab\/czy-wiecie-ze\/andrzejki\/#breadcrumb","itemListElement":[{"@type":"ListItem","position":1,"name":"Home","item":"https:\/\/pb.edu.pl\/sjo\/"},{"@type":"ListItem","position":2,"name":"Centrum J\u0119zyka i Kultury Polskiej POLISH LAB","item":"https:\/\/pb.edu.pl\/sjo\/polish-lab\/"},{"@type":"ListItem","position":3,"name":"O Polsce i Polakach","item":"https:\/\/pb.edu.pl\/sjo\/polish-lab\/czy-wiecie-ze\/"},{"@type":"ListItem","position":4,"name":"Andrzejki"}]},{"@type":"WebSite","@id":"https:\/\/pb.edu.pl\/sjo\/#website","url":"https:\/\/pb.edu.pl\/sjo\/","name":"Studium J\u0119zyk\u00f3w Obcych","description":"","potentialAction":[{"@type":"SearchAction","target":{"@type":"EntryPoint","urlTemplate":"https:\/\/pb.edu.pl\/sjo\/?s={search_term_string}"},"query-input":{"@type":"PropertyValueSpecification","valueRequired":true,"valueName":"search_term_string"}}],"inLanguage":"pl-PL"}]}},"_links":{"self":[{"href":"https:\/\/pb.edu.pl\/sjo\/wp-json\/wp\/v2\/pages\/23051","targetHints":{"allow":["GET"]}}],"collection":[{"href":"https:\/\/pb.edu.pl\/sjo\/wp-json\/wp\/v2\/pages"}],"about":[{"href":"https:\/\/pb.edu.pl\/sjo\/wp-json\/wp\/v2\/types\/page"}],"author":[{"embeddable":true,"href":"https:\/\/pb.edu.pl\/sjo\/wp-json\/wp\/v2\/users\/77"}],"replies":[{"embeddable":true,"href":"https:\/\/pb.edu.pl\/sjo\/wp-json\/wp\/v2\/comments?post=23051"}],"version-history":[{"count":0,"href":"https:\/\/pb.edu.pl\/sjo\/wp-json\/wp\/v2\/pages\/23051\/revisions"}],"up":[{"embeddable":true,"href":"https:\/\/pb.edu.pl\/sjo\/wp-json\/wp\/v2\/pages\/8281"}],"wp:attachment":[{"href":"https:\/\/pb.edu.pl\/sjo\/wp-json\/wp\/v2\/media?parent=23051"}],"curies":[{"name":"wp","href":"https:\/\/api.w.org\/{rel}","templated":true}]}}