{"id":21696,"date":"2023-09-08T12:56:04","date_gmt":"2023-09-08T10:56:04","guid":{"rendered":"https:\/\/pb.edu.pl\/sjo\/?page_id=21696"},"modified":"2024-08-29T17:00:48","modified_gmt":"2024-08-29T15:00:48","slug":"kopiec-kosciuszki","status":"publish","type":"page","link":"https:\/\/pb.edu.pl\/sjo\/polish-lab\/czy-wiecie-ze\/kopiec-kosciuszki\/","title":{"rendered":"Kopiec Ko\u015bciuszki"},"content":{"rendered":"<p><span style=\"font-family: verdana, geneva, sans-serif;font-size: 12pt\">W roku 2023 obchodzili\u015bmy 200-lecie istnienia <strong>Kopca Ko\u015bciuszki<\/strong> w Krakowie. To wzniesienie, kt\u00f3re rozpozna niemal ka\u017cdy Polak: miejsce pami\u0119ci, pomnik historii, ho\u0142d oddany bohaterowi z przesz\u0142o\u015bci.<\/span><\/p>\n<p><span style=\"font-family: verdana, geneva, sans-serif;font-size: 12pt\">Kopiec zosta\u0142 usypany dla uczczenia pami\u0119ci <strong>Genera\u0142a Tadeusza Ko\u015bciuszki<\/strong>, znakomitego przyw\u00f3dcy walk o zachowanie niepodleg\u0142o\u015bci Polski, tzw. insurekcji z 1794 r. &nbsp;Poprowadzi\u0142 on armi\u0119 do zwyci\u0119stw nad wojskami wroga, chocia\u017c nie zapobieg\u0142o to rozbiorowi Polski, kt\u00f3rego dokonano ostatecznie w 1795 roku.<\/span><\/p>\n<div id='gallery-1' class='gallery galleryid-21696 gallery-columns-3 gallery-size-medium'><figure class='gallery-item'>\n\t\t\t<div class='gallery-icon landscape'>\n\t\t\t\t<a href='https:\/\/pb.edu.pl\/sjo\/polish-lab\/czy-wiecie-ze\/kopiec-kosciuszki\/depositphotos_380814894_ds-m-2\/'><img loading=\"lazy\" decoding=\"async\" width=\"300\" height=\"225\" src=\"https:\/\/pb.edu.pl\/sjo\/wp-content\/uploads\/sites\/9\/2024\/08\/Depositphotos_380814894_DS-m-1-300x225.jpg\" class=\"attachment-medium size-medium\" alt=\"\" srcset=\"https:\/\/pb.edu.pl\/sjo\/wp-content\/uploads\/sites\/9\/2024\/08\/Depositphotos_380814894_DS-m-1-300x225.jpg 300w, https:\/\/pb.edu.pl\/sjo\/wp-content\/uploads\/sites\/9\/2024\/08\/Depositphotos_380814894_DS-m-1-1024x768.jpg 1024w, https:\/\/pb.edu.pl\/sjo\/wp-content\/uploads\/sites\/9\/2024\/08\/Depositphotos_380814894_DS-m-1-768x576.jpg 768w, https:\/\/pb.edu.pl\/sjo\/wp-content\/uploads\/sites\/9\/2024\/08\/Depositphotos_380814894_DS-m-1-1536x1152.jpg 1536w, https:\/\/pb.edu.pl\/sjo\/wp-content\/uploads\/sites\/9\/2024\/08\/Depositphotos_380814894_DS-m-1-2048x1536.jpg 2048w\" sizes=\"auto, (max-width: 300px) 100vw, 300px\" \/><\/a>\n\t\t\t<\/div><\/figure><figure class='gallery-item'>\n\t\t\t<div class='gallery-icon landscape'>\n\t\t\t\t<a href='https:\/\/pb.edu.pl\/sjo\/polish-lab\/czy-wiecie-ze\/kopiec-kosciuszki\/default\/'><img loading=\"lazy\" decoding=\"async\" width=\"300\" height=\"225\" src=\"https:\/\/pb.edu.pl\/sjo\/wp-content\/uploads\/sites\/9\/2024\/08\/kopieckosciuszki.pl3_-300x225.jpg\" class=\"attachment-medium size-medium\" alt=\"\" srcset=\"https:\/\/pb.edu.pl\/sjo\/wp-content\/uploads\/sites\/9\/2024\/08\/kopieckosciuszki.pl3_-300x225.jpg 300w, https:\/\/pb.edu.pl\/sjo\/wp-content\/uploads\/sites\/9\/2024\/08\/kopieckosciuszki.pl3_-1024x768.jpg 1024w, https:\/\/pb.edu.pl\/sjo\/wp-content\/uploads\/sites\/9\/2024\/08\/kopieckosciuszki.pl3_-768x576.jpg 768w, https:\/\/pb.edu.pl\/sjo\/wp-content\/uploads\/sites\/9\/2024\/08\/kopieckosciuszki.pl3_-1536x1152.jpg 1536w, https:\/\/pb.edu.pl\/sjo\/wp-content\/uploads\/sites\/9\/2024\/08\/kopieckosciuszki.pl3_.jpg 1920w\" sizes=\"auto, (max-width: 300px) 100vw, 300px\" \/><\/a>\n\t\t\t<\/div><\/figure><figure class='gallery-item'>\n\t\t\t<div class='gallery-icon landscape'>\n\t\t\t\t<a href='https:\/\/pb.edu.pl\/sjo\/polish-lab\/czy-wiecie-ze\/kopiec-kosciuszki\/kopiec8-m\/'><img loading=\"lazy\" decoding=\"async\" width=\"300\" height=\"225\" src=\"https:\/\/pb.edu.pl\/sjo\/wp-content\/uploads\/sites\/9\/2024\/08\/kopiec8-m-300x225.jpg\" class=\"attachment-medium size-medium\" alt=\"\" srcset=\"https:\/\/pb.edu.pl\/sjo\/wp-content\/uploads\/sites\/9\/2024\/08\/kopiec8-m-300x225.jpg 300w, https:\/\/pb.edu.pl\/sjo\/wp-content\/uploads\/sites\/9\/2024\/08\/kopiec8-m.jpg 400w\" sizes=\"auto, (max-width: 300px) 100vw, 300px\" \/><\/a>\n\t\t\t<\/div><\/figure>\n\t\t<\/div>\n\n<p><span style=\"font-family: verdana, geneva, sans-serif;font-size: 12pt\">Tadeusz Ko\u015bciuszko zmar\u0142 w roku 1817, a jego prochy spocz\u0119\u0142y na krakowskim Wawelu w kryptach kr\u00f3lewskich. Nar\u00f3d chcia\u0142 odda\u0107 mu cze\u015b\u0107 w wyj\u0105tkowy spos\u00f3b i wkr\u00f3tce pojawi\u0142 si\u0119 pomys\u0142 usypania okaza\u0142ego pami\u0105tkowego kopca.<\/span><\/p>\n<p><span style=\"font-family: verdana, geneva, sans-serif;font-size: 12pt\">Intensywne prace budowlane trwa\u0142y 3 lata (1820-1823), bra\u0142o w nich udzia\u0142 ofiarnie i solidarnie ca\u0142e spo\u0142ecze\u0144stwo: nastolatki i weterani powsta\u0144, kobiety i m\u0119\u017cczy\u017ani, a nawet tury\u015bci obcokrajowcy, w znakomitej wi\u0119kszo\u015bci w czynie spo\u0142ecznym. Ziemi\u0119 do budowy Kopca przywieziono z p\u00f3l bitew powstania ko\u015bciuszkowskiego: z Maciejowic, Dubienki oraz Rac\u0142awic*. W latach p\u00f3\u017aniejszych dosypano ziemi\u0119 przywiezion\u0105 ze Stan\u00f3w Zjednoczonych z p\u00f3l bitewnych walk o wolno\u015b\u0107 Ameryki, kt\u00f3rym Ko\u015bciuszko przewodzi\u0142.<\/span><\/p>\n<p><span style=\"font-family: verdana, geneva, sans-serif;font-size: 12pt\">Usypano kopiec wysoki na 34 m, o \u015brednicy 80 m u podstaw, a 8,5 m na wierzcho\u0142ku.<\/span><\/p>\n<div id='gallery-2' class='gallery galleryid-21696 gallery-columns-3 gallery-size-medium'><figure class='gallery-item'>\n\t\t\t<div class='gallery-icon landscape'>\n\t\t\t\t<a href='https:\/\/pb.edu.pl\/sjo\/polish-lab\/czy-wiecie-ze\/kopiec-kosciuszki\/rising_of_the_kosciuszko_mound_jan-nepomucen-bizanski-public-domain-via-wikimedia-commons\/'><img loading=\"lazy\" decoding=\"async\" width=\"300\" height=\"218\" src=\"https:\/\/pb.edu.pl\/sjo\/wp-content\/uploads\/sites\/9\/2024\/08\/Rising_of_the_Kosciuszko_Mound_Jan-Nepomucen-Bizanski-Public-domain-via-Wikimedia-Commons-300x218.jpg\" class=\"attachment-medium size-medium\" alt=\"\" aria-describedby=\"gallery-2-26649\" srcset=\"https:\/\/pb.edu.pl\/sjo\/wp-content\/uploads\/sites\/9\/2024\/08\/Rising_of_the_Kosciuszko_Mound_Jan-Nepomucen-Bizanski-Public-domain-via-Wikimedia-Commons-300x218.jpg 300w, https:\/\/pb.edu.pl\/sjo\/wp-content\/uploads\/sites\/9\/2024\/08\/Rising_of_the_Kosciuszko_Mound_Jan-Nepomucen-Bizanski-Public-domain-via-Wikimedia-Commons-1024x746.jpg 1024w, https:\/\/pb.edu.pl\/sjo\/wp-content\/uploads\/sites\/9\/2024\/08\/Rising_of_the_Kosciuszko_Mound_Jan-Nepomucen-Bizanski-Public-domain-via-Wikimedia-Commons-768x559.jpg 768w, https:\/\/pb.edu.pl\/sjo\/wp-content\/uploads\/sites\/9\/2024\/08\/Rising_of_the_Kosciuszko_Mound_Jan-Nepomucen-Bizanski-Public-domain-via-Wikimedia-Commons-1536x1118.jpg 1536w, https:\/\/pb.edu.pl\/sjo\/wp-content\/uploads\/sites\/9\/2024\/08\/Rising_of_the_Kosciuszko_Mound_Jan-Nepomucen-Bizanski-Public-domain-via-Wikimedia-Commons.jpg 2048w\" sizes=\"auto, (max-width: 300px) 100vw, 300px\" \/><\/a>\n\t\t\t<\/div>\n\t\t\t\t<figcaption class='wp-caption-text gallery-caption' id='gallery-2-26649'>\n\t\t\t\tMuzeum Narodowe w Krakowie; www.zbiory.mnk.pl ;MNK II-a-70;;fot. Pracownia Fotograficzna MNK\n\t\t\t\t<\/figcaption><\/figure><figure class='gallery-item'>\n\t\t\t<div class='gallery-icon landscape'>\n\t\t\t\t<a href='https:\/\/pb.edu.pl\/sjo\/polish-lab\/czy-wiecie-ze\/kopiec-kosciuszki\/depositphotos_331022486_ds-m\/'><img loading=\"lazy\" decoding=\"async\" width=\"300\" height=\"204\" src=\"https:\/\/pb.edu.pl\/sjo\/wp-content\/uploads\/sites\/9\/2024\/08\/Depositphotos_331022486_DS-m-300x204.jpg\" class=\"attachment-medium size-medium\" alt=\"\" srcset=\"https:\/\/pb.edu.pl\/sjo\/wp-content\/uploads\/sites\/9\/2024\/08\/Depositphotos_331022486_DS-m-300x204.jpg 300w, https:\/\/pb.edu.pl\/sjo\/wp-content\/uploads\/sites\/9\/2024\/08\/Depositphotos_331022486_DS-m-1024x696.jpg 1024w, https:\/\/pb.edu.pl\/sjo\/wp-content\/uploads\/sites\/9\/2024\/08\/Depositphotos_331022486_DS-m-768x522.jpg 768w, https:\/\/pb.edu.pl\/sjo\/wp-content\/uploads\/sites\/9\/2024\/08\/Depositphotos_331022486_DS-m-1536x1043.jpg 1536w, https:\/\/pb.edu.pl\/sjo\/wp-content\/uploads\/sites\/9\/2024\/08\/Depositphotos_331022486_DS-m-2048x1391.jpg 2048w\" sizes=\"auto, (max-width: 300px) 100vw, 300px\" \/><\/a>\n\t\t\t<\/div><\/figure><figure class='gallery-item'>\n\t\t\t<div class='gallery-icon landscape'>\n\t\t\t\t<a href='https:\/\/pb.edu.pl\/sjo\/polish-lab\/czy-wiecie-ze\/kopiec-kosciuszki\/kopiec-kosciuszki-moje\/'><img loading=\"lazy\" decoding=\"async\" width=\"300\" height=\"202\" src=\"https:\/\/pb.edu.pl\/sjo\/wp-content\/uploads\/sites\/9\/2024\/08\/Kopiec-Kosciuszki-moje-e1724943630848-300x202.jpg\" class=\"attachment-medium size-medium\" alt=\"\" aria-describedby=\"gallery-2-26661\" srcset=\"https:\/\/pb.edu.pl\/sjo\/wp-content\/uploads\/sites\/9\/2024\/08\/Kopiec-Kosciuszki-moje-e1724943630848-300x202.jpg 300w, https:\/\/pb.edu.pl\/sjo\/wp-content\/uploads\/sites\/9\/2024\/08\/Kopiec-Kosciuszki-moje-e1724943630848-1024x689.jpg 1024w, https:\/\/pb.edu.pl\/sjo\/wp-content\/uploads\/sites\/9\/2024\/08\/Kopiec-Kosciuszki-moje-e1724943630848-768x517.jpg 768w, https:\/\/pb.edu.pl\/sjo\/wp-content\/uploads\/sites\/9\/2024\/08\/Kopiec-Kosciuszki-moje-e1724943630848-1536x1034.jpg 1536w, https:\/\/pb.edu.pl\/sjo\/wp-content\/uploads\/sites\/9\/2024\/08\/Kopiec-Kosciuszki-moje-e1724943630848-2048x1378.jpg 2048w\" sizes=\"auto, (max-width: 300px) 100vw, 300px\" \/><\/a>\n\t\t\t<\/div>\n\t\t\t\t<figcaption class='wp-caption-text gallery-caption' id='gallery-2-26661'>\n\t\t\t\tzdj\u0119cie: AJD\n\t\t\t\t<\/figcaption><\/figure>\n\t\t<\/div>\n\n<p><span style=\"font-family: verdana, geneva, sans-serif;font-size: 12pt\">Po uko\u0144czeniu prac planowano utworzy\u0107 wok\u00f3\u0142 Kopca osad\u0119 dla rodzin ch\u0142opskich, kt\u00f3re bra\u0142y udzia\u0142 w insurekcji ko\u015bciuszkowskiej. Niestety, ten plan nie zosta\u0142 zrealizowany. W tym czasie Krak\u00f3w by\u0142 pod zaborem austriackim i wkr\u00f3tce okaza\u0142o si\u0119, \u017ce w\u0142adze austriackie mia\u0142y inn\u0105 wizj\u0119: powsta\u0142 plan ufortyfikowania miasta, wg kt\u00f3rego Kopiec Ko\u015bciuszki zosta\u0142 otoczony fortem cytadelowym. &nbsp;Stacjonowa\u0142o tu jednocze\u015bnie ponad 700 \u017co\u0142nierzy.<\/span><\/p>\n<p><span style=\"font-family: verdana, geneva, sans-serif;font-size: 12pt\">Dzisiejsze pi\u0119knie zrekonstruowane fortyfikacje wok\u00f3\u0142 Kopca pierwotnie powsta\u0142y w latach 1850-56. Mimo planu rozbi\u00f3rki ruin,&nbsp; jakimi sta\u0142y si\u0119 te zabudowania po drugiej wojnie \u015bwiatowej, ostatecznie zacz\u0119to je odbudowywa\u0107. W 1977 roku otworzono w nich hotel, a od roku 1991 budynki fortu s\u0105 siedzib\u0105 radia RMF FM.<\/span><\/p>\n<p><span style=\"font-family: verdana, geneva, sans-serif;font-size: 12pt\"><strong>Kopiec Ko\u015bciuszki<\/strong> jest udost\u0119pniony na spacery, na szczyt prowadzi wybrukowana, szeroka i bezpieczna \u015bcie\u017cka. Z g\u00f3ry mo\u017cna obejrze\u0107 pi\u0119kn\u0105 panoram\u0119 Krakowa, do czego wszystkich serdecznie zach\u0119cam.<\/span><\/p>\n<p><span style=\"font-family: verdana, geneva, sans-serif;font-size: 12pt\">* o tej bitwie przeczytacie we wpisie na temat niezwyk\u0142ego obrazu pt. \u2018Panorama Rac\u0142awicka\u2019 Jana Styki i Wojciecha Kossaka<\/span><\/p>\n<div id='gallery-3' class='gallery galleryid-21696 gallery-columns-3 gallery-size-medium'><figure class='gallery-item'>\n\t\t\t<div class='gallery-icon landscape'>\n\t\t\t\t<a href='https:\/\/pb.edu.pl\/sjo\/polish-lab\/czy-wiecie-ze\/kopiec-kosciuszki\/kopieckosc1\/'><img loading=\"lazy\" decoding=\"async\" width=\"300\" height=\"225\" src=\"https:\/\/pb.edu.pl\/sjo\/wp-content\/uploads\/sites\/9\/2024\/08\/kopieckosc1-300x225.jpg\" class=\"attachment-medium size-medium\" alt=\"\" srcset=\"https:\/\/pb.edu.pl\/sjo\/wp-content\/uploads\/sites\/9\/2024\/08\/kopieckosc1-300x225.jpg 300w, https:\/\/pb.edu.pl\/sjo\/wp-content\/uploads\/sites\/9\/2024\/08\/kopieckosc1-1024x767.jpg 1024w, https:\/\/pb.edu.pl\/sjo\/wp-content\/uploads\/sites\/9\/2024\/08\/kopieckosc1-768x575.jpg 768w, https:\/\/pb.edu.pl\/sjo\/wp-content\/uploads\/sites\/9\/2024\/08\/kopieckosc1.jpg 1200w\" sizes=\"auto, (max-width: 300px) 100vw, 300px\" \/><\/a>\n\t\t\t<\/div><\/figure><figure class='gallery-item'>\n\t\t\t<div class='gallery-icon landscape'>\n\t\t\t\t<a href='https:\/\/pb.edu.pl\/sjo\/polish-lab\/czy-wiecie-ze\/kopiec-kosciuszki\/kopiec3\/'><img loading=\"lazy\" decoding=\"async\" width=\"300\" height=\"200\" src=\"https:\/\/pb.edu.pl\/sjo\/wp-content\/uploads\/sites\/9\/2024\/08\/kopiec3-300x200.jpg\" class=\"attachment-medium size-medium\" alt=\"\" srcset=\"https:\/\/pb.edu.pl\/sjo\/wp-content\/uploads\/sites\/9\/2024\/08\/kopiec3-300x200.jpg 300w, https:\/\/pb.edu.pl\/sjo\/wp-content\/uploads\/sites\/9\/2024\/08\/kopiec3-1024x682.jpg 1024w, https:\/\/pb.edu.pl\/sjo\/wp-content\/uploads\/sites\/9\/2024\/08\/kopiec3-768x511.jpg 768w, https:\/\/pb.edu.pl\/sjo\/wp-content\/uploads\/sites\/9\/2024\/08\/kopiec3-480x320.jpg 480w, https:\/\/pb.edu.pl\/sjo\/wp-content\/uploads\/sites\/9\/2024\/08\/kopiec3.jpg 1280w\" sizes=\"auto, (max-width: 300px) 100vw, 300px\" \/><\/a>\n\t\t\t<\/div><\/figure><figure class='gallery-item'>\n\t\t\t<div class='gallery-icon landscape'>\n\t\t\t\t<a href='https:\/\/pb.edu.pl\/sjo\/polish-lab\/czy-wiecie-ze\/kopiec-kosciuszki\/kopieckosc4\/'><img loading=\"lazy\" decoding=\"async\" width=\"300\" height=\"225\" src=\"https:\/\/pb.edu.pl\/sjo\/wp-content\/uploads\/sites\/9\/2024\/08\/kopieckosc4-300x225.jpg\" class=\"attachment-medium size-medium\" alt=\"\" srcset=\"https:\/\/pb.edu.pl\/sjo\/wp-content\/uploads\/sites\/9\/2024\/08\/kopieckosc4-300x225.jpg 300w, https:\/\/pb.edu.pl\/sjo\/wp-content\/uploads\/sites\/9\/2024\/08\/kopieckosc4-1024x767.jpg 1024w, https:\/\/pb.edu.pl\/sjo\/wp-content\/uploads\/sites\/9\/2024\/08\/kopieckosc4-768x575.jpg 768w, https:\/\/pb.edu.pl\/sjo\/wp-content\/uploads\/sites\/9\/2024\/08\/kopieckosc4.jpg 1200w\" sizes=\"auto, (max-width: 300px) 100vw, 300px\" \/><\/a>\n\t\t\t<\/div><\/figure>\n\t\t<\/div>\n\n<p>Zdj\u0119cia niepodpisane pochodz\u0105 z portalu <a href=\"https:\/\/kopieckosciuszki.pl\/kopiec-kosciuszki-z-lotu-ptaka\/\">Kopiec Ko\u015bciuszki<\/a>&nbsp; oraz ze zbior\u00f3w Depositphotos<\/p>\n<p>&nbsp;<\/p>\n<p>&nbsp;<\/p>\n","protected":false},"excerpt":{"rendered":"<p>W roku 2023 obchodzili\u015bmy 200-lecie istnienia Kopca Ko\u015bciuszki w Krakowie. To wzniesienie, kt\u00f3re rozpozna niemal<\/p>\n","protected":false},"author":6,"featured_media":0,"parent":8281,"menu_order":0,"comment_status":"closed","ping_status":"closed","template":"","meta":{"_acf_changed":false,"ngg_post_thumbnail":0,"footnotes":""},"class_list":["post-21696","page","type-page","status-publish","hentry"],"acf":[],"yoast_head":"<!-- This site is optimized with the Yoast SEO plugin v27.0 - https:\/\/yoast.com\/product\/yoast-seo-wordpress\/ -->\n<title>Kopiec Ko\u015bciuszki - Studium J\u0119zyk\u00f3w Obcych<\/title>\n<meta name=\"description\" content=\"W roku 2023 obchodzili\u015bmy 200-lecie istnienia Kopca Ko\u015bciuszki w Krakowie. To wzniesienie, kt\u00f3re rozpozna niemal ka\u017cdy Polak: miejsce pami\u0119ci, pomnik\" \/>\n<meta name=\"robots\" content=\"index, follow, max-snippet:-1, max-image-preview:large, max-video-preview:-1\" \/>\n<link rel=\"canonical\" href=\"https:\/\/pb.edu.pl\/sjo\/polish-lab\/czy-wiecie-ze\/kopiec-kosciuszki\/\" \/>\n<meta property=\"og:locale\" content=\"pl_PL\" \/>\n<meta property=\"og:type\" content=\"article\" \/>\n<meta property=\"og:title\" content=\"Kopiec Ko\u015bciuszki - Studium J\u0119zyk\u00f3w Obcych\" \/>\n<meta property=\"og:description\" content=\"W roku 2023 obchodzili\u015bmy 200-lecie istnienia Kopca Ko\u015bciuszki w Krakowie. To wzniesienie, kt\u00f3re rozpozna niemal ka\u017cdy Polak: miejsce pami\u0119ci, pomnik\" \/>\n<meta property=\"og:url\" content=\"https:\/\/pb.edu.pl\/sjo\/polish-lab\/czy-wiecie-ze\/kopiec-kosciuszki\/\" \/>\n<meta property=\"og:site_name\" content=\"Studium J\u0119zyk\u00f3w Obcych\" \/>\n<meta property=\"article:modified_time\" content=\"2024-08-29T15:00:48+00:00\" \/>\n<meta property=\"og:image\" content=\"https:\/\/pb.edu.pl\/sjo\/wp-content\/uploads\/sites\/9\/2024\/08\/Depositphotos_380814894_DS-m-1-300x225.jpg\" \/>\n<meta name=\"twitter:label1\" content=\"Szacowany czas czytania\" \/>\n\t<meta name=\"twitter:data1\" content=\"3 minuty\" \/>\n<script type=\"application\/ld+json\" class=\"yoast-schema-graph\">{\"@context\":\"https:\/\/schema.org\",\"@graph\":[{\"@type\":\"WebPage\",\"@id\":\"https:\/\/pb.edu.pl\/sjo\/polish-lab\/czy-wiecie-ze\/kopiec-kosciuszki\/\",\"url\":\"https:\/\/pb.edu.pl\/sjo\/polish-lab\/czy-wiecie-ze\/kopiec-kosciuszki\/\",\"name\":\"Kopiec Ko\u015bciuszki - Studium J\u0119zyk\u00f3w Obcych\",\"isPartOf\":{\"@id\":\"https:\/\/pb.edu.pl\/sjo\/#website\"},\"datePublished\":\"2023-09-08T10:56:04+00:00\",\"dateModified\":\"2024-08-29T15:00:48+00:00\",\"description\":\"W roku 2023 obchodzili\u015bmy 200-lecie istnienia Kopca Ko\u015bciuszki w Krakowie. To wzniesienie, kt\u00f3re rozpozna niemal ka\u017cdy Polak: miejsce pami\u0119ci, pomnik\",\"breadcrumb\":{\"@id\":\"https:\/\/pb.edu.pl\/sjo\/polish-lab\/czy-wiecie-ze\/kopiec-kosciuszki\/#breadcrumb\"},\"inLanguage\":\"pl-PL\",\"potentialAction\":[{\"@type\":\"ReadAction\",\"target\":[\"https:\/\/pb.edu.pl\/sjo\/polish-lab\/czy-wiecie-ze\/kopiec-kosciuszki\/\"]}]},{\"@type\":\"BreadcrumbList\",\"@id\":\"https:\/\/pb.edu.pl\/sjo\/polish-lab\/czy-wiecie-ze\/kopiec-kosciuszki\/#breadcrumb\",\"itemListElement\":[{\"@type\":\"ListItem\",\"position\":1,\"name\":\"Home\",\"item\":\"https:\/\/pb.edu.pl\/sjo\/\"},{\"@type\":\"ListItem\",\"position\":2,\"name\":\"Centrum J\u0119zyka i Kultury Polskiej POLISH LAB\",\"item\":\"https:\/\/pb.edu.pl\/sjo\/polish-lab\/\"},{\"@type\":\"ListItem\",\"position\":3,\"name\":\"O Polsce i Polakach\",\"item\":\"https:\/\/pb.edu.pl\/sjo\/polish-lab\/czy-wiecie-ze\/\"},{\"@type\":\"ListItem\",\"position\":4,\"name\":\"Kopiec Ko\u015bciuszki\"}]},{\"@type\":\"WebSite\",\"@id\":\"https:\/\/pb.edu.pl\/sjo\/#website\",\"url\":\"https:\/\/pb.edu.pl\/sjo\/\",\"name\":\"Studium J\u0119zyk\u00f3w Obcych\",\"description\":\"\",\"potentialAction\":[{\"@type\":\"SearchAction\",\"target\":{\"@type\":\"EntryPoint\",\"urlTemplate\":\"https:\/\/pb.edu.pl\/sjo\/?s={search_term_string}\"},\"query-input\":{\"@type\":\"PropertyValueSpecification\",\"valueRequired\":true,\"valueName\":\"search_term_string\"}}],\"inLanguage\":\"pl-PL\"}]}<\/script>\n<!-- \/ Yoast SEO plugin. -->","yoast_head_json":{"title":"Kopiec Ko\u015bciuszki - Studium J\u0119zyk\u00f3w Obcych","description":"W roku 2023 obchodzili\u015bmy 200-lecie istnienia Kopca Ko\u015bciuszki w Krakowie. To wzniesienie, kt\u00f3re rozpozna niemal ka\u017cdy Polak: miejsce pami\u0119ci, pomnik","robots":{"index":"index","follow":"follow","max-snippet":"max-snippet:-1","max-image-preview":"max-image-preview:large","max-video-preview":"max-video-preview:-1"},"canonical":"https:\/\/pb.edu.pl\/sjo\/polish-lab\/czy-wiecie-ze\/kopiec-kosciuszki\/","og_locale":"pl_PL","og_type":"article","og_title":"Kopiec Ko\u015bciuszki - Studium J\u0119zyk\u00f3w Obcych","og_description":"W roku 2023 obchodzili\u015bmy 200-lecie istnienia Kopca Ko\u015bciuszki w Krakowie. To wzniesienie, kt\u00f3re rozpozna niemal ka\u017cdy Polak: miejsce pami\u0119ci, pomnik","og_url":"https:\/\/pb.edu.pl\/sjo\/polish-lab\/czy-wiecie-ze\/kopiec-kosciuszki\/","og_site_name":"Studium J\u0119zyk\u00f3w Obcych","article_modified_time":"2024-08-29T15:00:48+00:00","og_image":[{"url":"https:\/\/pb.edu.pl\/sjo\/wp-content\/uploads\/sites\/9\/2024\/08\/Depositphotos_380814894_DS-m-1-300x225.jpg","type":"","width":"","height":""}],"twitter_misc":{"Szacowany czas czytania":"3 minuty"},"schema":{"@context":"https:\/\/schema.org","@graph":[{"@type":"WebPage","@id":"https:\/\/pb.edu.pl\/sjo\/polish-lab\/czy-wiecie-ze\/kopiec-kosciuszki\/","url":"https:\/\/pb.edu.pl\/sjo\/polish-lab\/czy-wiecie-ze\/kopiec-kosciuszki\/","name":"Kopiec Ko\u015bciuszki - Studium J\u0119zyk\u00f3w Obcych","isPartOf":{"@id":"https:\/\/pb.edu.pl\/sjo\/#website"},"datePublished":"2023-09-08T10:56:04+00:00","dateModified":"2024-08-29T15:00:48+00:00","description":"W roku 2023 obchodzili\u015bmy 200-lecie istnienia Kopca Ko\u015bciuszki w Krakowie. To wzniesienie, kt\u00f3re rozpozna niemal ka\u017cdy Polak: miejsce pami\u0119ci, pomnik","breadcrumb":{"@id":"https:\/\/pb.edu.pl\/sjo\/polish-lab\/czy-wiecie-ze\/kopiec-kosciuszki\/#breadcrumb"},"inLanguage":"pl-PL","potentialAction":[{"@type":"ReadAction","target":["https:\/\/pb.edu.pl\/sjo\/polish-lab\/czy-wiecie-ze\/kopiec-kosciuszki\/"]}]},{"@type":"BreadcrumbList","@id":"https:\/\/pb.edu.pl\/sjo\/polish-lab\/czy-wiecie-ze\/kopiec-kosciuszki\/#breadcrumb","itemListElement":[{"@type":"ListItem","position":1,"name":"Home","item":"https:\/\/pb.edu.pl\/sjo\/"},{"@type":"ListItem","position":2,"name":"Centrum J\u0119zyka i Kultury Polskiej POLISH LAB","item":"https:\/\/pb.edu.pl\/sjo\/polish-lab\/"},{"@type":"ListItem","position":3,"name":"O Polsce i Polakach","item":"https:\/\/pb.edu.pl\/sjo\/polish-lab\/czy-wiecie-ze\/"},{"@type":"ListItem","position":4,"name":"Kopiec Ko\u015bciuszki"}]},{"@type":"WebSite","@id":"https:\/\/pb.edu.pl\/sjo\/#website","url":"https:\/\/pb.edu.pl\/sjo\/","name":"Studium J\u0119zyk\u00f3w Obcych","description":"","potentialAction":[{"@type":"SearchAction","target":{"@type":"EntryPoint","urlTemplate":"https:\/\/pb.edu.pl\/sjo\/?s={search_term_string}"},"query-input":{"@type":"PropertyValueSpecification","valueRequired":true,"valueName":"search_term_string"}}],"inLanguage":"pl-PL"}]}},"_links":{"self":[{"href":"https:\/\/pb.edu.pl\/sjo\/wp-json\/wp\/v2\/pages\/21696","targetHints":{"allow":["GET"]}}],"collection":[{"href":"https:\/\/pb.edu.pl\/sjo\/wp-json\/wp\/v2\/pages"}],"about":[{"href":"https:\/\/pb.edu.pl\/sjo\/wp-json\/wp\/v2\/types\/page"}],"author":[{"embeddable":true,"href":"https:\/\/pb.edu.pl\/sjo\/wp-json\/wp\/v2\/users\/6"}],"replies":[{"embeddable":true,"href":"https:\/\/pb.edu.pl\/sjo\/wp-json\/wp\/v2\/comments?post=21696"}],"version-history":[{"count":0,"href":"https:\/\/pb.edu.pl\/sjo\/wp-json\/wp\/v2\/pages\/21696\/revisions"}],"up":[{"embeddable":true,"href":"https:\/\/pb.edu.pl\/sjo\/wp-json\/wp\/v2\/pages\/8281"}],"wp:attachment":[{"href":"https:\/\/pb.edu.pl\/sjo\/wp-json\/wp\/v2\/media?parent=21696"}],"curies":[{"name":"wp","href":"https:\/\/api.w.org\/{rel}","templated":true}]}}