{"id":20320,"date":"2023-05-04T11:20:14","date_gmt":"2023-05-04T09:20:14","guid":{"rendered":"https:\/\/pb.edu.pl\/sjo\/?page_id=20320"},"modified":"2023-05-04T11:29:26","modified_gmt":"2023-05-04T09:29:26","slug":"sempai","status":"publish","type":"page","link":"https:\/\/pb.edu.pl\/sjo\/wydarzenia-sjo\/mock-job-interview-2023\/pracodawcy\/sempai\/","title":{"rendered":"Sempai"},"content":{"rendered":"<h2><img loading=\"lazy\" decoding=\"async\" class=\"size-medium wp-image-20316 alignleft\" src=\"https:\/\/pb.edu.pl\/sjo\/wp-content\/uploads\/sites\/9\/2023\/05\/Szkolenia-300x200.png\" alt=\"\" width=\"300\" height=\"200\" srcset=\"https:\/\/pb.edu.pl\/sjo\/wp-content\/uploads\/sites\/9\/2023\/05\/Szkolenia-300x200.png 300w, https:\/\/pb.edu.pl\/sjo\/wp-content\/uploads\/sites\/9\/2023\/05\/Szkolenia-768x512.png 768w, https:\/\/pb.edu.pl\/sjo\/wp-content\/uploads\/sites\/9\/2023\/05\/Szkolenia-480x320.png 480w, https:\/\/pb.edu.pl\/sjo\/wp-content\/uploads\/sites\/9\/2023\/05\/Szkolenia.png 799w\" sizes=\"auto, (max-width: 300px) 100vw, 300px\" \/>Jeste\u015bmy agencj\u0105 performance marketingu<\/h2>\n<p>Na co dzie\u0144 pomagamy firmom osi\u0105ga\u0107 ich cele biznesowe, tworz\u0105c skuteczne strategie oraz kampanie reklamowe w Internecie. Jeste\u015bmy partnerem najwi\u0119kszych sieci reklamowych &#8211; posiadamy status Google Premier Partner, Meta Business Partner, Allegro Ads Partner +, Microsoft Advertising Partner. Specjalizujemy si\u0119 w obs\u0142udze firm z wysoko konkurencyjnego sektora e-commerce, ale nie tylko. Dzi\u0119ki wsp\u00f3\u0142pracy z nami Klienci mog\u0105 rozwija\u0107 sw\u00f3j biznes i zwi\u0119ksza\u0107 sprzeda\u017c online. W naszym portfolio znajduj\u0105 si\u0119 takie marki jak DeeZee, Cocolita, Wojas, Lisner, e-on, iSpot, PWN, Deichmann.<\/p>\n<p>Od ponad 17 lat pomagamy Klientom osi\u0105ga\u0107 jak najwy\u017csze zyski ze sprzeda\u017cy online. \u015awiadczymy us\u0142ugi z zakresu:<\/p>\n<ul>\n<li>SEO,<\/li>\n<li>Google Ads,<\/li>\n<li>Social Ads,<\/li>\n<li>content i wideo marketingu,<\/li>\n<li>analityki internetowej,<\/li>\n<li>CRO,<\/li>\n<li>marketplace marketingu.<\/li>\n<\/ul>\n<p>Wi\u0119cej o nas: <a href=\"https:\/\/sempai.pl\/\">https:\/\/sempai.pl\/<\/a><\/p>\n<div class=\"embed-responsive embed-responsive-16by9\"><iframe loading=\"lazy\" title=\"#SEMPAITEAM\" width=\"500\" height=\"281\" src=\"https:\/\/www.youtube.com\/embed\/-BUq5zlCIcA?feature=oembed\" frameborder=\"0\" allow=\"accelerometer; autoplay; clipboard-write; encrypted-media; gyroscope; picture-in-picture; web-share\" referrerpolicy=\"strict-origin-when-cross-origin\" allowfullscreen><\/iframe><\/div>\n","protected":false},"excerpt":{"rendered":"<p>Jeste\u015bmy agencj\u0105 performance marketingu Na co dzie\u0144 pomagamy firmom osi\u0105ga\u0107 ich cele biznesowe, tworz\u0105c skuteczne<\/p>\n","protected":false},"author":6,"featured_media":0,"parent":19904,"menu_order":0,"comment_status":"closed","ping_status":"closed","template":"","meta":{"_acf_changed":false,"ngg_post_thumbnail":0,"footnotes":""},"class_list":["post-20320","page","type-page","status-publish","hentry"],"acf":[],"yoast_head":"<!-- This site is optimized with the Yoast SEO plugin v27.0 - https:\/\/yoast.com\/product\/yoast-seo-wordpress\/ -->\n<title>Sempai - Studium J\u0119zyk\u00f3w Obcych<\/title>\n<meta name=\"description\" content=\"Jeste\u015bmy agencj\u0105 performance marketingu Na co dzie\u0144 pomagamy firmom osi\u0105ga\u0107 ich cele biznesowe, tworz\u0105c skuteczne strategie oraz kampanie reklamowe w\" \/>\n<meta name=\"robots\" content=\"index, follow, max-snippet:-1, max-image-preview:large, max-video-preview:-1\" \/>\n<link rel=\"canonical\" href=\"https:\/\/pb.edu.pl\/sjo\/wydarzenia-sjo\/mock-job-interview-2023\/pracodawcy\/sempai\/\" \/>\n<meta property=\"og:locale\" content=\"pl_PL\" \/>\n<meta property=\"og:type\" content=\"article\" \/>\n<meta property=\"og:title\" content=\"Sempai - Studium J\u0119zyk\u00f3w Obcych\" \/>\n<meta property=\"og:description\" content=\"Jeste\u015bmy agencj\u0105 performance marketingu Na co dzie\u0144 pomagamy firmom osi\u0105ga\u0107 ich cele biznesowe, tworz\u0105c skuteczne strategie oraz kampanie reklamowe w\" \/>\n<meta property=\"og:url\" content=\"https:\/\/pb.edu.pl\/sjo\/wydarzenia-sjo\/mock-job-interview-2023\/pracodawcy\/sempai\/\" \/>\n<meta property=\"og:site_name\" content=\"Studium J\u0119zyk\u00f3w Obcych\" \/>\n<meta property=\"article:modified_time\" content=\"2023-05-04T09:29:26+00:00\" \/>\n<meta property=\"og:image\" content=\"https:\/\/pb.edu.pl\/sjo\/wp-content\/uploads\/sites\/9\/2023\/05\/Szkolenia-300x200.png\" \/>\n<meta name=\"twitter:label1\" content=\"Szacowany czas czytania\" \/>\n\t<meta name=\"twitter:data1\" content=\"1 minuta\" \/>\n<script type=\"application\/ld+json\" class=\"yoast-schema-graph\">{\"@context\":\"https:\/\/schema.org\",\"@graph\":[{\"@type\":\"WebPage\",\"@id\":\"https:\/\/pb.edu.pl\/sjo\/wydarzenia-sjo\/mock-job-interview-2023\/pracodawcy\/sempai\/\",\"url\":\"https:\/\/pb.edu.pl\/sjo\/wydarzenia-sjo\/mock-job-interview-2023\/pracodawcy\/sempai\/\",\"name\":\"Sempai - Studium J\u0119zyk\u00f3w Obcych\",\"isPartOf\":{\"@id\":\"https:\/\/pb.edu.pl\/sjo\/#website\"},\"primaryImageOfPage\":{\"@id\":\"https:\/\/pb.edu.pl\/sjo\/wydarzenia-sjo\/mock-job-interview-2023\/pracodawcy\/sempai\/#primaryimage\"},\"image\":{\"@id\":\"https:\/\/pb.edu.pl\/sjo\/wydarzenia-sjo\/mock-job-interview-2023\/pracodawcy\/sempai\/#primaryimage\"},\"thumbnailUrl\":\"https:\/\/pb.edu.pl\/sjo\/wp-content\/uploads\/sites\/9\/2023\/05\/Szkolenia-300x200.png\",\"datePublished\":\"2023-05-04T09:20:14+00:00\",\"dateModified\":\"2023-05-04T09:29:26+00:00\",\"description\":\"Jeste\u015bmy agencj\u0105 performance marketingu Na co dzie\u0144 pomagamy firmom osi\u0105ga\u0107 ich cele biznesowe, tworz\u0105c skuteczne strategie oraz kampanie reklamowe w\",\"breadcrumb\":{\"@id\":\"https:\/\/pb.edu.pl\/sjo\/wydarzenia-sjo\/mock-job-interview-2023\/pracodawcy\/sempai\/#breadcrumb\"},\"inLanguage\":\"pl-PL\",\"potentialAction\":[{\"@type\":\"ReadAction\",\"target\":[\"https:\/\/pb.edu.pl\/sjo\/wydarzenia-sjo\/mock-job-interview-2023\/pracodawcy\/sempai\/\"]}]},{\"@type\":\"ImageObject\",\"inLanguage\":\"pl-PL\",\"@id\":\"https:\/\/pb.edu.pl\/sjo\/wydarzenia-sjo\/mock-job-interview-2023\/pracodawcy\/sempai\/#primaryimage\",\"url\":\"https:\/\/pb.edu.pl\/sjo\/wp-content\/uploads\/sites\/9\/2023\/05\/Szkolenia.png\",\"contentUrl\":\"https:\/\/pb.edu.pl\/sjo\/wp-content\/uploads\/sites\/9\/2023\/05\/Szkolenia.png\",\"width\":799,\"height\":533},{\"@type\":\"BreadcrumbList\",\"@id\":\"https:\/\/pb.edu.pl\/sjo\/wydarzenia-sjo\/mock-job-interview-2023\/pracodawcy\/sempai\/#breadcrumb\",\"itemListElement\":[{\"@type\":\"ListItem\",\"position\":1,\"name\":\"Home\",\"item\":\"https:\/\/pb.edu.pl\/sjo\/\"},{\"@type\":\"ListItem\",\"position\":2,\"name\":\"Wydarzenia SJO\",\"item\":\"https:\/\/pb.edu.pl\/sjo\/wydarzenia-sjo\/\"},{\"@type\":\"ListItem\",\"position\":3,\"name\":\"Mock Job Interview 2023\",\"item\":\"https:\/\/pb.edu.pl\/sjo\/wydarzenia-sjo\/mock-job-interview-2023\/\"},{\"@type\":\"ListItem\",\"position\":4,\"name\":\"Pracodawcy\",\"item\":\"https:\/\/pb.edu.pl\/sjo\/wydarzenia-sjo\/mock-job-interview-2023\/pracodawcy\/\"},{\"@type\":\"ListItem\",\"position\":5,\"name\":\"Sempai\"}]},{\"@type\":\"WebSite\",\"@id\":\"https:\/\/pb.edu.pl\/sjo\/#website\",\"url\":\"https:\/\/pb.edu.pl\/sjo\/\",\"name\":\"Studium J\u0119zyk\u00f3w Obcych\",\"description\":\"\",\"potentialAction\":[{\"@type\":\"SearchAction\",\"target\":{\"@type\":\"EntryPoint\",\"urlTemplate\":\"https:\/\/pb.edu.pl\/sjo\/?s={search_term_string}\"},\"query-input\":{\"@type\":\"PropertyValueSpecification\",\"valueRequired\":true,\"valueName\":\"search_term_string\"}}],\"inLanguage\":\"pl-PL\"}]}<\/script>\n<!-- \/ Yoast SEO plugin. -->","yoast_head_json":{"title":"Sempai - Studium J\u0119zyk\u00f3w Obcych","description":"Jeste\u015bmy agencj\u0105 performance marketingu Na co dzie\u0144 pomagamy firmom osi\u0105ga\u0107 ich cele biznesowe, tworz\u0105c skuteczne strategie oraz kampanie reklamowe w","robots":{"index":"index","follow":"follow","max-snippet":"max-snippet:-1","max-image-preview":"max-image-preview:large","max-video-preview":"max-video-preview:-1"},"canonical":"https:\/\/pb.edu.pl\/sjo\/wydarzenia-sjo\/mock-job-interview-2023\/pracodawcy\/sempai\/","og_locale":"pl_PL","og_type":"article","og_title":"Sempai - Studium J\u0119zyk\u00f3w Obcych","og_description":"Jeste\u015bmy agencj\u0105 performance marketingu Na co dzie\u0144 pomagamy firmom osi\u0105ga\u0107 ich cele biznesowe, tworz\u0105c skuteczne strategie oraz kampanie reklamowe w","og_url":"https:\/\/pb.edu.pl\/sjo\/wydarzenia-sjo\/mock-job-interview-2023\/pracodawcy\/sempai\/","og_site_name":"Studium J\u0119zyk\u00f3w Obcych","article_modified_time":"2023-05-04T09:29:26+00:00","og_image":[{"url":"https:\/\/pb.edu.pl\/sjo\/wp-content\/uploads\/sites\/9\/2023\/05\/Szkolenia-300x200.png","type":"","width":"","height":""}],"twitter_misc":{"Szacowany czas czytania":"1 minuta"},"schema":{"@context":"https:\/\/schema.org","@graph":[{"@type":"WebPage","@id":"https:\/\/pb.edu.pl\/sjo\/wydarzenia-sjo\/mock-job-interview-2023\/pracodawcy\/sempai\/","url":"https:\/\/pb.edu.pl\/sjo\/wydarzenia-sjo\/mock-job-interview-2023\/pracodawcy\/sempai\/","name":"Sempai - Studium J\u0119zyk\u00f3w Obcych","isPartOf":{"@id":"https:\/\/pb.edu.pl\/sjo\/#website"},"primaryImageOfPage":{"@id":"https:\/\/pb.edu.pl\/sjo\/wydarzenia-sjo\/mock-job-interview-2023\/pracodawcy\/sempai\/#primaryimage"},"image":{"@id":"https:\/\/pb.edu.pl\/sjo\/wydarzenia-sjo\/mock-job-interview-2023\/pracodawcy\/sempai\/#primaryimage"},"thumbnailUrl":"https:\/\/pb.edu.pl\/sjo\/wp-content\/uploads\/sites\/9\/2023\/05\/Szkolenia-300x200.png","datePublished":"2023-05-04T09:20:14+00:00","dateModified":"2023-05-04T09:29:26+00:00","description":"Jeste\u015bmy agencj\u0105 performance marketingu Na co dzie\u0144 pomagamy firmom osi\u0105ga\u0107 ich cele biznesowe, tworz\u0105c skuteczne strategie oraz kampanie reklamowe w","breadcrumb":{"@id":"https:\/\/pb.edu.pl\/sjo\/wydarzenia-sjo\/mock-job-interview-2023\/pracodawcy\/sempai\/#breadcrumb"},"inLanguage":"pl-PL","potentialAction":[{"@type":"ReadAction","target":["https:\/\/pb.edu.pl\/sjo\/wydarzenia-sjo\/mock-job-interview-2023\/pracodawcy\/sempai\/"]}]},{"@type":"ImageObject","inLanguage":"pl-PL","@id":"https:\/\/pb.edu.pl\/sjo\/wydarzenia-sjo\/mock-job-interview-2023\/pracodawcy\/sempai\/#primaryimage","url":"https:\/\/pb.edu.pl\/sjo\/wp-content\/uploads\/sites\/9\/2023\/05\/Szkolenia.png","contentUrl":"https:\/\/pb.edu.pl\/sjo\/wp-content\/uploads\/sites\/9\/2023\/05\/Szkolenia.png","width":799,"height":533},{"@type":"BreadcrumbList","@id":"https:\/\/pb.edu.pl\/sjo\/wydarzenia-sjo\/mock-job-interview-2023\/pracodawcy\/sempai\/#breadcrumb","itemListElement":[{"@type":"ListItem","position":1,"name":"Home","item":"https:\/\/pb.edu.pl\/sjo\/"},{"@type":"ListItem","position":2,"name":"Wydarzenia SJO","item":"https:\/\/pb.edu.pl\/sjo\/wydarzenia-sjo\/"},{"@type":"ListItem","position":3,"name":"Mock Job Interview 2023","item":"https:\/\/pb.edu.pl\/sjo\/wydarzenia-sjo\/mock-job-interview-2023\/"},{"@type":"ListItem","position":4,"name":"Pracodawcy","item":"https:\/\/pb.edu.pl\/sjo\/wydarzenia-sjo\/mock-job-interview-2023\/pracodawcy\/"},{"@type":"ListItem","position":5,"name":"Sempai"}]},{"@type":"WebSite","@id":"https:\/\/pb.edu.pl\/sjo\/#website","url":"https:\/\/pb.edu.pl\/sjo\/","name":"Studium J\u0119zyk\u00f3w Obcych","description":"","potentialAction":[{"@type":"SearchAction","target":{"@type":"EntryPoint","urlTemplate":"https:\/\/pb.edu.pl\/sjo\/?s={search_term_string}"},"query-input":{"@type":"PropertyValueSpecification","valueRequired":true,"valueName":"search_term_string"}}],"inLanguage":"pl-PL"}]}},"_links":{"self":[{"href":"https:\/\/pb.edu.pl\/sjo\/wp-json\/wp\/v2\/pages\/20320","targetHints":{"allow":["GET"]}}],"collection":[{"href":"https:\/\/pb.edu.pl\/sjo\/wp-json\/wp\/v2\/pages"}],"about":[{"href":"https:\/\/pb.edu.pl\/sjo\/wp-json\/wp\/v2\/types\/page"}],"author":[{"embeddable":true,"href":"https:\/\/pb.edu.pl\/sjo\/wp-json\/wp\/v2\/users\/6"}],"replies":[{"embeddable":true,"href":"https:\/\/pb.edu.pl\/sjo\/wp-json\/wp\/v2\/comments?post=20320"}],"version-history":[{"count":0,"href":"https:\/\/pb.edu.pl\/sjo\/wp-json\/wp\/v2\/pages\/20320\/revisions"}],"up":[{"embeddable":true,"href":"https:\/\/pb.edu.pl\/sjo\/wp-json\/wp\/v2\/pages\/19904"}],"wp:attachment":[{"href":"https:\/\/pb.edu.pl\/sjo\/wp-json\/wp\/v2\/media?parent=20320"}],"curies":[{"name":"wp","href":"https:\/\/api.w.org\/{rel}","templated":true}]}}