{"id":20219,"date":"2023-04-26T09:57:39","date_gmt":"2023-04-26T07:57:39","guid":{"rendered":"https:\/\/pb.edu.pl\/sjo\/?page_id=20219"},"modified":"2023-04-26T16:00:47","modified_gmt":"2023-04-26T14:00:47","slug":"xix-podlaski-festiwal-nauki-i-sztuki","status":"publish","type":"page","link":"https:\/\/pb.edu.pl\/sjo\/wydarzenia-sjo\/xix-podlaski-festiwal-nauki-i-sztuki\/","title":{"rendered":"XIX Podlaski Festiwal Nauki i Sztuki"},"content":{"rendered":"<h2><img loading=\"lazy\" decoding=\"async\" class=\"alignleft wp-image-20216\" src=\"https:\/\/pb.edu.pl\/sjo\/wp-content\/uploads\/sites\/9\/2023\/04\/studium-jezykow-obcych-pb-300x200.png\" alt=\"\" width=\"350\" height=\"233\" srcset=\"https:\/\/pb.edu.pl\/sjo\/wp-content\/uploads\/sites\/9\/2023\/04\/studium-jezykow-obcych-pb-300x200.png 300w, https:\/\/pb.edu.pl\/sjo\/wp-content\/uploads\/sites\/9\/2023\/04\/studium-jezykow-obcych-pb-768x512.png 768w, https:\/\/pb.edu.pl\/sjo\/wp-content\/uploads\/sites\/9\/2023\/04\/studium-jezykow-obcych-pb-480x320.png 480w, https:\/\/pb.edu.pl\/sjo\/wp-content\/uploads\/sites\/9\/2023\/04\/studium-jezykow-obcych-pb.png 799w\" sizes=\"auto, (max-width: 350px) 100vw, 350px\" \/>Pod has\u0142em \u201eNauka to wi\u0119cej ni\u017c wiedza!\u201d rusza XIX Podlaski Festiwal Nauki i Sztuki. To doskona\u0142a okazja, aby spojrze\u0107 na nauk\u0119 z innej strony! Bawi\u0107 si\u0119 i poznawa\u0107 \u015bwiat jednocze\u015bnie! Prze\u017cy\u0107 niezapomnian\u0105 przygod\u0119!<\/h2>\n<div>&nbsp;<\/div>\n<div>Politechnika Bia\u0142ostocka jest g\u0142\u00f3wnym koordynatorem wydarzenia, a Studium J\u0119zyk\u00f3w Obcych przygotowa\u0142o szereg ciekawych spotka\u0144.<\/div>\n<div>Zapraszamy na:<\/div>\n<ul>\n<li><a href=\"https:\/\/podlaskifestiwal.pl\/imprezy\/english-trivia-quiz-jezykowy\/\">English Trivia \u2013 quiz j\u0119zykowy<\/a>, mgr Anna Kalisz<\/li>\n<li><a href=\"https:\/\/podlaskifestiwal.pl\/imprezy\/poznawanie-swiata-z-lektorami-studium-jezykow-obcych-politechniki-bialostockiej-exploring-the-world-with-teachers-from-the-foreign-language-centre-bialystok-university-of-tech\/\">Poznawanie \u015bwiata<\/a>, mgr Aniela Staszewska<\/li>\n<li><a href=\"https:\/\/podlaskifestiwal.pl\/imprezy\/do-you-know-technical-english\/\">Do you know technical English?<\/a>, mgr Monika \u015aleszy\u0144ska<\/li>\n<li><a href=\"https:\/\/podlaskifestiwal.pl\/imprezy\/learning-through-singing\/\">Learning through singing<\/a>, mgr Joanna Nazarko<\/li>\n<li><a href=\"https:\/\/podlaskifestiwal.pl\/imprezy\/basic-forestry-quiz-nauka-angielskiego-poprzez-zabawe\/\">Basic Forestry Quiz \u2013 nauka angielskiego poprzez zabaw\u0119,<\/a> dr Ma\u0142gorzata Ciereszko<\/li>\n<li><a href=\"https:\/\/podlaskifestiwal.pl\/imprezy\/wystawa-fotografii-studentow-politechniki-bialostockiej-my-university-my-life-otwarcie\/\">Wystawa fotografii student\u00f3w Politechniki Bia\u0142ostockiej \u201eMy University \u2013 My Life\u201d \u2013 otwarcie&nbsp;<\/a>, mgr Liliana Sienkiewicz<\/li>\n<\/ul>\n<div><a href=\"https:\/\/pb.edu.pl\/2023\/04\/13\/xix-podlaski-festiwal-nauki-i-sztuki-zapraszamy-do-rejestracji\/\">XIX Podlaski Festiwal Nauki i Sztuki na Politechnice Bia\u0142ostockiej<\/a>.<\/div>\n<div>&nbsp;<\/div>\n<div>Wst\u0119p na wszystkie imprezy zaplanowane przez Studium J\u0119zyk\u00f3w Obcych w ramach XVIII Podlaskiego Festiwalu Nauki i Sztuki jest <strong>bezp\u0142atny<\/strong>.<\/div>\n<div>Dzia\u0142ania SJO w ramach Festiwalu koordynuje dr Ma\u0142gorzata Ciereszko.<\/div>\n<div>&nbsp;<\/div>\n<div>&nbsp;<\/div>\n","protected":false},"excerpt":{"rendered":"<p>Pod has\u0142em \u201eNauka to wi\u0119cej ni\u017c wiedza!\u201d rusza XIX Podlaski Festiwal Nauki i Sztuki. To<\/p>\n","protected":false},"author":6,"featured_media":0,"parent":10915,"menu_order":0,"comment_status":"closed","ping_status":"closed","template":"","meta":{"_acf_changed":false,"ngg_post_thumbnail":0,"footnotes":""},"class_list":["post-20219","page","type-page","status-publish","hentry"],"acf":[],"yoast_head":"<!-- This site is optimized with the Yoast SEO plugin v27.0 - https:\/\/yoast.com\/product\/yoast-seo-wordpress\/ -->\n<title>XIX Podlaski Festiwal Nauki i Sztuki - Studium J\u0119zyk\u00f3w Obcych<\/title>\n<meta name=\"description\" content=\"Pod has\u0142em \u201eNauka to wi\u0119cej ni\u017c wiedza!\u201d rusza XIX Podlaski Festiwal Nauki i Sztuki. To doskona\u0142a okazja, aby spojrze\u0107 na nauk\u0119 z innej strony! Bawi\u0107 si\u0119\" \/>\n<meta name=\"robots\" content=\"index, follow, max-snippet:-1, max-image-preview:large, max-video-preview:-1\" \/>\n<link rel=\"canonical\" href=\"https:\/\/pb.edu.pl\/sjo\/wydarzenia-sjo\/xix-podlaski-festiwal-nauki-i-sztuki\/\" \/>\n<meta property=\"og:locale\" content=\"pl_PL\" \/>\n<meta property=\"og:type\" content=\"article\" \/>\n<meta property=\"og:title\" content=\"XIX Podlaski Festiwal Nauki i Sztuki - Studium J\u0119zyk\u00f3w Obcych\" \/>\n<meta property=\"og:description\" content=\"Pod has\u0142em \u201eNauka to wi\u0119cej ni\u017c wiedza!\u201d rusza XIX Podlaski Festiwal Nauki i Sztuki. To doskona\u0142a okazja, aby spojrze\u0107 na nauk\u0119 z innej strony! Bawi\u0107 si\u0119\" \/>\n<meta property=\"og:url\" content=\"https:\/\/pb.edu.pl\/sjo\/wydarzenia-sjo\/xix-podlaski-festiwal-nauki-i-sztuki\/\" \/>\n<meta property=\"og:site_name\" content=\"Studium J\u0119zyk\u00f3w Obcych\" \/>\n<meta property=\"article:modified_time\" content=\"2023-04-26T14:00:47+00:00\" \/>\n<meta property=\"og:image\" content=\"https:\/\/pb.edu.pl\/sjo\/wp-content\/uploads\/sites\/9\/2023\/04\/studium-jezykow-obcych-pb-300x200.png\" \/>\n<meta name=\"twitter:label1\" content=\"Szacowany czas czytania\" \/>\n\t<meta name=\"twitter:data1\" content=\"2 minuty\" \/>\n<script type=\"application\/ld+json\" class=\"yoast-schema-graph\">{\"@context\":\"https:\/\/schema.org\",\"@graph\":[{\"@type\":\"WebPage\",\"@id\":\"https:\/\/pb.edu.pl\/sjo\/wydarzenia-sjo\/xix-podlaski-festiwal-nauki-i-sztuki\/\",\"url\":\"https:\/\/pb.edu.pl\/sjo\/wydarzenia-sjo\/xix-podlaski-festiwal-nauki-i-sztuki\/\",\"name\":\"XIX Podlaski Festiwal Nauki i Sztuki - Studium J\u0119zyk\u00f3w Obcych\",\"isPartOf\":{\"@id\":\"https:\/\/pb.edu.pl\/sjo\/#website\"},\"primaryImageOfPage\":{\"@id\":\"https:\/\/pb.edu.pl\/sjo\/wydarzenia-sjo\/xix-podlaski-festiwal-nauki-i-sztuki\/#primaryimage\"},\"image\":{\"@id\":\"https:\/\/pb.edu.pl\/sjo\/wydarzenia-sjo\/xix-podlaski-festiwal-nauki-i-sztuki\/#primaryimage\"},\"thumbnailUrl\":\"https:\/\/pb.edu.pl\/sjo\/wp-content\/uploads\/sites\/9\/2023\/04\/studium-jezykow-obcych-pb-300x200.png\",\"datePublished\":\"2023-04-26T07:57:39+00:00\",\"dateModified\":\"2023-04-26T14:00:47+00:00\",\"description\":\"Pod has\u0142em \u201eNauka to wi\u0119cej ni\u017c wiedza!\u201d rusza XIX Podlaski Festiwal Nauki i Sztuki. To doskona\u0142a okazja, aby spojrze\u0107 na nauk\u0119 z innej strony! Bawi\u0107 si\u0119\",\"breadcrumb\":{\"@id\":\"https:\/\/pb.edu.pl\/sjo\/wydarzenia-sjo\/xix-podlaski-festiwal-nauki-i-sztuki\/#breadcrumb\"},\"inLanguage\":\"pl-PL\",\"potentialAction\":[{\"@type\":\"ReadAction\",\"target\":[\"https:\/\/pb.edu.pl\/sjo\/wydarzenia-sjo\/xix-podlaski-festiwal-nauki-i-sztuki\/\"]}]},{\"@type\":\"ImageObject\",\"inLanguage\":\"pl-PL\",\"@id\":\"https:\/\/pb.edu.pl\/sjo\/wydarzenia-sjo\/xix-podlaski-festiwal-nauki-i-sztuki\/#primaryimage\",\"url\":\"https:\/\/pb.edu.pl\/sjo\/wp-content\/uploads\/sites\/9\/2023\/04\/studium-jezykow-obcych-pb.png\",\"contentUrl\":\"https:\/\/pb.edu.pl\/sjo\/wp-content\/uploads\/sites\/9\/2023\/04\/studium-jezykow-obcych-pb.png\",\"width\":799,\"height\":533},{\"@type\":\"BreadcrumbList\",\"@id\":\"https:\/\/pb.edu.pl\/sjo\/wydarzenia-sjo\/xix-podlaski-festiwal-nauki-i-sztuki\/#breadcrumb\",\"itemListElement\":[{\"@type\":\"ListItem\",\"position\":1,\"name\":\"Home\",\"item\":\"https:\/\/pb.edu.pl\/sjo\/\"},{\"@type\":\"ListItem\",\"position\":2,\"name\":\"Wydarzenia SJO\",\"item\":\"https:\/\/pb.edu.pl\/sjo\/wydarzenia-sjo\/\"},{\"@type\":\"ListItem\",\"position\":3,\"name\":\"XIX Podlaski Festiwal Nauki i Sztuki\"}]},{\"@type\":\"WebSite\",\"@id\":\"https:\/\/pb.edu.pl\/sjo\/#website\",\"url\":\"https:\/\/pb.edu.pl\/sjo\/\",\"name\":\"Studium J\u0119zyk\u00f3w Obcych\",\"description\":\"\",\"potentialAction\":[{\"@type\":\"SearchAction\",\"target\":{\"@type\":\"EntryPoint\",\"urlTemplate\":\"https:\/\/pb.edu.pl\/sjo\/?s={search_term_string}\"},\"query-input\":{\"@type\":\"PropertyValueSpecification\",\"valueRequired\":true,\"valueName\":\"search_term_string\"}}],\"inLanguage\":\"pl-PL\"}]}<\/script>\n<!-- \/ Yoast SEO plugin. -->","yoast_head_json":{"title":"XIX Podlaski Festiwal Nauki i Sztuki - Studium J\u0119zyk\u00f3w Obcych","description":"Pod has\u0142em \u201eNauka to wi\u0119cej ni\u017c wiedza!\u201d rusza XIX Podlaski Festiwal Nauki i Sztuki. To doskona\u0142a okazja, aby spojrze\u0107 na nauk\u0119 z innej strony! Bawi\u0107 si\u0119","robots":{"index":"index","follow":"follow","max-snippet":"max-snippet:-1","max-image-preview":"max-image-preview:large","max-video-preview":"max-video-preview:-1"},"canonical":"https:\/\/pb.edu.pl\/sjo\/wydarzenia-sjo\/xix-podlaski-festiwal-nauki-i-sztuki\/","og_locale":"pl_PL","og_type":"article","og_title":"XIX Podlaski Festiwal Nauki i Sztuki - Studium J\u0119zyk\u00f3w Obcych","og_description":"Pod has\u0142em \u201eNauka to wi\u0119cej ni\u017c wiedza!\u201d rusza XIX Podlaski Festiwal Nauki i Sztuki. To doskona\u0142a okazja, aby spojrze\u0107 na nauk\u0119 z innej strony! Bawi\u0107 si\u0119","og_url":"https:\/\/pb.edu.pl\/sjo\/wydarzenia-sjo\/xix-podlaski-festiwal-nauki-i-sztuki\/","og_site_name":"Studium J\u0119zyk\u00f3w Obcych","article_modified_time":"2023-04-26T14:00:47+00:00","og_image":[{"url":"https:\/\/pb.edu.pl\/sjo\/wp-content\/uploads\/sites\/9\/2023\/04\/studium-jezykow-obcych-pb-300x200.png","type":"","width":"","height":""}],"twitter_misc":{"Szacowany czas czytania":"2 minuty"},"schema":{"@context":"https:\/\/schema.org","@graph":[{"@type":"WebPage","@id":"https:\/\/pb.edu.pl\/sjo\/wydarzenia-sjo\/xix-podlaski-festiwal-nauki-i-sztuki\/","url":"https:\/\/pb.edu.pl\/sjo\/wydarzenia-sjo\/xix-podlaski-festiwal-nauki-i-sztuki\/","name":"XIX Podlaski Festiwal Nauki i Sztuki - Studium J\u0119zyk\u00f3w Obcych","isPartOf":{"@id":"https:\/\/pb.edu.pl\/sjo\/#website"},"primaryImageOfPage":{"@id":"https:\/\/pb.edu.pl\/sjo\/wydarzenia-sjo\/xix-podlaski-festiwal-nauki-i-sztuki\/#primaryimage"},"image":{"@id":"https:\/\/pb.edu.pl\/sjo\/wydarzenia-sjo\/xix-podlaski-festiwal-nauki-i-sztuki\/#primaryimage"},"thumbnailUrl":"https:\/\/pb.edu.pl\/sjo\/wp-content\/uploads\/sites\/9\/2023\/04\/studium-jezykow-obcych-pb-300x200.png","datePublished":"2023-04-26T07:57:39+00:00","dateModified":"2023-04-26T14:00:47+00:00","description":"Pod has\u0142em \u201eNauka to wi\u0119cej ni\u017c wiedza!\u201d rusza XIX Podlaski Festiwal Nauki i Sztuki. To doskona\u0142a okazja, aby spojrze\u0107 na nauk\u0119 z innej strony! Bawi\u0107 si\u0119","breadcrumb":{"@id":"https:\/\/pb.edu.pl\/sjo\/wydarzenia-sjo\/xix-podlaski-festiwal-nauki-i-sztuki\/#breadcrumb"},"inLanguage":"pl-PL","potentialAction":[{"@type":"ReadAction","target":["https:\/\/pb.edu.pl\/sjo\/wydarzenia-sjo\/xix-podlaski-festiwal-nauki-i-sztuki\/"]}]},{"@type":"ImageObject","inLanguage":"pl-PL","@id":"https:\/\/pb.edu.pl\/sjo\/wydarzenia-sjo\/xix-podlaski-festiwal-nauki-i-sztuki\/#primaryimage","url":"https:\/\/pb.edu.pl\/sjo\/wp-content\/uploads\/sites\/9\/2023\/04\/studium-jezykow-obcych-pb.png","contentUrl":"https:\/\/pb.edu.pl\/sjo\/wp-content\/uploads\/sites\/9\/2023\/04\/studium-jezykow-obcych-pb.png","width":799,"height":533},{"@type":"BreadcrumbList","@id":"https:\/\/pb.edu.pl\/sjo\/wydarzenia-sjo\/xix-podlaski-festiwal-nauki-i-sztuki\/#breadcrumb","itemListElement":[{"@type":"ListItem","position":1,"name":"Home","item":"https:\/\/pb.edu.pl\/sjo\/"},{"@type":"ListItem","position":2,"name":"Wydarzenia SJO","item":"https:\/\/pb.edu.pl\/sjo\/wydarzenia-sjo\/"},{"@type":"ListItem","position":3,"name":"XIX Podlaski Festiwal Nauki i Sztuki"}]},{"@type":"WebSite","@id":"https:\/\/pb.edu.pl\/sjo\/#website","url":"https:\/\/pb.edu.pl\/sjo\/","name":"Studium J\u0119zyk\u00f3w Obcych","description":"","potentialAction":[{"@type":"SearchAction","target":{"@type":"EntryPoint","urlTemplate":"https:\/\/pb.edu.pl\/sjo\/?s={search_term_string}"},"query-input":{"@type":"PropertyValueSpecification","valueRequired":true,"valueName":"search_term_string"}}],"inLanguage":"pl-PL"}]}},"_links":{"self":[{"href":"https:\/\/pb.edu.pl\/sjo\/wp-json\/wp\/v2\/pages\/20219","targetHints":{"allow":["GET"]}}],"collection":[{"href":"https:\/\/pb.edu.pl\/sjo\/wp-json\/wp\/v2\/pages"}],"about":[{"href":"https:\/\/pb.edu.pl\/sjo\/wp-json\/wp\/v2\/types\/page"}],"author":[{"embeddable":true,"href":"https:\/\/pb.edu.pl\/sjo\/wp-json\/wp\/v2\/users\/6"}],"replies":[{"embeddable":true,"href":"https:\/\/pb.edu.pl\/sjo\/wp-json\/wp\/v2\/comments?post=20219"}],"version-history":[{"count":0,"href":"https:\/\/pb.edu.pl\/sjo\/wp-json\/wp\/v2\/pages\/20219\/revisions"}],"up":[{"embeddable":true,"href":"https:\/\/pb.edu.pl\/sjo\/wp-json\/wp\/v2\/pages\/10915"}],"wp:attachment":[{"href":"https:\/\/pb.edu.pl\/sjo\/wp-json\/wp\/v2\/media?parent=20219"}],"curies":[{"name":"wp","href":"https:\/\/api.w.org\/{rel}","templated":true}]}}