{"id":19899,"date":"2023-04-12T11:39:49","date_gmt":"2023-04-12T09:39:49","guid":{"rendered":"https:\/\/pb.edu.pl\/sjo\/?page_id=19899"},"modified":"2023-05-09T10:28:59","modified_gmt":"2023-05-09T08:28:59","slug":"program","status":"publish","type":"page","link":"https:\/\/pb.edu.pl\/sjo\/wydarzenia-sjo\/mock-job-interview-2023\/program\/","title":{"rendered":"Program"},"content":{"rendered":"<div class=\"table-responsive h4\">\n<table class=\"table table-no-bordered\" style=\"width: 100%;height: 396px\">\n<thead>\n<tr style=\"border: 0\">\n<th style=\"text-align: center;vertical-align: middle;width: 17%;height: 39px\">&nbsp;<\/th>\n<td style=\"background-color: #7ed957;text-align: center;vertical-align: middle;height: 39px;width: 28.9937%\"><strong>SPOTKANIA Z EKSPERTEM &#8211; blok 1<\/strong><\/td>\n<td style=\"height: 39px;background-color: #b3b3b3;text-align: center;vertical-align: middle;width: 28.9308%\"><strong>SPOTKANIA Z EKSPERTEM \u2013 blok 2<\/strong><\/td>\n<td style=\"background-color: #7ed957;text-align: center;vertical-align: middle;height: 39px;width: 25.0314%\"><strong>WARSZTATY Z EKSPERTEM<br \/>\n<\/strong><\/td>\n<\/tr>\n<\/thead>\n<tbody>\n<tr style=\"height: 5px\">\n<td style=\"width: 99.9559%;height: 5px;text-align: center;vertical-align: middle\" colspan=\"4\">&nbsp;<span style=\"font-size: 1pt\">1<\/span><\/td>\n<\/tr>\n<tr style=\"height: 37px\">\n<td style=\"width: 17%;height: 37px;background-color: #b3b3b3;text-align: center;vertical-align: middle\">9:00 &#8211; 09:30<\/td>\n<td style=\"width: 28.9937%;height: 37px;background-color: #7ed957;text-align: center;vertical-align: middle\"><a title=\"\" href=\"#to\">To ask or not to ask?<\/a><\/td>\n<td style=\"width: 28.9308%;height: 37px;background-color: #b3b3b3;text-align: center;vertical-align: middle\"><a title=\"\" href=\"#tell\">Tell me about the time when you&#8230;<\/a><\/td>\n<td style=\"height: 228px;background-color: #7ed957;text-align: center;vertical-align: middle;width: 25.0314%\" rowspan=\"9\"><a title=\"\" href=\"#small\">Small talk &#8211; gadka-szmatka<\/a><\/p>\n<p><a title=\"\" href=\"#mock\">Mock job interview with the native<\/a><\/p>\n<p><a title=\"\" href=\"#probevorstellungsgespr\u00e4ch\">Probevorstellungsgespr\u00e4ch (9:00 &#8211; 11:00)<\/a><\/p>\n<p><a title=\"\" href=\"#rozmowa\">Rozmowa kwalifikacyjna po rosyjsku<\/a><\/p>\n<p><a title=\"\" href=\"#konsultacje\">Konsultacje z doradc\u0105 zawodowym<\/a><\/td>\n<\/tr>\n<tr style=\"height: 5px\">\n<td style=\"height: 10px;width: 17%;text-align: center;vertical-align: middle\">&nbsp;<\/td>\n<td style=\"width: 28.9937%;text-align: center;vertical-align: middle;height: 10px\">&nbsp;<\/td>\n<td style=\"width: 28.9308%;text-align: center;vertical-align: middle;height: 10px\">&nbsp;<\/td>\n<\/tr>\n<tr style=\"height: 37px\">\n<td style=\"width: 17%;height: 37px;background-color: #b3b3b3;text-align: center;vertical-align: middle\">9:40 &#8211; 10:10<\/td>\n<td style=\"width: 28.9937%;height: 37px;background-color: #7ed957;text-align: center;vertical-align: middle\"><a title=\"\" href=\"#killer\">Killer questions &#8211; the story behind them<\/a><\/td>\n<td style=\"width: 28.9308%;height: 37px;background-color: #b3b3b3;text-align: center;vertical-align: middle\"><a title=\"\" href=\"#tell\">Tell me about the time when you&#8230;<\/a><\/td>\n<\/tr>\n<tr style=\"height: 5px\">\n<td style=\"height: 10px;width: 17%;text-align: center;vertical-align: middle\">&nbsp;<\/td>\n<td style=\"width: 28.9937%;text-align: center;vertical-align: middle;height: 10px\">&nbsp;<\/td>\n<td style=\"width: 28.9308%;text-align: center;vertical-align: middle;height: 10px\">&nbsp;<\/td>\n<\/tr>\n<tr style=\"height: 37px\">\n<td style=\"width: 17%;height: 37px;background-color: #b3b3b3;text-align: center;vertical-align: middle\">10:20 &#8211; 10:50<\/td>\n<td style=\"width: 28.9937%;height: 37px;background-color: #7ed957;text-align: center;vertical-align: middle\"><a title=\"\" href=\"#skills\">Skills of the future<\/a><\/td>\n<td style=\"height: 37px;background-color: #b3b3b3;text-align: center;vertical-align: middle;width: 28.9308%\"><a title=\"\" href=\"#speed\">Speed Interview<\/a><\/td>\n<\/tr>\n<tr style=\"height: 5px\">\n<td style=\"height: 10px;width: 17%;text-align: center;vertical-align: middle\" colspan=\"3\">&nbsp;<\/td>\n<\/tr>\n<tr style=\"height: 37px\">\n<td style=\"width: 17%;height: 37px;background-color: #b3b3b3;text-align: center;vertical-align: middle\">11:00 &#8211; 11:30<\/td>\n<td style=\"width: 28.9937%;height: 37px;background-color: #7ed957;text-align: center;vertical-align: middle\"><a title=\"\" href=\"#panel\">Panel student\u00f3w \u2013 wymiana do\u015bwiadcze\u0144<\/a><\/td>\n<td style=\"background-color: #b3b3b3;text-align: center;vertical-align: middle;width: 28.9308%;height: 37px\"><a title=\"\" href=\"#speed\">Speed Interview<\/a><\/td>\n<\/tr>\n<tr style=\"height: 5px\">\n<td style=\"height: 13px;width: 17%;text-align: center;vertical-align: middle\">&nbsp;<\/td>\n<td style=\"width: 28.9937%;text-align: center;vertical-align: middle;height: 13px\">&nbsp;<\/td>\n<td style=\"width: 28.9308%;text-align: center;vertical-align: middle;height: 13px\">&nbsp;<\/td>\n<\/tr>\n<tr style=\"height: 37px\">\n<td style=\"width: 17%;height: 37px;background-color: #b3b3b3;text-align: center;vertical-align: middle\">11:40 &#8211; 12:10<\/td>\n<td style=\"width: 28.9937%;height: 37px;background-color: #7ed957;text-align: center;vertical-align: middle\"><a title=\"\" href=\"#play\">&#8217;Play and learn&#8217;- job interview in language games and puzzles.<\/a><\/td>\n<td style=\"width: 28.9308%;height: 37px;background-color: #b3b3b3;text-align: center;vertical-align: middle\"><a title=\"\" href=\"#zbuduj\">Zbuduj mocne CV &#8211; w\u0142a\u015bnie teraz!<\/a><\/td>\n<\/tr>\n<tr style=\"height: 41px\">\n<td style=\"width: 17%;text-align: center;vertical-align: middle;height: 41px\">&nbsp;<\/td>\n<td style=\"width: 28.9937%;text-align: center;vertical-align: middle;height: 41px\">&nbsp;<\/td>\n<td style=\"width: 28.9308%;text-align: center;vertical-align: middle;height: 41px\">&nbsp;<\/td>\n<td style=\"width: 25.0314%;text-align: center;vertical-align: middle;height: 41px\">&nbsp;<\/td>\n<\/tr>\n<tr style=\"height: 41px\">\n<td style=\"width: 17%;height: 41px;background-color: #b3b3b3;text-align: center;vertical-align: middle\">12:00 &#8211; 13:00<\/td>\n<td style=\"width: 82.9559%;height: 41px;background-color: #7ed957;text-align: center;vertical-align: middle\" colspan=\"3\">Profesjonalna sesja zdj\u0119ciowa (do CV, LinkedIn)<\/td>\n<\/tr>\n<tr style=\"height: 5px\">\n<td style=\"height: 5px;width: 17%;text-align: center;vertical-align: middle\">&nbsp;<\/td>\n<td style=\"width: 28.9937%;text-align: center;vertical-align: middle;height: 5px\">&nbsp;<\/td>\n<td style=\"width: 28.9308%;text-align: center;vertical-align: middle;height: 5px\">&nbsp;<\/td>\n<td style=\"width: 25.0314%;text-align: center;vertical-align: middle;height: 5px\">&nbsp;<\/td>\n<\/tr>\n<tr style=\"height: 37px\">\n<td style=\"width: 17%;height: 37px;background-color: #b3b3b3;text-align: center;vertical-align: middle\">12:00 &#8211; 14:00<\/td>\n<td style=\"width: 82.9559%;height: 37px;background-color: #7ed957;text-align: center;vertical-align: middle\" colspan=\"3\">Rozmowy kwalifikacyjne z rekruterami z zaproszonych firm:<br \/>\n<a title=\"\" href=\"https:\/\/pb.edu.pl\/sjo\/wydarzenia-sjo\/mock-job-interview-2023\/pracodawcy\/bee2code\/\">Bee2code<\/a><a id=\"zbuduj\"><\/a><br \/>\n<a title=\"\" href=\"https:\/\/pb.edu.pl\/sjo\/wydarzenia-sjo\/mock-job-interview-2023\/pracodawcy\/czochanscy\/\">Czocha\u0144scy<\/a><br \/>\n<a title=\"\" href=\"https:\/\/pb.edu.pl\/sjo\/wydarzenia-sjo\/mock-job-interview-2023\/pracodawcy\/lbpro\/\">LBPro<\/a><br \/>\n<a href=\"https:\/\/pb.edu.pl\/sjo\/wydarzenia-sjo\/mock-job-interview-2023\/pracodawcy\/sempai\/\">Sempai<\/a><\/td>\n<\/tr>\n<\/tbody>\n<\/table>\n<\/div>\n<h2>Zbuduj mocne CV &#8211; w\u0142a\u015bnie teraz!<\/h2>\n<p><a id=\"skills\"><\/a><br \/>\nWpis z uko\u0144czonymi studiami to super dodatek do CV, ale czy to wystarczy by znale\u017a\u0107 prace? To mo\u017ce by\u0107 zdecydowanie za ma\u0142o. Podczas studi\u00f3w mo\u017cesz r\u00f3\u017cnymi aktywno\u015bciami zbudowa\u0107 mocne CV, kt\u00f3re poka\u017ce Cie z jak najlepszej strony. Na naszym szkoleniu zrobimy burz\u0119 m\u00f3zg\u00f3w i wsp\u00f3lnie opracujemy plan dzia\u0142ania w taki spos\u00f3b by\u015b m\u00f3g\u0142 zaprojektowa\u0107 swoj\u0105 przysz\u0142o\u015b\u0107 i zoptymalizowa\u0107 swoje szanse na \u0142atwiejsze wej\u015bcie na rynek pracy. Ju\u017c teraz zacznij inwestowa\u0107 w swoj\u0105 przysz\u0142o\u015b\u0107.<br \/>\nProwadzi <a href=\"https:\/\/pb.edu.pl\/sjo\/wydarzenia-sjo\/mock-job-interview-2023\/eksperci\/#eliza\">mgr Eliza Masalska<\/a>.<\/p>\n<h2>Skills of the future<\/h2>\n<p><a id=\"speed\"><\/a><br \/>\nKompetencje przysz\u0142o\u015bci wg np. WEF lub OECD: kt\u00f3re ju\u017c posiadam? kt\u00f3re warto rozwin\u0105\u0107? czego oczekuj\u0105 pracodawcy? Warsztat z aktywnym udzia\u0142em grupy: szybkie czytanie, analityczne i kreatywne my\u015blenie, brainstorming, dyskusja i personalizacja.<br \/>\nProwadzi <a href=\"https:\/\/pb.edu.pl\/sjo\/wydarzenia-sjo\/mock-job-interview-2023\/eksperci\/#urszula\">mgr Urszula Socho\u0144-Okruszko<\/a>.<\/p>\n<h2>Speed Interview<\/h2>\n<p><a id=\"tell\"><\/a><br \/>\nWe will go over some of the more difficult interview questions that employers could ask and how to answer them. Then we will break up into two rows and have a number of fast interviews to improve our answers to the most common interview questions.<br \/>\nProwadzi <a href=\"https:\/\/pb.edu.pl\/sjo\/wydarzenia-sjo\/mock-job-interview-2023\/eksperci\/#aniela\">mgr Aniela Staszewska<\/a>.<\/p>\n<h2>Tell me about the time when you&#8230;<\/h2>\n<p><a id=\"play\"><\/a><br \/>\nJasne, proste i precyzyjne wypowiedzi to podstawa w komunikacji. Wykorzystaj technik\u0119 'STAR&#8217;, a Twoja odpowied\u017a na pytanie rekrutera b\u0119dzie przejrzysta, zwi\u0119z\u0142a i &#8230; na temat.<br \/>\nProwadzi <a href=\"https:\/\/pb.edu.pl\/sjo\/wydarzenia-sjo\/mock-job-interview-2023\/eksperci\/#monika\">mgr Monika \u015aleszy\u0144ska<\/a>.<\/p>\n<h2>&#8217;Play and learn&#8217;- job interview in language games and puzzles.<\/h2>\n<p><a id=\"killer\"><\/a><br \/>\nNie od dzisiaj wiadomo, \u017ce najlepiej uczymy si\u0119 wtedy, gdy robimy to mimochodem, st\u0105d tak wielki sukces gier i zagadek j\u0119zykowych. Zapraszam do wsp\u00f3lnej zabawy z nutk\u0105 rywalizacji. Przyjd\u017a i przekonaj si\u0119 czy dobrze znasz s\u0142ownictwo przydatne podczas job interview.<br \/>\nProwadzi <a href=\"https:\/\/pb.edu.pl\/sjo\/wydarzenia-sjo\/mock-job-interview-2023\/eksperci\/#liliana\">mgr Liliana Sienkiewicz<\/a>.<\/p>\n<h2>Killer questions &#8211; the story behind them<\/h2>\n<p><a id=\"to\"><\/a><br \/>\nRozmowa o prac\u0119 to cz\u0119sto dosy\u0107 stresuj\u0105ce do\u015bwiadczenie, a Twoje odpowiedzi na pytania rekrutera mog\u0105 mie\u0107 kluczowe znaczenie w kontek\u015bcie zatrudnienia. Nie za wszystkimi pytaniami kryje si\u0119 to, co by si\u0119 mog\u0142o wydawa\u0107. Jakich pyta\u0144 mo\u017cesz si\u0119 spodziewa\u0107 i jak nie da\u0107 si\u0119 zbi\u0107 z panta\u0142yku?<br \/>\nProwadzi <a href=\"https:\/\/pb.edu.pl\/sjo\/wydarzenia-sjo\/mock-job-interview-2023\/eksperci\/#ma\u0142gorzata\">mgr Ma\u0142gorzata Komarewska<\/a>.<\/p>\n<h2>To ask or not to ask?<\/h2>\n<p><a id=\"panel\"><\/a><br \/>\nRozmowa o prac\u0119 to nie przes\u0142uchanie. Ty r\u00f3wnie\u017c mo\u017cesz, a nawet powiniene\u015b, zadawa\u0107 pytania. Zastan\u00f3wmy si\u0119, jakie pytania zada\u0107, a jakich unika\u0107.<br \/>\nProwadzi <a href=\"https:\/\/pb.edu.pl\/sjo\/wydarzenia-sjo\/mock-job-interview-2023\/eksperci\/#beata\">mgr Beata Falkowska<\/a>.<\/p>\n<h2>Panel student\u00f3w \u2013 wymiana do\u015bwiadcze\u0144<\/h2>\n<p><a id=\"small\"><\/a><br \/>\nStudenci dla student\u00f3w \u2013 odwied\u017a panel student\u00f3w i przekonaj si\u0119 jak naprawd\u0119 wygl\u0105da rozmowa o prac\u0119, jakie pytania najcz\u0119\u015bciej padaj\u0105 i co mo\u017ce Was zaskoczy\u0107. Porozmawiamy o rozmowach kwalifikacyjnych na r\u00f3\u017cne stanowiska, tak\u017ce na takie, w kt\u00f3rych do\u015bwiadczenie nie jest wymagane. B\u0119dziecie mieli okazj\u0119 zadawa\u0107 pytania i opowiada\u0107 o swoich do\u015bwiadczeniach. To b\u0119dzie warto\u015bciowe spotkanie!<\/p>\n<h2>Small talk &#8211; gadka-szmatka<\/h2>\n<p><a id=\"mock\"><\/a><br \/>\nRozmowa o prac\u0119 nie zawsze jest \u015bmiertelnie powa\u017cna i rzeczowa. Niekiedy dla og\u00f3lnego wra\u017cenia wa\u017cniejsza mo\u017ce okaza\u0107 si\u0119 tzw. gadka-szmatka (ang. small talk). Przyda Ci si\u0119 rozgrzewka. Porozmawiaj po angielsku w p\u00f3\u0142-formalnym kontek\u015bcie, sprawd\u017a si\u0119 odpowiadaj\u0105c na zaskakuj\u0105ce pytania, sam spr\u00f3buj zada\u0107 jakie\u015b pytanie.<br \/>\nProwadzi <a href=\"https:\/\/pb.edu.pl\/sjo\/wydarzenia-sjo\/mock-job-interview-2023\/eksperci\/#violetta\">mgr Violetta Grabi\u0144ska<\/a>.<\/p>\n<h2>Mock job interview with the native<\/h2>\n<p><a id=\"probevorstellungsgespr\u00e4ch\"><\/a><br \/>\nPr\u00f3bna rozmowa kwalifikacyjna pomaga nauczy\u0107 si\u0119 odpowiada\u0107 na trudne pytania, opracowa\u0107 strategie rozmowy kwalifikacyjnej, poprawi\u0107 umiej\u0119tno\u015bci komunikacyjne i zmniejszy\u0107 stres przed w\u0142a\u015bciw\u0105 rozmow\u0105 o prac\u0119. Podczas pr\u00f3bnego wywiadu ankieter mo\u017ce u\u017cy\u0107 cz\u0119\u015bciowo ustrukturyzowanego formatu wywiadu, zamiast zadawa\u0107 formaln\u0105 list\u0119 pyta\u0144. Czy masz to, czego potrzeba, aby dobrze zaprezentowa\u0107 si\u0119 na rozmowie o prac\u0119?<br \/>\nProwadzi <a href=\"https:\/\/pb.edu.pl\/sjo\/wydarzenia-sjo\/mock-job-interview-2023\/eksperci\/#meghan\">Meghan Ludke<\/a>.<\/p>\n<h2>Probevorstellungsgespr\u00e4ch<\/h2>\n<p><a id=\"rozmowa\"><\/a><br \/>\n\u0106wiczenie czyni mistrzem. Pr\u00f3bna rozmowa kwalifikacyjna pomaga nauczy\u0107 si\u0119 odpowiada\u0107 na trudne pytania, opracowa\u0107 strategie rozmowy kwalifikacyjnej, poprawi\u0107 umiej\u0119tno\u015bci komunikacyjne i zmniejszy\u0107 stres przed w\u0142a\u015bciw\u0105 rozmow\u0105 o prac\u0119. I to wszystko zupe\u0142nie bez \u017cadnych konsekwencji. Czy masz to, czego potrzeba, aby dobrze zaprezentowa\u0107 si\u0119 na rozmowie o prac\u0119 w j\u0119zyku niemieckim?<\/p>\n<p>\u00dcbung macht den Meister. Ein Probevorstellungsgespr\u00e4ch hilft Ihnen zu lernen, wie Sie schwierige Fragen beantworten, Gespr\u00e4chsstrategien entwickeln, Ihre Kommunikationsf\u00e4higkeiten verbessern und Stress vor dem eigentlichen Vorstellungsgespr\u00e4ch abbauen. Und das alles ganz ohne Konsequenzen. Haben Sie das Zeug dazu, sich bei einem Vorstellungsgespr\u00e4ch gut zu pr\u00e4sentieren?<br \/>\nProwadzi <a href=\"https:\/\/pb.edu.pl\/sjo\/wydarzenia-sjo\/mock-job-interview-2023\/eksperci\/#artur\">mgr Artur Ku\u017amicz<\/a>.<\/p>\n<h2>Rozmowa kwalifikacyjna po rosyjsku<\/h2>\n<p><a id=\"konsultacje\"><\/a><br \/>\nJak przekona\u0107 przysz\u0142ego pracodawc\u0119, \u017ce to w\u0142a\u015bnie Ty jeste\u015b najlepszym kandydatem na to stanowisko? Jak siebie przedstawi\u0107 najkorzystniej? Co m\u00f3wi\u0107, a czego lepiej unika\u0107? Czy mowa cia\u0142a ma znaczenie? Odpowiedzi na te i inne pytania otrzymasz podczas spotkania ze mn\u0105. Rozmowa kwalifikacyjna nie musi by\u0107 trudna, nale\u017cy si\u0119 tylko dobrze do niej przygotowa\u0107!<\/p>\n<p>\u041a\u0430\u043a \u0443\u0431\u0435\u0434\u0438\u0442\u044c \u043f\u043e\u0442\u0435\u043d\u0446\u0438\u0430\u043b\u044c\u043d\u043e\u0433\u043e \u0440\u0430\u0431\u043e\u0442\u043e\u0434\u0430\u0442\u0435\u043b\u044f, \u0447\u0442\u043e \u0438\u043c\u0435\u043d\u043d\u043e \u0432\u044b \u044f\u0432\u043b\u044f\u0435\u0442\u0435\u0441\u044c \u043b\u0443\u0447\u0448\u0438\u043c \u043a\u0430\u043d\u0434\u0438\u0434\u0430\u0442\u043e\u043c \u043d\u0430 \u044d\u0442\u0443 \u0434\u043e\u043b\u0436\u043d\u043e\u0441\u0442\u044c? \u041a\u0430\u043a \u043f\u0440\u0435\u0434\u0441\u0442\u0430\u0432\u0438\u0442\u044c \u0441\u0435\u0431\u044f \u0432 \u043d\u0430\u0438\u0431\u043e\u043b\u0435\u0435 \u0432\u044b\u0433\u043e\u0434\u043d\u043e\u043c \u0441\u0432\u0435\u0442\u0435? \u0427\u0442\u043e \u0433\u043e\u0432\u043e\u0440\u0438\u0442\u044c \u0438 \u0447\u0435\u0433\u043e \u0438\u0437\u0431\u0435\u0433\u0430\u0442\u044c? \u0418\u043c\u0435\u0435\u0442 \u043b\u0438 \u0437\u043d\u0430\u0447\u0435\u043d\u0438\u0435 \u044f\u0437\u044b\u043a \u0442\u0435\u043b\u0430? \u041e\u0442\u0432\u0435\u0442\u044b \u043d\u0430 \u044d\u0442\u0438 \u0438 \u0434\u0440\u0443\u0433\u0438\u0435 \u0432\u043e\u043f\u0440\u043e\u0441\u044b \u0432\u044b \u043f\u043e\u043b\u0443\u0447\u0438\u0442\u0435 \u0432\u043e \u0432\u0440\u0435\u043c\u044f \u0432\u0441\u0442\u0440\u0435\u0447\u0438 \u0441\u043e \u043c\u043d\u043e\u0439. \u0421\u043e\u0431\u0435\u0441\u0435\u0434\u043e\u0432\u0430\u043d\u0438\u0435 \u043d\u0435 \u043e\u0431\u044f\u0437\u0430\u0442\u0435\u043b\u044c\u043d\u043e \u0434\u043e\u043b\u0436\u043d\u043e \u0431\u044b\u0442\u044c \u0441\u043b\u043e\u0436\u043d\u044b\u043c, \u043d\u0443\u0436\u043d\u043e \u043f\u0440\u043e\u0441\u0442\u043e \u0445\u043e\u0440\u043e\u0448\u043e \u043f\u043e\u0434\u0433\u043e\u0442\u043e\u0432\u0438\u0442\u044c\u0441\u044f!<br \/>\nProwadzi <a href=\"https:\/\/pb.edu.pl\/sjo\/wydarzenia-sjo\/mock-job-interview-2023\/eksperci\/#dorota\">mgr Dorota Szuper-Jakubiuk<\/a>.<\/p>\n<h2>Konsultacje z doradc\u0105 zawodowym<\/h2>\n<p>Nasi eksperci z Biura Karier PB podpowiedz\u0105 Ci co zmieni\u0107, aby Twoje dokumenty by\u0142y przygotowane profesjonalnie i skutecznie, odpowiedz\u0105 na pytania dotycz\u0105ce rynku pracy i procesu rekrutacji.<br \/>\nProwadz\u0105 <a href=\"https:\/\/pb.edu.pl\/sjo\/wydarzenia-sjo\/mock-job-interview-2023\/eksperci\/#ewa\">mgr Ewa Kowalczuk-Czapko<\/a> oraz <a href=\"https:\/\/pb.edu.pl\/sjo\/wydarzenia-sjo\/mock-job-interview-2023\/eksperci\/#eliza\">mgr Eliza Masalska<\/a>.<\/p>\n","protected":false},"excerpt":{"rendered":"<p>&nbsp; SPOTKANIA Z EKSPERTEM &#8211; blok 1 SPOTKANIA Z EKSPERTEM \u2013 blok 2 WARSZTATY Z<\/p>\n","protected":false},"author":6,"featured_media":0,"parent":19893,"menu_order":0,"comment_status":"closed","ping_status":"closed","template":"","meta":{"_acf_changed":false,"ngg_post_thumbnail":0,"footnotes":""},"class_list":["post-19899","page","type-page","status-publish","hentry"],"acf":[],"yoast_head":"<!-- This site is optimized with the Yoast SEO plugin v27.0 - https:\/\/yoast.com\/product\/yoast-seo-wordpress\/ -->\n<title>Program - Studium J\u0119zyk\u00f3w Obcych<\/title>\n<meta name=\"description\" content=\"&nbsp; SPOTKANIA Z EKSPERTEM - blok 1 SPOTKANIA Z EKSPERTEM \u2013 blok 2 WARSZTATY Z EKSPERTEM &nbsp;1 9:00 - 09:30 To ask or not to ask? Tell me about the\" \/>\n<meta name=\"robots\" content=\"index, follow, max-snippet:-1, max-image-preview:large, max-video-preview:-1\" \/>\n<link rel=\"canonical\" href=\"https:\/\/pb.edu.pl\/sjo\/wydarzenia-sjo\/mock-job-interview-2023\/program\/\" \/>\n<meta property=\"og:locale\" content=\"pl_PL\" \/>\n<meta property=\"og:type\" content=\"article\" \/>\n<meta property=\"og:title\" content=\"Program - Studium J\u0119zyk\u00f3w Obcych\" \/>\n<meta property=\"og:description\" content=\"&nbsp; SPOTKANIA Z EKSPERTEM - blok 1 SPOTKANIA Z EKSPERTEM \u2013 blok 2 WARSZTATY Z EKSPERTEM &nbsp;1 9:00 - 09:30 To ask or not to ask? Tell me about the\" \/>\n<meta property=\"og:url\" content=\"https:\/\/pb.edu.pl\/sjo\/wydarzenia-sjo\/mock-job-interview-2023\/program\/\" \/>\n<meta property=\"og:site_name\" content=\"Studium J\u0119zyk\u00f3w Obcych\" \/>\n<meta property=\"article:modified_time\" content=\"2023-05-09T08:28:59+00:00\" \/>\n<meta name=\"twitter:label1\" content=\"Szacowany czas czytania\" \/>\n\t<meta name=\"twitter:data1\" content=\"6 minut\" \/>\n<script type=\"application\/ld+json\" class=\"yoast-schema-graph\">{\"@context\":\"https:\/\/schema.org\",\"@graph\":[{\"@type\":\"WebPage\",\"@id\":\"https:\/\/pb.edu.pl\/sjo\/wydarzenia-sjo\/mock-job-interview-2023\/program\/\",\"url\":\"https:\/\/pb.edu.pl\/sjo\/wydarzenia-sjo\/mock-job-interview-2023\/program\/\",\"name\":\"Program - Studium J\u0119zyk\u00f3w Obcych\",\"isPartOf\":{\"@id\":\"https:\/\/pb.edu.pl\/sjo\/#website\"},\"datePublished\":\"2023-04-12T09:39:49+00:00\",\"dateModified\":\"2023-05-09T08:28:59+00:00\",\"description\":\"&nbsp; SPOTKANIA Z EKSPERTEM - blok 1 SPOTKANIA Z EKSPERTEM \u2013 blok 2 WARSZTATY Z EKSPERTEM &nbsp;1 9:00 - 09:30 To ask or not to ask? Tell me about the\",\"breadcrumb\":{\"@id\":\"https:\/\/pb.edu.pl\/sjo\/wydarzenia-sjo\/mock-job-interview-2023\/program\/#breadcrumb\"},\"inLanguage\":\"pl-PL\",\"potentialAction\":[{\"@type\":\"ReadAction\",\"target\":[\"https:\/\/pb.edu.pl\/sjo\/wydarzenia-sjo\/mock-job-interview-2023\/program\/\"]}]},{\"@type\":\"BreadcrumbList\",\"@id\":\"https:\/\/pb.edu.pl\/sjo\/wydarzenia-sjo\/mock-job-interview-2023\/program\/#breadcrumb\",\"itemListElement\":[{\"@type\":\"ListItem\",\"position\":1,\"name\":\"Home\",\"item\":\"https:\/\/pb.edu.pl\/sjo\/\"},{\"@type\":\"ListItem\",\"position\":2,\"name\":\"Wydarzenia SJO\",\"item\":\"https:\/\/pb.edu.pl\/sjo\/wydarzenia-sjo\/\"},{\"@type\":\"ListItem\",\"position\":3,\"name\":\"Mock Job Interview 2023\",\"item\":\"https:\/\/pb.edu.pl\/sjo\/wydarzenia-sjo\/mock-job-interview-2023\/\"},{\"@type\":\"ListItem\",\"position\":4,\"name\":\"Program\"}]},{\"@type\":\"WebSite\",\"@id\":\"https:\/\/pb.edu.pl\/sjo\/#website\",\"url\":\"https:\/\/pb.edu.pl\/sjo\/\",\"name\":\"Studium J\u0119zyk\u00f3w Obcych\",\"description\":\"\",\"potentialAction\":[{\"@type\":\"SearchAction\",\"target\":{\"@type\":\"EntryPoint\",\"urlTemplate\":\"https:\/\/pb.edu.pl\/sjo\/?s={search_term_string}\"},\"query-input\":{\"@type\":\"PropertyValueSpecification\",\"valueRequired\":true,\"valueName\":\"search_term_string\"}}],\"inLanguage\":\"pl-PL\"}]}<\/script>\n<!-- \/ Yoast SEO plugin. -->","yoast_head_json":{"title":"Program - Studium J\u0119zyk\u00f3w Obcych","description":"&nbsp; SPOTKANIA Z EKSPERTEM - blok 1 SPOTKANIA Z EKSPERTEM \u2013 blok 2 WARSZTATY Z EKSPERTEM &nbsp;1 9:00 - 09:30 To ask or not to ask? Tell me about the","robots":{"index":"index","follow":"follow","max-snippet":"max-snippet:-1","max-image-preview":"max-image-preview:large","max-video-preview":"max-video-preview:-1"},"canonical":"https:\/\/pb.edu.pl\/sjo\/wydarzenia-sjo\/mock-job-interview-2023\/program\/","og_locale":"pl_PL","og_type":"article","og_title":"Program - Studium J\u0119zyk\u00f3w Obcych","og_description":"&nbsp; SPOTKANIA Z EKSPERTEM - blok 1 SPOTKANIA Z EKSPERTEM \u2013 blok 2 WARSZTATY Z EKSPERTEM &nbsp;1 9:00 - 09:30 To ask or not to ask? Tell me about the","og_url":"https:\/\/pb.edu.pl\/sjo\/wydarzenia-sjo\/mock-job-interview-2023\/program\/","og_site_name":"Studium J\u0119zyk\u00f3w Obcych","article_modified_time":"2023-05-09T08:28:59+00:00","twitter_misc":{"Szacowany czas czytania":"6 minut"},"schema":{"@context":"https:\/\/schema.org","@graph":[{"@type":"WebPage","@id":"https:\/\/pb.edu.pl\/sjo\/wydarzenia-sjo\/mock-job-interview-2023\/program\/","url":"https:\/\/pb.edu.pl\/sjo\/wydarzenia-sjo\/mock-job-interview-2023\/program\/","name":"Program - Studium J\u0119zyk\u00f3w Obcych","isPartOf":{"@id":"https:\/\/pb.edu.pl\/sjo\/#website"},"datePublished":"2023-04-12T09:39:49+00:00","dateModified":"2023-05-09T08:28:59+00:00","description":"&nbsp; SPOTKANIA Z EKSPERTEM - blok 1 SPOTKANIA Z EKSPERTEM \u2013 blok 2 WARSZTATY Z EKSPERTEM &nbsp;1 9:00 - 09:30 To ask or not to ask? Tell me about the","breadcrumb":{"@id":"https:\/\/pb.edu.pl\/sjo\/wydarzenia-sjo\/mock-job-interview-2023\/program\/#breadcrumb"},"inLanguage":"pl-PL","potentialAction":[{"@type":"ReadAction","target":["https:\/\/pb.edu.pl\/sjo\/wydarzenia-sjo\/mock-job-interview-2023\/program\/"]}]},{"@type":"BreadcrumbList","@id":"https:\/\/pb.edu.pl\/sjo\/wydarzenia-sjo\/mock-job-interview-2023\/program\/#breadcrumb","itemListElement":[{"@type":"ListItem","position":1,"name":"Home","item":"https:\/\/pb.edu.pl\/sjo\/"},{"@type":"ListItem","position":2,"name":"Wydarzenia SJO","item":"https:\/\/pb.edu.pl\/sjo\/wydarzenia-sjo\/"},{"@type":"ListItem","position":3,"name":"Mock Job Interview 2023","item":"https:\/\/pb.edu.pl\/sjo\/wydarzenia-sjo\/mock-job-interview-2023\/"},{"@type":"ListItem","position":4,"name":"Program"}]},{"@type":"WebSite","@id":"https:\/\/pb.edu.pl\/sjo\/#website","url":"https:\/\/pb.edu.pl\/sjo\/","name":"Studium J\u0119zyk\u00f3w Obcych","description":"","potentialAction":[{"@type":"SearchAction","target":{"@type":"EntryPoint","urlTemplate":"https:\/\/pb.edu.pl\/sjo\/?s={search_term_string}"},"query-input":{"@type":"PropertyValueSpecification","valueRequired":true,"valueName":"search_term_string"}}],"inLanguage":"pl-PL"}]}},"_links":{"self":[{"href":"https:\/\/pb.edu.pl\/sjo\/wp-json\/wp\/v2\/pages\/19899","targetHints":{"allow":["GET"]}}],"collection":[{"href":"https:\/\/pb.edu.pl\/sjo\/wp-json\/wp\/v2\/pages"}],"about":[{"href":"https:\/\/pb.edu.pl\/sjo\/wp-json\/wp\/v2\/types\/page"}],"author":[{"embeddable":true,"href":"https:\/\/pb.edu.pl\/sjo\/wp-json\/wp\/v2\/users\/6"}],"replies":[{"embeddable":true,"href":"https:\/\/pb.edu.pl\/sjo\/wp-json\/wp\/v2\/comments?post=19899"}],"version-history":[{"count":0,"href":"https:\/\/pb.edu.pl\/sjo\/wp-json\/wp\/v2\/pages\/19899\/revisions"}],"up":[{"embeddable":true,"href":"https:\/\/pb.edu.pl\/sjo\/wp-json\/wp\/v2\/pages\/19893"}],"wp:attachment":[{"href":"https:\/\/pb.edu.pl\/sjo\/wp-json\/wp\/v2\/media?parent=19899"}],"curies":[{"name":"wp","href":"https:\/\/api.w.org\/{rel}","templated":true}]}}