{"id":19634,"date":"2023-03-27T13:07:28","date_gmt":"2023-03-27T11:07:28","guid":{"rendered":"https:\/\/pb.edu.pl\/sjo\/?page_id=19634"},"modified":"2025-10-20T10:41:09","modified_gmt":"2025-10-20T08:41:09","slug":"strategia-sjo","status":"publish","type":"page","link":"https:\/\/pb.edu.pl\/sjo\/o-nas\/strategia-sjo\/","title":{"rendered":"Strategia SJO"},"content":{"rendered":"<h2 style=\"text-align: center\"><strong>STRATEGIA ROZWOJU STUDIUM J\u0118ZYK\u00d3W OBCYCH PB NA LATA 2025-2028<\/strong><\/h2>\n<p>z dnia 30.09.2025<\/p>\n<p>Za\u0142o\u017cenia Strategii Rozwoju Studium J\u0119zyk\u00f3w Obcych PB na lata 2025-2028 s\u0105 zbie\u017cne z obecnie obowi\u0105zuj\u0105c\u0105 Strategi\u0105 Rozwoju Politechniki Bia\u0142ostockiej na lata 2025-2028 z perspektyw\u0105 przed\u0142u\u017cenia do 2035 oraz ze strategi\u0105 zr\u00f3wnowa\u017conego rozwoju Uczelni pod nazw\u0105 \u201eMoja zielona PB\u201d. W zwi\u0105zku z powy\u017cszym proponujemy realizacj\u0119 nast\u0119puj\u0105cych dzia\u0142a\u0144:<\/p>\n<ol>\n<li>sta\u0142a praca nad popraw\u0105 jako\u015bci nauczania j\u0119zyk\u00f3w obcych poprzez nadz\u00f3r kierowniczy (hospitacje \u2013 dzia\u0142ania Zespo\u0142u ds. Hospitacji \u2013 cz\u0142onkiem zespo\u0142u jest Zast\u0119pca Kierownika SJO) oraz dzia\u0142ania maj\u0105ce na celu utrzymanie wysokiego poziomu dydaktyki, m.in. organizacja regularnych spotka\u0144 dydaktycznych Zespo\u0142u SJO, nadz\u00f3r nad jako\u015bci\u0105 materia\u0142\u00f3w dydaktycznych, organizacja wewn\u0105trzstudyjnych wydarze\u0144 j\u0119zykowych\/konkurs\u00f3w maj\u0105cych na celu zmotywowanie student\u00f3w do uczenia si\u0119 j\u0119zyk\u00f3w obcych, bie\u017c\u0105ca weryfikacja zasad zaliczenia,<\/li>\n<li>organizacja cyklicznych wydarze\u0144 maj\u0105cych na celu popularyzacj\u0119 dzia\u0142alno\u015bci SJO: Mock Job Interview, Konkurs Fotograficzny, Konkurs Piosenki Obcoj\u0119zycznej,<\/li>\n<li>wsp\u00f3\u0142udzia\u0142 w wydarzeniach uczelnianych maj\u0105cych na celu popularyzacj\u0119 dzia\u0142alno\u015bci SJO oraz Uczelni: Salon Maturzyst\u00f3w, Erasmus Days, Zlot K\u00f3\u0142 Naukowych PB, Dni Otwarte PB, Podlaski Festiwal Nauki i Sztuki, International Week, konkurs matematyczny SIGNUM,<\/li>\n<li>udzia\u0142 w olimpiadach j\u0119zykowych: Og\u00f3lnopolska Olimpiada J\u0119zyka Angielskiego Wy\u017cszych Uczelni Technicznych, Olimpiada J\u0119zyka Niemieckiego,<\/li>\n<li>popularyzacja idei konieczno\u015bci uczenia si\u0119 j\u0119zyk\u00f3w obcych poprzez materia\u0142y j\u0119zykowe i motywacyjne zamieszczane regularnie na stronie SJO oraz profilach SJO w mediach spo\u0142eczno\u015bciowych,<\/li>\n<li>zapewnienie interesuj\u0105cej i szerokiej oferty egzamin\u00f3w j\u0119zykowych (TOEIC, Language Cert, UCJ, TEC, English Score) oraz j\u0119zykowych kurs\u00f3w komercyjnych (polski, hiszpa\u0144ski, angielski) dost\u0119pnych w SJO,<\/li>\n<li>wsp\u00f3\u0142praca ze szko\u0142ami podstawowymi\/ponadpodstawowymi w regionie poprzez organizacj\u0119 zaj\u0119\u0107 j\u0119zykowych w szko\u0142ach przez wyk\u0142adowc\u00f3w SJO w celu promowania Uczelni,<\/li>\n<li>promowanie koncepcji umi\u0119dzynarodowienia Uczelni poprzez wsparcie inicjatyw Programu Erasmus+ oraz zach\u0119canie student\u00f3w PB oraz pracownik\u00f3w SJO PB do udzia\u0142u w wymianie mi\u0119dzyuczelnianej w ramach programu Erasmus+,<\/li>\n<li>wsp\u00f3\u0142praca z Polsko-Ameryka\u0144sk\u0105 Fundacj\u0105 Fulbright\u2019a \u2013 aplikacje o przyjazd kolejnych stypendyst\u00f3w Programu Fulbright do SJO PB,<\/li>\n<li>kontynuacja cz\u0142onkostwa w SERMO \u2013 Stowarzyszenie Akademickich O\u015brodk\u00f3w Nauczania J\u0119zyk\u00f3w Obcych &#8211; w celu wymiany do\u015bwiadcze\u0144 z kadr\u0105 kierownicz\u0105 jednostek og\u00f3lnouczelnianych podobnych do SJO funkcjonuj\u0105cych na innych uczelniach w Polsce,<\/li>\n<li>przeprowadzenie akredytacji SERMO,<\/li>\n<li>planowane wprowadzenie zapis\u00f3w na lektoraty drog\u0105 elektroniczn\u0105,<\/li>\n<li>wspieranie i promowanie nauczania j\u0119zyk\u00f3w obcych innych ni\u017c angielski, tzn. hiszpa\u0144skiego, niemieckiego, rosyjskiego oraz ukrai\u0144skiego, mi\u0119dzy innymi poprzez ofert\u0119 lektorat\u00f3w obieralnych.<\/li>\n<\/ol>\n<p>Wy\u017cej wymienione dzia\u0142ania maj\u0105 na celu podkre\u015blenie integralno\u015bci Studium J\u0119zyk\u00f3w Obcych z Uczelni\u0105 i b\u0119d\u0105 realizowane w ramach nast\u0119puj\u0105cych zespo\u0142\u00f3w:<\/p>\n<p><strong>Zespo\u0142y w SJO:<\/strong><\/p>\n<ul>\n<li>Zesp\u00f3\u0142 ds. Jako\u015bci Kszta\u0142cenia \u2013 wsp\u00f3\u0142praca z wydzia\u0142ami Politechniki Bia\u0142ostockiej w zakresie tworzenia kart przedmiotu,<\/li>\n<li>Zesp\u00f3\u0142 Tutorski \u2013 kontynuacja promowania tutoringu w\u015br\u00f3d student\u00f3w i innych pracownik\u00f3w PB, dalszy rozw\u00f3j kariery zawodowej tutor\u00f3w, zacie\u015bnianie kontakt\u00f3w z tutorami PB oraz tutorami z innych uczelni w celu wymiany do\u015bwiadcze\u0144,<\/li>\n<li>Zesp\u00f3\u0142 ds. Egzamin\u00f3w Komercyjnych \u2013 rozwijanie oferty egzamin\u00f3w komercyjnych i wsp\u00f3\u0142praca z Partnerami w tym zakresie,<\/li>\n<li>Zesp\u00f3\u0142 ds. Hospitacji \u2013 organizacja i dok\u0142adne om\u00f3wienie hospitacji planowych oraz innych, w zale\u017cno\u015bci od potrzeb,<\/li>\n<li>Zesp\u00f3\u0142 ds. Dzia\u0142a\u0144 Projektowych \u2013 wsp\u00f3\u0142praca z Biurem ds. Rozwoju i Program\u00f3w Mi\u0119dzynarodowych,<\/li>\n<li>Zesp\u00f3\u0142 ds. Baltic University Programme \u2013 propagowanie koncepcji zr\u00f3wnowa\u017conego rozwoju w uczelniach nale\u017c\u0105cych do programu, skupionych w rejonie Morza Ba\u0142tyckiego,<\/li>\n<li>Centrum J\u0119zyka i Kultury Polskiej POLISH LAB \u2013 Centrum POLISH LAB \u2013 promowanie j\u0119zyka i kultury naszego kraju w\u015br\u00f3d cudzoziemc\u00f3w poprzez organizacj\u0119 imprez kulturowych, organizacja Pa\u0144stwowego Egzaminu z J\u0119zyka Polskiego jako Obcego.<\/li>\n<\/ul>\n<p><strong>Opracowanie:<br \/>\nVioletta Grabi\u0144ska, MBA &#8211; Kierownik SJO PB<br \/>\nmgr Ma\u0142gorzata Komarewska &#8211; Z-ca Kierownika SJO PB<\/strong><\/p>\n","protected":false},"excerpt":{"rendered":"<p>STRATEGIA ROZWOJU STUDIUM J\u0118ZYK\u00d3W OBCYCH PB NA LATA 2025-2028 z dnia 30.09.2025 Za\u0142o\u017cenia Strategii Rozwoju<\/p>\n","protected":false},"author":6,"featured_media":0,"parent":14,"menu_order":0,"comment_status":"closed","ping_status":"closed","template":"","meta":{"_acf_changed":false,"ngg_post_thumbnail":0,"footnotes":""},"class_list":["post-19634","page","type-page","status-publish","hentry"],"acf":[],"yoast_head":"<!-- This site is optimized with the Yoast SEO plugin v27.0 - https:\/\/yoast.com\/product\/yoast-seo-wordpress\/ -->\n<title>Strategia SJO - Studium J\u0119zyk\u00f3w Obcych<\/title>\n<meta name=\"description\" content=\"STRATEGIA ROZWOJU STUDIUM J\u0118ZYK\u00d3W OBCYCH PB NA LATA 2025-2028 z dnia 30.09.2025 Za\u0142o\u017cenia Strategii Rozwoju Studium J\u0119zyk\u00f3w Obcych PB na lata 2025-2028 s\u0105\" \/>\n<meta name=\"robots\" content=\"index, follow, max-snippet:-1, max-image-preview:large, max-video-preview:-1\" \/>\n<link rel=\"canonical\" href=\"https:\/\/pb.edu.pl\/sjo\/o-nas\/strategia-sjo\/\" \/>\n<meta property=\"og:locale\" content=\"pl_PL\" \/>\n<meta property=\"og:type\" content=\"article\" \/>\n<meta property=\"og:title\" content=\"Strategia SJO - Studium J\u0119zyk\u00f3w Obcych\" \/>\n<meta property=\"og:description\" content=\"STRATEGIA ROZWOJU STUDIUM J\u0118ZYK\u00d3W OBCYCH PB NA LATA 2025-2028 z dnia 30.09.2025 Za\u0142o\u017cenia Strategii Rozwoju Studium J\u0119zyk\u00f3w Obcych PB na lata 2025-2028 s\u0105\" \/>\n<meta property=\"og:url\" content=\"https:\/\/pb.edu.pl\/sjo\/o-nas\/strategia-sjo\/\" \/>\n<meta property=\"og:site_name\" content=\"Studium J\u0119zyk\u00f3w Obcych\" \/>\n<meta property=\"article:modified_time\" content=\"2025-10-20T08:41:09+00:00\" \/>\n<meta name=\"twitter:label1\" content=\"Szacowany czas czytania\" \/>\n\t<meta name=\"twitter:data1\" content=\"4 minuty\" \/>\n<script type=\"application\/ld+json\" class=\"yoast-schema-graph\">{\"@context\":\"https:\/\/schema.org\",\"@graph\":[{\"@type\":\"WebPage\",\"@id\":\"https:\/\/pb.edu.pl\/sjo\/o-nas\/strategia-sjo\/\",\"url\":\"https:\/\/pb.edu.pl\/sjo\/o-nas\/strategia-sjo\/\",\"name\":\"Strategia SJO - Studium J\u0119zyk\u00f3w Obcych\",\"isPartOf\":{\"@id\":\"https:\/\/pb.edu.pl\/sjo\/#website\"},\"datePublished\":\"2023-03-27T11:07:28+00:00\",\"dateModified\":\"2025-10-20T08:41:09+00:00\",\"description\":\"STRATEGIA ROZWOJU STUDIUM J\u0118ZYK\u00d3W OBCYCH PB NA LATA 2025-2028 z dnia 30.09.2025 Za\u0142o\u017cenia Strategii Rozwoju Studium J\u0119zyk\u00f3w Obcych PB na lata 2025-2028 s\u0105\",\"breadcrumb\":{\"@id\":\"https:\/\/pb.edu.pl\/sjo\/o-nas\/strategia-sjo\/#breadcrumb\"},\"inLanguage\":\"pl-PL\",\"potentialAction\":[{\"@type\":\"ReadAction\",\"target\":[\"https:\/\/pb.edu.pl\/sjo\/o-nas\/strategia-sjo\/\"]}]},{\"@type\":\"BreadcrumbList\",\"@id\":\"https:\/\/pb.edu.pl\/sjo\/o-nas\/strategia-sjo\/#breadcrumb\",\"itemListElement\":[{\"@type\":\"ListItem\",\"position\":1,\"name\":\"Home\",\"item\":\"https:\/\/pb.edu.pl\/sjo\/\"},{\"@type\":\"ListItem\",\"position\":2,\"name\":\"O nas\",\"item\":\"https:\/\/pb.edu.pl\/sjo\/o-nas\/\"},{\"@type\":\"ListItem\",\"position\":3,\"name\":\"Strategia SJO\"}]},{\"@type\":\"WebSite\",\"@id\":\"https:\/\/pb.edu.pl\/sjo\/#website\",\"url\":\"https:\/\/pb.edu.pl\/sjo\/\",\"name\":\"Studium J\u0119zyk\u00f3w Obcych\",\"description\":\"\",\"potentialAction\":[{\"@type\":\"SearchAction\",\"target\":{\"@type\":\"EntryPoint\",\"urlTemplate\":\"https:\/\/pb.edu.pl\/sjo\/?s={search_term_string}\"},\"query-input\":{\"@type\":\"PropertyValueSpecification\",\"valueRequired\":true,\"valueName\":\"search_term_string\"}}],\"inLanguage\":\"pl-PL\"}]}<\/script>\n<!-- \/ Yoast SEO plugin. -->","yoast_head_json":{"title":"Strategia SJO - Studium J\u0119zyk\u00f3w Obcych","description":"STRATEGIA ROZWOJU STUDIUM J\u0118ZYK\u00d3W OBCYCH PB NA LATA 2025-2028 z dnia 30.09.2025 Za\u0142o\u017cenia Strategii Rozwoju Studium J\u0119zyk\u00f3w Obcych PB na lata 2025-2028 s\u0105","robots":{"index":"index","follow":"follow","max-snippet":"max-snippet:-1","max-image-preview":"max-image-preview:large","max-video-preview":"max-video-preview:-1"},"canonical":"https:\/\/pb.edu.pl\/sjo\/o-nas\/strategia-sjo\/","og_locale":"pl_PL","og_type":"article","og_title":"Strategia SJO - Studium J\u0119zyk\u00f3w Obcych","og_description":"STRATEGIA ROZWOJU STUDIUM J\u0118ZYK\u00d3W OBCYCH PB NA LATA 2025-2028 z dnia 30.09.2025 Za\u0142o\u017cenia Strategii Rozwoju Studium J\u0119zyk\u00f3w Obcych PB na lata 2025-2028 s\u0105","og_url":"https:\/\/pb.edu.pl\/sjo\/o-nas\/strategia-sjo\/","og_site_name":"Studium J\u0119zyk\u00f3w Obcych","article_modified_time":"2025-10-20T08:41:09+00:00","twitter_misc":{"Szacowany czas czytania":"4 minuty"},"schema":{"@context":"https:\/\/schema.org","@graph":[{"@type":"WebPage","@id":"https:\/\/pb.edu.pl\/sjo\/o-nas\/strategia-sjo\/","url":"https:\/\/pb.edu.pl\/sjo\/o-nas\/strategia-sjo\/","name":"Strategia SJO - Studium J\u0119zyk\u00f3w Obcych","isPartOf":{"@id":"https:\/\/pb.edu.pl\/sjo\/#website"},"datePublished":"2023-03-27T11:07:28+00:00","dateModified":"2025-10-20T08:41:09+00:00","description":"STRATEGIA ROZWOJU STUDIUM J\u0118ZYK\u00d3W OBCYCH PB NA LATA 2025-2028 z dnia 30.09.2025 Za\u0142o\u017cenia Strategii Rozwoju Studium J\u0119zyk\u00f3w Obcych PB na lata 2025-2028 s\u0105","breadcrumb":{"@id":"https:\/\/pb.edu.pl\/sjo\/o-nas\/strategia-sjo\/#breadcrumb"},"inLanguage":"pl-PL","potentialAction":[{"@type":"ReadAction","target":["https:\/\/pb.edu.pl\/sjo\/o-nas\/strategia-sjo\/"]}]},{"@type":"BreadcrumbList","@id":"https:\/\/pb.edu.pl\/sjo\/o-nas\/strategia-sjo\/#breadcrumb","itemListElement":[{"@type":"ListItem","position":1,"name":"Home","item":"https:\/\/pb.edu.pl\/sjo\/"},{"@type":"ListItem","position":2,"name":"O nas","item":"https:\/\/pb.edu.pl\/sjo\/o-nas\/"},{"@type":"ListItem","position":3,"name":"Strategia SJO"}]},{"@type":"WebSite","@id":"https:\/\/pb.edu.pl\/sjo\/#website","url":"https:\/\/pb.edu.pl\/sjo\/","name":"Studium J\u0119zyk\u00f3w Obcych","description":"","potentialAction":[{"@type":"SearchAction","target":{"@type":"EntryPoint","urlTemplate":"https:\/\/pb.edu.pl\/sjo\/?s={search_term_string}"},"query-input":{"@type":"PropertyValueSpecification","valueRequired":true,"valueName":"search_term_string"}}],"inLanguage":"pl-PL"}]}},"_links":{"self":[{"href":"https:\/\/pb.edu.pl\/sjo\/wp-json\/wp\/v2\/pages\/19634","targetHints":{"allow":["GET"]}}],"collection":[{"href":"https:\/\/pb.edu.pl\/sjo\/wp-json\/wp\/v2\/pages"}],"about":[{"href":"https:\/\/pb.edu.pl\/sjo\/wp-json\/wp\/v2\/types\/page"}],"author":[{"embeddable":true,"href":"https:\/\/pb.edu.pl\/sjo\/wp-json\/wp\/v2\/users\/6"}],"replies":[{"embeddable":true,"href":"https:\/\/pb.edu.pl\/sjo\/wp-json\/wp\/v2\/comments?post=19634"}],"version-history":[{"count":0,"href":"https:\/\/pb.edu.pl\/sjo\/wp-json\/wp\/v2\/pages\/19634\/revisions"}],"up":[{"embeddable":true,"href":"https:\/\/pb.edu.pl\/sjo\/wp-json\/wp\/v2\/pages\/14"}],"wp:attachment":[{"href":"https:\/\/pb.edu.pl\/sjo\/wp-json\/wp\/v2\/media?parent=19634"}],"curies":[{"name":"wp","href":"https:\/\/api.w.org\/{rel}","templated":true}]}}