{"id":18735,"date":"2023-02-15T11:45:00","date_gmt":"2023-02-15T10:45:00","guid":{"rendered":"https:\/\/pb.edu.pl\/sjo\/?page_id=18735"},"modified":"2026-01-27T10:48:20","modified_gmt":"2026-01-27T09:48:20","slug":"poczatek-przygody-z-hiszpanskim","status":"publish","type":"page","link":"https:\/\/pb.edu.pl\/sjo\/dla-studenta\/lektoraty-obieralne\/poczatek-przygody-z-hiszpanskim\/","title":{"rendered":"Pocz\u0105tek przygody z hiszpa\u0144skim"},"content":{"rendered":"<h2>Czego si\u0119 mog\u0119 nauczy\u0107?<\/h2>\n<p>Zacznijmy od tego, \u017ce startujemy od zera, wi\u0119c znajomo\u015b\u0107 j\u0119zyka hiszpa\u0144skiego nie jest potrzebna. Zmierzamy do osi\u0105gni\u0119cia poziomu A1. Na pierwszym etapie lektoratu (30 godzin) poznamy:<\/p>\n<ul>\n<li>podstawowe zwroty do codziennej komunikacji w j\u0119zyku hiszpa\u0144skim,<\/li>\n<li>podstawowe czasowniki oraz ich odmian\u0119 w czasie tera\u017aniejszym,<\/li>\n<li>nazwy dni tygodnia, miesi\u0119cy, kolory, liczby 0-1000, godziny, liczb\u0119 pojedyncz\u0105 i mnog\u0105 rzeczownika, nazwy zawod\u00f3w, cz\u0142onk\u00f3w rodziny, kraje i narodowo\u015bci, nazwy przedmiot\u00f3w w najbli\u017cszym otoczeniu, zaimki dzier\u017cawcze (m\u00f3j, tw\u00f3j, itd.), przyimki s\u0142u\u017c\u0105ce do opisu umiejscowienia przedmiot\u00f3w (przed, nad, za, itd.),<\/li>\n<li>utwory muzyczne w j\u0119zyku hiszpa\u0144skim oraz kultur\u0119 hiszpa\u0144sk\u0105 (miejsca, jedzenie, obchodzone \u015bwi\u0119ta, zwyczaje, itd.).<\/li>\n<\/ul>\n<p>Planowane s\u0105 <strong>dwie grupy<\/strong> (obydwie na poziomie A1, czyli &#8222;od zera&#8221;).<br \/>\n<strong>UWAGA<\/strong>: <u>Przydzia\u0142 do grup<\/u> b\u0119dzie uzale\u017cniony od rozk\u0142adu na semestr letni i <u>zostanie dokonany przez opiekuna j\u0119zykowego<\/u>.<\/p>\n<h2>Kiedy?<\/h2>\n<p><strong><span style=\"color: #ff0000\">UWAGA! Zmiana terminu zaj\u0119\u0107<\/span><\/strong><br \/>\nZaj\u0119cia odbywaj\u0105 si\u0119 we <span style=\"color: #ff0000\">czwartki<\/span> w godz. <span style=\"color: #ff0000\">16:15-17:45<\/span> i <span style=\"color: #ff0000\">17:55-19:25<\/span>. Lektorat rusza od semestru letniego 2025\/26.&nbsp;<\/p>\n<h2>Brzmi ciekawie! Rejestruj\u0119 si\u0119.<\/h2>\n<p>Zarejestruj si\u0119 przez <a href=\"https:\/\/usosweb.pb.edu.pl\/kontroler.php?_action=news\/default\">USOSweb<\/a> do 23.01.2026.<\/p>\n<h2>Kto prowadzi zaj\u0119cia?<\/h2>\n<p><strong><img loading=\"lazy\" decoding=\"async\" class=\"alignleft wp-image-13480\" src=\"https:\/\/pb.edu.pl\/sjo\/wp-content\/uploads\/sites\/9\/2022\/04\/VG-300x300.png\" alt=\"Profil_VGrabinska\" width=\"350\" height=\"350\" srcset=\"https:\/\/pb.edu.pl\/sjo\/wp-content\/uploads\/sites\/9\/2022\/04\/VG-300x300.png 300w, https:\/\/pb.edu.pl\/sjo\/wp-content\/uploads\/sites\/9\/2022\/04\/VG.png 500w\" sizes=\"auto, (max-width: 350px) 100vw, 350px\" \/><\/strong><\/p>\n<p>&nbsp;<\/p>\n<p><strong>Mgr Violetta Grabi\u0144ska<\/strong><\/p>\n<p>Wyk\u0142adowczyni j\u0119zyka angielskiego i hiszpa\u0144skiego w Studium J\u0119zyk\u00f3w Obcych Politechniki Bia\u0142ostockiej, tutorka z do\u015bwiadczeniem po przeprowadzeniu dw\u00f3ch tutoriali w PB, zainteresowana r\u00f3wnie\u017c zagadnieniami z zakresu neuror\u00f3\u017cnorodno\u015bci, leadership and management, absolwentka MBA \u2013 Innowacje i Analiza Danych, doktorantka w Szkole Doktorskiej Politechniki Bia\u0142ostockiej w dyscyplinie nauki o zarz\u0105dzaniu i jako\u015bci, pasjonatka podr\u00f3\u017cy i zwolenniczka Erasmusa \u2013 w ramach programu Erasmus+ pracowa\u0142am ze studentami w Hiszpanii, Czechach, Finlandii i Ameryce Po\u0142udniowej (Boliwia). Uwielbiam dobr\u0105 lektur\u0119, koty, g\u00f3rskie w\u0119dr\u00f3wki, fitness i jazd\u0119 rowerem.<\/p>\n<a href=\"#\" rel=\"nofollow\"  onclick=\"this.href='mailto:' + 'v.grabinska' + '@' + 'pb.edu.pl'\">v.grabinska [at] pb.edu.pl<\/a>\n","protected":false},"excerpt":{"rendered":"<p>Czego si\u0119 mog\u0119 nauczy\u0107? Zacznijmy od tego, \u017ce startujemy od zera, wi\u0119c znajomo\u015b\u0107 j\u0119zyka hiszpa\u0144skiego<\/p>\n","protected":false},"author":6,"featured_media":0,"parent":18747,"menu_order":0,"comment_status":"closed","ping_status":"closed","template":"","meta":{"_acf_changed":false,"ngg_post_thumbnail":0,"footnotes":""},"class_list":["post-18735","page","type-page","status-publish","hentry"],"acf":[],"yoast_head":"<!-- This site is optimized with the Yoast SEO plugin v27.0 - https:\/\/yoast.com\/product\/yoast-seo-wordpress\/ -->\n<title>Pocz\u0105tek przygody z hiszpa\u0144skim - Studium J\u0119zyk\u00f3w Obcych<\/title>\n<meta name=\"description\" content=\"Czego si\u0119 mog\u0119 nauczy\u0107? Zacznijmy od tego, \u017ce startujemy od zera, wi\u0119c znajomo\u015b\u0107 j\u0119zyka hiszpa\u0144skiego nie jest potrzebna. Zmierzamy do osi\u0105gni\u0119cia poziomu\" \/>\n<meta name=\"robots\" content=\"index, follow, max-snippet:-1, max-image-preview:large, max-video-preview:-1\" \/>\n<link rel=\"canonical\" href=\"https:\/\/pb.edu.pl\/sjo\/dla-studenta\/lektoraty-obieralne\/poczatek-przygody-z-hiszpanskim\/\" \/>\n<meta property=\"og:locale\" content=\"pl_PL\" \/>\n<meta property=\"og:type\" content=\"article\" \/>\n<meta property=\"og:title\" content=\"Pocz\u0105tek przygody z hiszpa\u0144skim - Studium J\u0119zyk\u00f3w Obcych\" \/>\n<meta property=\"og:description\" content=\"Czego si\u0119 mog\u0119 nauczy\u0107? Zacznijmy od tego, \u017ce startujemy od zera, wi\u0119c znajomo\u015b\u0107 j\u0119zyka hiszpa\u0144skiego nie jest potrzebna. Zmierzamy do osi\u0105gni\u0119cia poziomu\" \/>\n<meta property=\"og:url\" content=\"https:\/\/pb.edu.pl\/sjo\/dla-studenta\/lektoraty-obieralne\/poczatek-przygody-z-hiszpanskim\/\" \/>\n<meta property=\"og:site_name\" content=\"Studium J\u0119zyk\u00f3w Obcych\" \/>\n<meta property=\"article:modified_time\" content=\"2026-01-27T09:48:20+00:00\" \/>\n<meta property=\"og:image\" content=\"https:\/\/pb.edu.pl\/sjo\/wp-content\/uploads\/sites\/9\/2022\/04\/VG.png\" \/>\n\t<meta property=\"og:image:width\" content=\"500\" \/>\n\t<meta property=\"og:image:height\" content=\"500\" \/>\n\t<meta property=\"og:image:type\" content=\"image\/png\" \/>\n<meta name=\"twitter:label1\" content=\"Szacowany czas czytania\" \/>\n\t<meta name=\"twitter:data1\" content=\"2 minuty\" \/>\n<script type=\"application\/ld+json\" class=\"yoast-schema-graph\">{\"@context\":\"https:\/\/schema.org\",\"@graph\":[{\"@type\":\"WebPage\",\"@id\":\"https:\/\/pb.edu.pl\/sjo\/dla-studenta\/lektoraty-obieralne\/poczatek-przygody-z-hiszpanskim\/\",\"url\":\"https:\/\/pb.edu.pl\/sjo\/dla-studenta\/lektoraty-obieralne\/poczatek-przygody-z-hiszpanskim\/\",\"name\":\"Pocz\u0105tek przygody z hiszpa\u0144skim - Studium J\u0119zyk\u00f3w Obcych\",\"isPartOf\":{\"@id\":\"https:\/\/pb.edu.pl\/sjo\/#website\"},\"primaryImageOfPage\":{\"@id\":\"https:\/\/pb.edu.pl\/sjo\/dla-studenta\/lektoraty-obieralne\/poczatek-przygody-z-hiszpanskim\/#primaryimage\"},\"image\":{\"@id\":\"https:\/\/pb.edu.pl\/sjo\/dla-studenta\/lektoraty-obieralne\/poczatek-przygody-z-hiszpanskim\/#primaryimage\"},\"thumbnailUrl\":\"https:\/\/pb.edu.pl\/sjo\/wp-content\/uploads\/sites\/9\/2022\/04\/VG-300x300.png\",\"datePublished\":\"2023-02-15T10:45:00+00:00\",\"dateModified\":\"2026-01-27T09:48:20+00:00\",\"description\":\"Czego si\u0119 mog\u0119 nauczy\u0107? Zacznijmy od tego, \u017ce startujemy od zera, wi\u0119c znajomo\u015b\u0107 j\u0119zyka hiszpa\u0144skiego nie jest potrzebna. Zmierzamy do osi\u0105gni\u0119cia poziomu\",\"breadcrumb\":{\"@id\":\"https:\/\/pb.edu.pl\/sjo\/dla-studenta\/lektoraty-obieralne\/poczatek-przygody-z-hiszpanskim\/#breadcrumb\"},\"inLanguage\":\"pl-PL\",\"potentialAction\":[{\"@type\":\"ReadAction\",\"target\":[\"https:\/\/pb.edu.pl\/sjo\/dla-studenta\/lektoraty-obieralne\/poczatek-przygody-z-hiszpanskim\/\"]}]},{\"@type\":\"ImageObject\",\"inLanguage\":\"pl-PL\",\"@id\":\"https:\/\/pb.edu.pl\/sjo\/dla-studenta\/lektoraty-obieralne\/poczatek-przygody-z-hiszpanskim\/#primaryimage\",\"url\":\"https:\/\/pb.edu.pl\/sjo\/wp-content\/uploads\/sites\/9\/2022\/04\/VG.png\",\"contentUrl\":\"https:\/\/pb.edu.pl\/sjo\/wp-content\/uploads\/sites\/9\/2022\/04\/VG.png\",\"width\":500,\"height\":500,\"caption\":\"Profil_VGrabinska\"},{\"@type\":\"BreadcrumbList\",\"@id\":\"https:\/\/pb.edu.pl\/sjo\/dla-studenta\/lektoraty-obieralne\/poczatek-przygody-z-hiszpanskim\/#breadcrumb\",\"itemListElement\":[{\"@type\":\"ListItem\",\"position\":1,\"name\":\"Home\",\"item\":\"https:\/\/pb.edu.pl\/sjo\/\"},{\"@type\":\"ListItem\",\"position\":2,\"name\":\"Studiuj\u0119 w PB\",\"item\":\"https:\/\/pb.edu.pl\/sjo\/dla-studenta\/\"},{\"@type\":\"ListItem\",\"position\":3,\"name\":\"Lektoraty obieralne\",\"item\":\"https:\/\/pb.edu.pl\/sjo\/dla-studenta\/lektoraty-obieralne\/\"},{\"@type\":\"ListItem\",\"position\":4,\"name\":\"Pocz\u0105tek przygody z hiszpa\u0144skim\"}]},{\"@type\":\"WebSite\",\"@id\":\"https:\/\/pb.edu.pl\/sjo\/#website\",\"url\":\"https:\/\/pb.edu.pl\/sjo\/\",\"name\":\"Studium J\u0119zyk\u00f3w Obcych\",\"description\":\"\",\"potentialAction\":[{\"@type\":\"SearchAction\",\"target\":{\"@type\":\"EntryPoint\",\"urlTemplate\":\"https:\/\/pb.edu.pl\/sjo\/?s={search_term_string}\"},\"query-input\":{\"@type\":\"PropertyValueSpecification\",\"valueRequired\":true,\"valueName\":\"search_term_string\"}}],\"inLanguage\":\"pl-PL\"}]}<\/script>\n<!-- \/ Yoast SEO plugin. -->","yoast_head_json":{"title":"Pocz\u0105tek przygody z hiszpa\u0144skim - Studium J\u0119zyk\u00f3w Obcych","description":"Czego si\u0119 mog\u0119 nauczy\u0107? Zacznijmy od tego, \u017ce startujemy od zera, wi\u0119c znajomo\u015b\u0107 j\u0119zyka hiszpa\u0144skiego nie jest potrzebna. Zmierzamy do osi\u0105gni\u0119cia poziomu","robots":{"index":"index","follow":"follow","max-snippet":"max-snippet:-1","max-image-preview":"max-image-preview:large","max-video-preview":"max-video-preview:-1"},"canonical":"https:\/\/pb.edu.pl\/sjo\/dla-studenta\/lektoraty-obieralne\/poczatek-przygody-z-hiszpanskim\/","og_locale":"pl_PL","og_type":"article","og_title":"Pocz\u0105tek przygody z hiszpa\u0144skim - Studium J\u0119zyk\u00f3w Obcych","og_description":"Czego si\u0119 mog\u0119 nauczy\u0107? Zacznijmy od tego, \u017ce startujemy od zera, wi\u0119c znajomo\u015b\u0107 j\u0119zyka hiszpa\u0144skiego nie jest potrzebna. Zmierzamy do osi\u0105gni\u0119cia poziomu","og_url":"https:\/\/pb.edu.pl\/sjo\/dla-studenta\/lektoraty-obieralne\/poczatek-przygody-z-hiszpanskim\/","og_site_name":"Studium J\u0119zyk\u00f3w Obcych","article_modified_time":"2026-01-27T09:48:20+00:00","og_image":[{"width":500,"height":500,"url":"https:\/\/pb.edu.pl\/sjo\/wp-content\/uploads\/sites\/9\/2022\/04\/VG.png","type":"image\/png"}],"twitter_misc":{"Szacowany czas czytania":"2 minuty"},"schema":{"@context":"https:\/\/schema.org","@graph":[{"@type":"WebPage","@id":"https:\/\/pb.edu.pl\/sjo\/dla-studenta\/lektoraty-obieralne\/poczatek-przygody-z-hiszpanskim\/","url":"https:\/\/pb.edu.pl\/sjo\/dla-studenta\/lektoraty-obieralne\/poczatek-przygody-z-hiszpanskim\/","name":"Pocz\u0105tek przygody z hiszpa\u0144skim - Studium J\u0119zyk\u00f3w Obcych","isPartOf":{"@id":"https:\/\/pb.edu.pl\/sjo\/#website"},"primaryImageOfPage":{"@id":"https:\/\/pb.edu.pl\/sjo\/dla-studenta\/lektoraty-obieralne\/poczatek-przygody-z-hiszpanskim\/#primaryimage"},"image":{"@id":"https:\/\/pb.edu.pl\/sjo\/dla-studenta\/lektoraty-obieralne\/poczatek-przygody-z-hiszpanskim\/#primaryimage"},"thumbnailUrl":"https:\/\/pb.edu.pl\/sjo\/wp-content\/uploads\/sites\/9\/2022\/04\/VG-300x300.png","datePublished":"2023-02-15T10:45:00+00:00","dateModified":"2026-01-27T09:48:20+00:00","description":"Czego si\u0119 mog\u0119 nauczy\u0107? Zacznijmy od tego, \u017ce startujemy od zera, wi\u0119c znajomo\u015b\u0107 j\u0119zyka hiszpa\u0144skiego nie jest potrzebna. Zmierzamy do osi\u0105gni\u0119cia poziomu","breadcrumb":{"@id":"https:\/\/pb.edu.pl\/sjo\/dla-studenta\/lektoraty-obieralne\/poczatek-przygody-z-hiszpanskim\/#breadcrumb"},"inLanguage":"pl-PL","potentialAction":[{"@type":"ReadAction","target":["https:\/\/pb.edu.pl\/sjo\/dla-studenta\/lektoraty-obieralne\/poczatek-przygody-z-hiszpanskim\/"]}]},{"@type":"ImageObject","inLanguage":"pl-PL","@id":"https:\/\/pb.edu.pl\/sjo\/dla-studenta\/lektoraty-obieralne\/poczatek-przygody-z-hiszpanskim\/#primaryimage","url":"https:\/\/pb.edu.pl\/sjo\/wp-content\/uploads\/sites\/9\/2022\/04\/VG.png","contentUrl":"https:\/\/pb.edu.pl\/sjo\/wp-content\/uploads\/sites\/9\/2022\/04\/VG.png","width":500,"height":500,"caption":"Profil_VGrabinska"},{"@type":"BreadcrumbList","@id":"https:\/\/pb.edu.pl\/sjo\/dla-studenta\/lektoraty-obieralne\/poczatek-przygody-z-hiszpanskim\/#breadcrumb","itemListElement":[{"@type":"ListItem","position":1,"name":"Home","item":"https:\/\/pb.edu.pl\/sjo\/"},{"@type":"ListItem","position":2,"name":"Studiuj\u0119 w PB","item":"https:\/\/pb.edu.pl\/sjo\/dla-studenta\/"},{"@type":"ListItem","position":3,"name":"Lektoraty obieralne","item":"https:\/\/pb.edu.pl\/sjo\/dla-studenta\/lektoraty-obieralne\/"},{"@type":"ListItem","position":4,"name":"Pocz\u0105tek przygody z hiszpa\u0144skim"}]},{"@type":"WebSite","@id":"https:\/\/pb.edu.pl\/sjo\/#website","url":"https:\/\/pb.edu.pl\/sjo\/","name":"Studium J\u0119zyk\u00f3w Obcych","description":"","potentialAction":[{"@type":"SearchAction","target":{"@type":"EntryPoint","urlTemplate":"https:\/\/pb.edu.pl\/sjo\/?s={search_term_string}"},"query-input":{"@type":"PropertyValueSpecification","valueRequired":true,"valueName":"search_term_string"}}],"inLanguage":"pl-PL"}]}},"_links":{"self":[{"href":"https:\/\/pb.edu.pl\/sjo\/wp-json\/wp\/v2\/pages\/18735","targetHints":{"allow":["GET"]}}],"collection":[{"href":"https:\/\/pb.edu.pl\/sjo\/wp-json\/wp\/v2\/pages"}],"about":[{"href":"https:\/\/pb.edu.pl\/sjo\/wp-json\/wp\/v2\/types\/page"}],"author":[{"embeddable":true,"href":"https:\/\/pb.edu.pl\/sjo\/wp-json\/wp\/v2\/users\/6"}],"replies":[{"embeddable":true,"href":"https:\/\/pb.edu.pl\/sjo\/wp-json\/wp\/v2\/comments?post=18735"}],"version-history":[{"count":5,"href":"https:\/\/pb.edu.pl\/sjo\/wp-json\/wp\/v2\/pages\/18735\/revisions"}],"predecessor-version":[{"id":30524,"href":"https:\/\/pb.edu.pl\/sjo\/wp-json\/wp\/v2\/pages\/18735\/revisions\/30524"}],"up":[{"embeddable":true,"href":"https:\/\/pb.edu.pl\/sjo\/wp-json\/wp\/v2\/pages\/18747"}],"wp:attachment":[{"href":"https:\/\/pb.edu.pl\/sjo\/wp-json\/wp\/v2\/media?parent=18735"}],"curies":[{"name":"wp","href":"https:\/\/api.w.org\/{rel}","templated":true}]}}