{"id":18254,"date":"2023-01-29T19:30:54","date_gmt":"2023-01-29T18:30:54","guid":{"rendered":"https:\/\/pb.edu.pl\/sjo\/?page_id=18254"},"modified":"2023-02-16T08:54:47","modified_gmt":"2023-02-16T07:54:47","slug":"jezyk-polski","status":"publish","type":"page","link":"https:\/\/pb.edu.pl\/sjo\/polish-lab\/czy-wiecie-ze\/jezyk-polski\/","title":{"rendered":"CIEKAWE"},"content":{"rendered":"<p><span style=\"font-family: verdana, geneva, sans-serif;font-size: 12pt\"><strong>J\u0119zyk polski<\/strong><\/span><\/p>\n<p><span style=\"font-family: verdana, geneva, sans-serif;font-size: 12pt\">J\u0119zyk polski nie jest \u0142atwy. To wiedz\u0105 nie tylko obcokrajowcy pr\u00f3buj\u0105cy nauczy\u0107 si\u0119 naszej mowy, ale te\u017c wszystkie dzieci w szkole, od chwili gdy zaczynaj\u0105 poznawa\u0107 regu\u0142y gramatyczne i ortograficzne. Wiedz\u0105 to r\u00f3wnie\u017c doro\u015bli Polacy, kt\u00f3rzy nieraz zastanawiaj\u0105 si\u0119, czy jakie\u015b s\u0142owo pisze si\u0119 przez \u2019h\u2019 czy \u2018ch\u2019, \u2018\u017c\u2019 czy \u2018rz\u2019, z przecinkiem, czy bez, z du\u017cej, czy z ma\u0142ej litery\u2026<\/span><\/p>\n<p><span style=\"font-family: verdana, geneva, sans-serif;font-size: 12pt\"><strong>Dlaczego polski jest trudny?<\/strong> Poniewa\u017c jest j\u0119zykiem fleksyjnym, to znaczy, \u017ce wyrazy podlegaj\u0105 odmianie przez przypadki, rodzaje, liczby i osoby. Odmienne cz\u0119\u015bci mowy to czasowniki, rzeczowniki, przymiotniki, liczebniki oraz zaimki. Jest w j\u0119zyku polskim du\u017co zasad gramatycznych, ale te\u017c mn\u00f3stwo odmian nieregularnych i wyj\u0105tk\u00f3w. Jest te\u017c wiele s\u0142\u00f3w zapo\u017cyczonych z francuskiego (np. romans, bilet, baga\u017c), niemieckiego (np. ratusz, gmach, kartofel), &nbsp;w\u0142oskiego (np. fontanna, pomidor, parapet) i oczywi\u015bcie z angielskiego (np. folder, komputer, d\u017cinsy)<\/span><\/p>\n<p>&nbsp;<\/p>\n<p><span style=\"font-family: verdana, geneva, sans-serif;font-size: 12pt\">Polski zacz\u0105\u0142 si\u0119 kszta\u0142towa\u0107 jako odr\u0119bny j\u0119zyk w X wieku, kiedy to polski w\u0142adca Mieszko I w roku 966 przyj\u0105\u0142 chrze\u015bcija\u0144stwo, a wraz z nim alfabet \u0142aci\u0144ski. Najstarsze zachowane zapisy pojedynczych polskich s\u0142\u00f3w pochodz\u0105 z XII wieku, natomiast najstarsze zachowane pe\u0142ne zdanie w j\u0119zyku polskim to \u201e<strong>Day ut ia pobrusa, a ti poziwai<\/strong>\u201d. Znajduje si\u0119 ono w \u0142aci\u0144skim tek\u015bcie <em>Ksi\u0105g Henrykowskich<\/em> z 1270 roku, a jego t\u0142umaczenie na wsp\u00f3\u0142czesny j\u0119zyk polski brzmi: \u2018Daj, ja pokr\u0119c\u0119, a ty odpocznij\u2019.<\/span><\/p>\n<p><span style=\"font-family: verdana, geneva, sans-serif;font-size: 12pt\">Pierwsze s\u0142owniki j\u0119zyka polskiego powsta\u0142y ju\u017c w XII wieku, polskie s\u0142owa by\u0142y w nich t\u0142umaczone na \u0142acin\u0119. Natomiast pierwszym w ca\u0142o\u015bci po\u015bwi\u0119conym naszemu j\u0119zykowi by\u0142 s\u0142ownik Samuela Bogumi\u0142a Lindego, wydany w Warszawie w 1807 r.<\/span><\/p>\n<p><span style=\"font-family: verdana, geneva, sans-serif;font-size: 12pt\">Najnowszy Wielki S\u0142ownik J\u0119zyka Polskiego (WSJP) ma ponad 100 000 hase\u0142, 1700 przys\u0142\u00f3w oraz 24 000 frazeologizm\u00f3w. Zosta\u0142 wydany w roku 2018, z okazji obchod\u00f3w 100-lecia odzyskania przez Polsk\u0119 niepodleg\u0142o\u015bci. WSJP \u0142\u0105czy w sobie wiele s\u0142ownik\u00f3w: ortograficzny, etymologiczny, og\u00f3lny, frazeologiczny, przys\u0142\u00f3w oraz wyraz\u00f3w bliskoznacznych.<\/span><\/p>\n<p><span style=\"font-family: verdana, geneva, sans-serif;font-size: 12pt\">J\u0119zyk polski nale\u017cy do rodziny j\u0119zyk\u00f3w s\u0142owia\u0144skich, a najbardziej do niego podobne s\u0105 s\u0142owacki, czeski i ukrai\u0144ski.<\/span><\/p>\n<p><span style=\"font-family: verdana, geneva, sans-serif;font-size: 12pt\">Obecnie szacowana liczba u\u017cytkownik\u00f3w j\u0119zyka polskiego wynosi oko\u0142o 58 milion\u00f3w. W Polsce \u017cyje nas 38 milion\u00f3w, pozostali to Polacy mieszkaj\u0105cy na emigracji w r\u00f3\u017cnych krajach \u015bwiata, g\u0142\u00f3wnie w Stanach Zjednoczonych, Kanadzie, Australii oraz w krajach Unii Europejskiej, jak r\u00f3wnie\u017c potomkowie Polak\u00f3w mieszkaj\u0105cych na terenie Bia\u0142orusi, Ukrainy i Litwy.<\/span><\/p>\n<p><span style=\"font-family: verdana, geneva, sans-serif;font-size: 12pt\"><strong>&nbsp;<\/strong><\/span><\/p>\n<div id='gallery-1' class='gallery galleryid-18254 gallery-columns-4 gallery-size-medium'><figure class='gallery-item'>\n\t\t\t<div class='gallery-icon landscape'>\n\t\t\t\t<a href='https:\/\/pb.edu.pl\/sjo\/polish-lab\/czy-wiecie-ze\/jezyk-polski\/pierwsze-zdanie-po-polsku-3\/'><img loading=\"lazy\" decoding=\"async\" width=\"300\" height=\"225\" src=\"https:\/\/pb.edu.pl\/sjo\/wp-content\/uploads\/sites\/9\/2023\/01\/pierwsze-zdanie-po-polsku-300x225.png\" class=\"attachment-medium size-medium\" alt=\"fragment tekstu napisany po polsku w 1270r\" aria-describedby=\"gallery-1-18261\" srcset=\"https:\/\/pb.edu.pl\/sjo\/wp-content\/uploads\/sites\/9\/2023\/01\/pierwsze-zdanie-po-polsku-300x225.png 300w, https:\/\/pb.edu.pl\/sjo\/wp-content\/uploads\/sites\/9\/2023\/01\/pierwsze-zdanie-po-polsku-1024x768.png 1024w, https:\/\/pb.edu.pl\/sjo\/wp-content\/uploads\/sites\/9\/2023\/01\/pierwsze-zdanie-po-polsku-768x576.png 768w, https:\/\/pb.edu.pl\/sjo\/wp-content\/uploads\/sites\/9\/2023\/01\/pierwsze-zdanie-po-polsku-1536x1152.png 1536w, https:\/\/pb.edu.pl\/sjo\/wp-content\/uploads\/sites\/9\/2023\/01\/pierwsze-zdanie-po-polsku.png 2000w\" sizes=\"auto, (max-width: 300px) 100vw, 300px\" \/><\/a>\n\t\t\t<\/div>\n\t\t\t\t<figcaption class='wp-caption-text gallery-caption' id='gallery-1-18261'>\n\t\t\t\tPierwsze zdanie po polsku z Ksi\u0119gi Henrykowskiej,1270\n\t\t\t\t<\/figcaption><\/figure><figure class='gallery-item'>\n\t\t\t<div class='gallery-icon portrait'>\n\t\t\t\t<a href='https:\/\/pb.edu.pl\/sjo\/polish-lab\/czy-wiecie-ze\/jezyk-polski\/pol-samuel-linde-public-domain-via-wikimedia-commons\/'><img loading=\"lazy\" decoding=\"async\" width=\"246\" height=\"300\" src=\"https:\/\/pb.edu.pl\/sjo\/wp-content\/uploads\/sites\/9\/2023\/01\/pol-Samuel-Linde-Public-domain-via-Wikimedia-Commons-246x300.jpg\" class=\"attachment-medium size-medium\" alt=\"pierwsza strona s\u0142ownika polskiego z 1807 r\" aria-describedby=\"gallery-1-18263\" srcset=\"https:\/\/pb.edu.pl\/sjo\/wp-content\/uploads\/sites\/9\/2023\/01\/pol-Samuel-Linde-Public-domain-via-Wikimedia-Commons-246x300.jpg 246w, https:\/\/pb.edu.pl\/sjo\/wp-content\/uploads\/sites\/9\/2023\/01\/pol-Samuel-Linde-Public-domain-via-Wikimedia-Commons-839x1024.jpg 839w, https:\/\/pb.edu.pl\/sjo\/wp-content\/uploads\/sites\/9\/2023\/01\/pol-Samuel-Linde-Public-domain-via-Wikimedia-Commons-768x937.jpg 768w, https:\/\/pb.edu.pl\/sjo\/wp-content\/uploads\/sites\/9\/2023\/01\/pol-Samuel-Linde-Public-domain-via-Wikimedia-Commons-1259x1536.jpg 1259w, https:\/\/pb.edu.pl\/sjo\/wp-content\/uploads\/sites\/9\/2023\/01\/pol-Samuel-Linde-Public-domain-via-Wikimedia-Commons-1678x2048.jpg 1678w, https:\/\/pb.edu.pl\/sjo\/wp-content\/uploads\/sites\/9\/2023\/01\/pol-Samuel-Linde-Public-domain-via-Wikimedia-Commons.jpg 1837w\" sizes=\"auto, (max-width: 246px) 100vw, 246px\" \/><\/a>\n\t\t\t<\/div>\n\t\t\t\t<figcaption class='wp-caption-text gallery-caption' id='gallery-1-18263'>\n\t\t\t\tpierwsza strona s\u0142ownika Samuela B. Lindego, 1807\n\t\t\t\t<\/figcaption><\/figure><figure class='gallery-item'>\n\t\t\t<div class='gallery-icon landscape'>\n\t\t\t\t<a href='https:\/\/pb.edu.pl\/sjo\/polish-lab\/czy-wiecie-ze\/jezyk-polski\/alfabet\/'><img loading=\"lazy\" decoding=\"async\" width=\"300\" height=\"160\" src=\"https:\/\/pb.edu.pl\/sjo\/wp-content\/uploads\/sites\/9\/2023\/01\/alfabet-300x160.png\" class=\"attachment-medium size-medium\" alt=\"litery polskiego alfabetu\" aria-describedby=\"gallery-1-18255\" srcset=\"https:\/\/pb.edu.pl\/sjo\/wp-content\/uploads\/sites\/9\/2023\/01\/alfabet-300x160.png 300w, https:\/\/pb.edu.pl\/sjo\/wp-content\/uploads\/sites\/9\/2023\/01\/alfabet-1024x547.png 1024w, https:\/\/pb.edu.pl\/sjo\/wp-content\/uploads\/sites\/9\/2023\/01\/alfabet-768x410.png 768w, https:\/\/pb.edu.pl\/sjo\/wp-content\/uploads\/sites\/9\/2023\/01\/alfabet.png 1365w\" sizes=\"auto, (max-width: 300px) 100vw, 300px\" \/><\/a>\n\t\t\t<\/div>\n\t\t\t\t<figcaption class='wp-caption-text gallery-caption' id='gallery-1-18255'>\n\t\t\t\talfabet polski\n\t\t\t\t<\/figcaption><\/figure><figure class='gallery-item'>\n\t\t\t<div class='gallery-icon landscape'>\n\t\t\t\t<a href='https:\/\/pb.edu.pl\/sjo\/polish-lab\/czy-wiecie-ze\/jezyk-polski\/jez-polski_niepodleglosc_banner_1280x720\/'><img loading=\"lazy\" decoding=\"async\" width=\"300\" height=\"169\" src=\"https:\/\/pb.edu.pl\/sjo\/wp-content\/uploads\/sites\/9\/2023\/01\/jez-polski_Niepodleglosc_Banner_1280x720-300x169.jpg\" class=\"attachment-medium size-medium\" alt=\"pi\u0119ciotomowy s\u0142ownik j\u0119zyka \/polskiego z 2018r.\" aria-describedby=\"gallery-1-18259\" srcset=\"https:\/\/pb.edu.pl\/sjo\/wp-content\/uploads\/sites\/9\/2023\/01\/jez-polski_Niepodleglosc_Banner_1280x720-300x169.jpg 300w, https:\/\/pb.edu.pl\/sjo\/wp-content\/uploads\/sites\/9\/2023\/01\/jez-polski_Niepodleglosc_Banner_1280x720-1024x576.jpg 1024w, https:\/\/pb.edu.pl\/sjo\/wp-content\/uploads\/sites\/9\/2023\/01\/jez-polski_Niepodleglosc_Banner_1280x720-768x432.jpg 768w, https:\/\/pb.edu.pl\/sjo\/wp-content\/uploads\/sites\/9\/2023\/01\/jez-polski_Niepodleglosc_Banner_1280x720.jpg 1280w\" sizes=\"auto, (max-width: 300px) 100vw, 300px\" \/><\/a>\n\t\t\t<\/div>\n\t\t\t\t<figcaption class='wp-caption-text gallery-caption' id='gallery-1-18259'>\n\t\t\t\t5-tomowy Wielki S\u0142ownik j\u0119zyka Polskiego , 2018\n\t\t\t\t<\/figcaption><\/figure>\n\t\t<\/div>\n\n<p><span style=\"font-family: verdana, geneva, sans-serif;font-size: 12pt\"><strong>Polish language<\/strong><\/span><\/p>\n<p><span style=\"font-family: verdana, geneva, sans-serif;font-size: 12pt\">Polish language is not easy. This is known not only to foreigners trying to learn our speech, but also to all children at school, from the moment they start learning the grammar and spelling rules. Adult Poles also know this, as they often wonder whether a word is spelled with an 'h&#8217; or a 'ch&#8217;, '\u017c&#8217; or 'rz&#8217;, with or without a comma, with a capital or a small letter&#8230;.<\/span><\/p>\n<p><span style=\"font-family: verdana, geneva, sans-serif;font-size: 12pt\">Why is Polish difficult? Because it is an inflectional language, that is, words are subject to inflection by cases, types, numbers and persons. The iflectional parts of speech are verbs, nouns, adjectives, numerals and pronouns. There are a lot of grammatical rules in Polish, but also a lot of irregular varieties and exceptions. There are also many words borrowed from French (e.g. romans, bilet, baga\u017c), German (e.g. ratusz, gmach, kartofel), Italian (e.g. fontanna, pomidor, parapet) and of course from English (e.g. folder, komputer, d\u017cinsy).<\/span><\/p>\n<p><span style=\"font-family: verdana, geneva, sans-serif;font-size: 12pt\">Polish began to form as a separate language in the 10th century, when the Polish ruler Mieszko I adopted Christianity in 966 and with it the Latin alphabet. The oldest surviving records of single Polish words date from the 12th century, while the oldest surviving complete sentence in Polish is<strong> &#8222;Day ut ia pobrusa, a ti poziwai&#8221;<\/strong>. It is found in the Latin text of the Henrykowska Books of 1270, and its translation into modern English is: 'Give it to me, I&#8217;ll do it and you have a rest&#8217;.<\/span><\/p>\n<p><span style=\"font-family: verdana, geneva, sans-serif;font-size: 12pt\">The first dictionaries of the Polish language were compiled as early as the 12th century; Polish words were translated into Latin in them. However, the first one entirely devoted to our language was Samuel Bogumi\u0142 Linde&#8217;s dictionary, published in Warsaw in 1807.<\/span><\/p>\n<p><span style=\"font-family: verdana, geneva, sans-serif;font-size: 12pt\">The latest Great Dictionary of the Polish Language (WSJP) has more than 100,000 entries, 1,700 proverbs and 24,000 phraseologisms. It was published in 2018 to celebrate the 100th anniversary of Poland&#8217;s regaining independence. The WSJP combines a number of dictionaries: orthographic, etymological, general, phraseological, proverbs and synonymous expressions.<\/span><\/p>\n<p><span style=\"font-family: verdana, geneva, sans-serif;font-size: 12pt\">Polish belongs to the family of Slavic languages, with Slovak, Czech and Ukrainian being the most similar.<\/span><\/p>\n<p><span style=\"font-family: verdana, geneva, sans-serif;font-size: 12pt\">Currently, the estimated number of Polish language speakers is around 58 million. There are 38 million of us living in Poland, the rest are Polish emigrants in various countries around the world, mainly in the United States, Canada, Australia and the countries of the European Union, as well as descendants of Poles living in Belarus, Ukraine and Lithuania.<\/span><\/p>\n<p>&nbsp;<\/p>\n<figure id=\"attachment_18265\" aria-describedby=\"caption-attachment-18265\" style=\"width: 1024px\" class=\"wp-caption aligncenter\"><a href=\"https:\/\/pb.edu.pl\/sjo\/wp-content\/uploads\/sites\/9\/2023\/01\/Poles_out_of_Poland_map_2008-Map-made-by-Marcin-Floryan-CC-BY-SA-2.5.png\"><img loading=\"lazy\" decoding=\"async\" class=\"https:\/\/pl.wikipedia.org\/wiki\/Polonia wp-image-18265 size-large\" title=\"Polonia na \u015bwiecie \/ Poles living abroad\" src=\"https:\/\/pb.edu.pl\/sjo\/wp-content\/uploads\/sites\/9\/2023\/01\/Poles_out_of_Poland_map_2008-Map-made-by-Marcin-Floryan-CC-BY-SA-2.5-1024x466.png\" alt=\"mapa \u015bwiata z zaznaczonymi miejscami zamieszkania Polonii\" width=\"1024\" height=\"466\" srcset=\"https:\/\/pb.edu.pl\/sjo\/wp-content\/uploads\/sites\/9\/2023\/01\/Poles_out_of_Poland_map_2008-Map-made-by-Marcin-Floryan-CC-BY-SA-2.5-1024x466.png 1024w, https:\/\/pb.edu.pl\/sjo\/wp-content\/uploads\/sites\/9\/2023\/01\/Poles_out_of_Poland_map_2008-Map-made-by-Marcin-Floryan-CC-BY-SA-2.5-300x137.png 300w, https:\/\/pb.edu.pl\/sjo\/wp-content\/uploads\/sites\/9\/2023\/01\/Poles_out_of_Poland_map_2008-Map-made-by-Marcin-Floryan-CC-BY-SA-2.5-768x350.png 768w, https:\/\/pb.edu.pl\/sjo\/wp-content\/uploads\/sites\/9\/2023\/01\/Poles_out_of_Poland_map_2008-Map-made-by-Marcin-Floryan-CC-BY-SA-2.5-1536x699.png 1536w, https:\/\/pb.edu.pl\/sjo\/wp-content\/uploads\/sites\/9\/2023\/01\/Poles_out_of_Poland_map_2008-Map-made-by-Marcin-Floryan-CC-BY-SA-2.5.png 1819w\" sizes=\"auto, (max-width: 1024px) 100vw, 1024px\" \/><\/a><figcaption id=\"caption-attachment-18265\" class=\"wp-caption-text\">Polonia na \u015bwiecie \/ Poles_out_of_Poland_map_2008 Map made by Marcin Floryan, CC BY-SA 2.5<\/figcaption><\/figure>\n","protected":false},"excerpt":{"rendered":"<p>J\u0119zyk polski J\u0119zyk polski nie jest \u0142atwy. To wiedz\u0105 nie tylko obcokrajowcy pr\u00f3buj\u0105cy nauczy\u0107 si\u0119<\/p>\n","protected":false},"author":77,"featured_media":0,"parent":8281,"menu_order":0,"comment_status":"closed","ping_status":"closed","template":"","meta":{"_acf_changed":false,"ngg_post_thumbnail":0,"footnotes":""},"class_list":["post-18254","page","type-page","status-publish","hentry"],"acf":[],"yoast_head":"<!-- This site is optimized with the Yoast SEO plugin v27.0 - https:\/\/yoast.com\/product\/yoast-seo-wordpress\/ -->\n<title>CIEKAWE - Studium J\u0119zyk\u00f3w Obcych<\/title>\n<meta name=\"description\" content=\"J\u0119zyk polski J\u0119zyk polski nie jest \u0142atwy. To wiedz\u0105 nie tylko obcokrajowcy pr\u00f3buj\u0105cy nauczy\u0107 si\u0119 naszej mowy, ale te\u017c wszystkie dzieci w szkole, od chwili\" \/>\n<meta name=\"robots\" content=\"index, follow, max-snippet:-1, max-image-preview:large, max-video-preview:-1\" \/>\n<link rel=\"canonical\" href=\"https:\/\/pb.edu.pl\/sjo\/polish-lab\/czy-wiecie-ze\/jezyk-polski\/\" \/>\n<meta property=\"og:locale\" content=\"pl_PL\" \/>\n<meta property=\"og:type\" content=\"article\" \/>\n<meta property=\"og:title\" content=\"CIEKAWE - Studium J\u0119zyk\u00f3w Obcych\" \/>\n<meta property=\"og:description\" content=\"J\u0119zyk polski J\u0119zyk polski nie jest \u0142atwy. To wiedz\u0105 nie tylko obcokrajowcy pr\u00f3buj\u0105cy nauczy\u0107 si\u0119 naszej mowy, ale te\u017c wszystkie dzieci w szkole, od chwili\" \/>\n<meta property=\"og:url\" content=\"https:\/\/pb.edu.pl\/sjo\/polish-lab\/czy-wiecie-ze\/jezyk-polski\/\" \/>\n<meta property=\"og:site_name\" content=\"Studium J\u0119zyk\u00f3w Obcych\" \/>\n<meta property=\"article:modified_time\" content=\"2023-02-16T07:54:47+00:00\" \/>\n<meta property=\"og:image\" content=\"https:\/\/pb.edu.pl\/sjo\/wp-content\/uploads\/sites\/9\/2023\/01\/pierwsze-zdanie-po-polsku-300x225.png\" \/>\n<meta name=\"twitter:label1\" content=\"Szacowany czas czytania\" \/>\n\t<meta name=\"twitter:data1\" content=\"4 minuty\" \/>\n<script type=\"application\/ld+json\" class=\"yoast-schema-graph\">{\"@context\":\"https:\/\/schema.org\",\"@graph\":[{\"@type\":\"WebPage\",\"@id\":\"https:\/\/pb.edu.pl\/sjo\/polish-lab\/czy-wiecie-ze\/jezyk-polski\/\",\"url\":\"https:\/\/pb.edu.pl\/sjo\/polish-lab\/czy-wiecie-ze\/jezyk-polski\/\",\"name\":\"CIEKAWE - Studium J\u0119zyk\u00f3w Obcych\",\"isPartOf\":{\"@id\":\"https:\/\/pb.edu.pl\/sjo\/#website\"},\"primaryImageOfPage\":{\"@id\":\"https:\/\/pb.edu.pl\/sjo\/polish-lab\/czy-wiecie-ze\/jezyk-polski\/#primaryimage\"},\"image\":{\"@id\":\"https:\/\/pb.edu.pl\/sjo\/polish-lab\/czy-wiecie-ze\/jezyk-polski\/#primaryimage\"},\"thumbnailUrl\":\"https:\/\/pb.edu.pl\/sjo\/wp-content\/uploads\/sites\/9\/2023\/01\/Poles_out_of_Poland_map_2008-Map-made-by-Marcin-Floryan-CC-BY-SA-2.5-1024x466.png\",\"datePublished\":\"2023-01-29T18:30:54+00:00\",\"dateModified\":\"2023-02-16T07:54:47+00:00\",\"description\":\"J\u0119zyk polski J\u0119zyk polski nie jest \u0142atwy. To wiedz\u0105 nie tylko obcokrajowcy pr\u00f3buj\u0105cy nauczy\u0107 si\u0119 naszej mowy, ale te\u017c wszystkie dzieci w szkole, od chwili\",\"breadcrumb\":{\"@id\":\"https:\/\/pb.edu.pl\/sjo\/polish-lab\/czy-wiecie-ze\/jezyk-polski\/#breadcrumb\"},\"inLanguage\":\"pl-PL\",\"potentialAction\":[{\"@type\":\"ReadAction\",\"target\":[\"https:\/\/pb.edu.pl\/sjo\/polish-lab\/czy-wiecie-ze\/jezyk-polski\/\"]}]},{\"@type\":\"ImageObject\",\"inLanguage\":\"pl-PL\",\"@id\":\"https:\/\/pb.edu.pl\/sjo\/polish-lab\/czy-wiecie-ze\/jezyk-polski\/#primaryimage\",\"url\":\"https:\/\/pb.edu.pl\/sjo\/wp-content\/uploads\/sites\/9\/2023\/01\/Poles_out_of_Poland_map_2008-Map-made-by-Marcin-Floryan-CC-BY-SA-2.5.png\",\"contentUrl\":\"https:\/\/pb.edu.pl\/sjo\/wp-content\/uploads\/sites\/9\/2023\/01\/Poles_out_of_Poland_map_2008-Map-made-by-Marcin-Floryan-CC-BY-SA-2.5.png\",\"width\":1819,\"height\":828},{\"@type\":\"BreadcrumbList\",\"@id\":\"https:\/\/pb.edu.pl\/sjo\/polish-lab\/czy-wiecie-ze\/jezyk-polski\/#breadcrumb\",\"itemListElement\":[{\"@type\":\"ListItem\",\"position\":1,\"name\":\"Home\",\"item\":\"https:\/\/pb.edu.pl\/sjo\/\"},{\"@type\":\"ListItem\",\"position\":2,\"name\":\"Centrum J\u0119zyka i Kultury Polskiej POLISH LAB\",\"item\":\"https:\/\/pb.edu.pl\/sjo\/polish-lab\/\"},{\"@type\":\"ListItem\",\"position\":3,\"name\":\"O Polsce i Polakach\",\"item\":\"https:\/\/pb.edu.pl\/sjo\/polish-lab\/czy-wiecie-ze\/\"},{\"@type\":\"ListItem\",\"position\":4,\"name\":\"CIEKAWE\"}]},{\"@type\":\"WebSite\",\"@id\":\"https:\/\/pb.edu.pl\/sjo\/#website\",\"url\":\"https:\/\/pb.edu.pl\/sjo\/\",\"name\":\"Studium J\u0119zyk\u00f3w Obcych\",\"description\":\"\",\"potentialAction\":[{\"@type\":\"SearchAction\",\"target\":{\"@type\":\"EntryPoint\",\"urlTemplate\":\"https:\/\/pb.edu.pl\/sjo\/?s={search_term_string}\"},\"query-input\":{\"@type\":\"PropertyValueSpecification\",\"valueRequired\":true,\"valueName\":\"search_term_string\"}}],\"inLanguage\":\"pl-PL\"}]}<\/script>\n<!-- \/ Yoast SEO plugin. -->","yoast_head_json":{"title":"CIEKAWE - Studium J\u0119zyk\u00f3w Obcych","description":"J\u0119zyk polski J\u0119zyk polski nie jest \u0142atwy. To wiedz\u0105 nie tylko obcokrajowcy pr\u00f3buj\u0105cy nauczy\u0107 si\u0119 naszej mowy, ale te\u017c wszystkie dzieci w szkole, od chwili","robots":{"index":"index","follow":"follow","max-snippet":"max-snippet:-1","max-image-preview":"max-image-preview:large","max-video-preview":"max-video-preview:-1"},"canonical":"https:\/\/pb.edu.pl\/sjo\/polish-lab\/czy-wiecie-ze\/jezyk-polski\/","og_locale":"pl_PL","og_type":"article","og_title":"CIEKAWE - Studium J\u0119zyk\u00f3w Obcych","og_description":"J\u0119zyk polski J\u0119zyk polski nie jest \u0142atwy. To wiedz\u0105 nie tylko obcokrajowcy pr\u00f3buj\u0105cy nauczy\u0107 si\u0119 naszej mowy, ale te\u017c wszystkie dzieci w szkole, od chwili","og_url":"https:\/\/pb.edu.pl\/sjo\/polish-lab\/czy-wiecie-ze\/jezyk-polski\/","og_site_name":"Studium J\u0119zyk\u00f3w Obcych","article_modified_time":"2023-02-16T07:54:47+00:00","og_image":[{"url":"https:\/\/pb.edu.pl\/sjo\/wp-content\/uploads\/sites\/9\/2023\/01\/pierwsze-zdanie-po-polsku-300x225.png","type":"","width":"","height":""}],"twitter_misc":{"Szacowany czas czytania":"4 minuty"},"schema":{"@context":"https:\/\/schema.org","@graph":[{"@type":"WebPage","@id":"https:\/\/pb.edu.pl\/sjo\/polish-lab\/czy-wiecie-ze\/jezyk-polski\/","url":"https:\/\/pb.edu.pl\/sjo\/polish-lab\/czy-wiecie-ze\/jezyk-polski\/","name":"CIEKAWE - Studium J\u0119zyk\u00f3w Obcych","isPartOf":{"@id":"https:\/\/pb.edu.pl\/sjo\/#website"},"primaryImageOfPage":{"@id":"https:\/\/pb.edu.pl\/sjo\/polish-lab\/czy-wiecie-ze\/jezyk-polski\/#primaryimage"},"image":{"@id":"https:\/\/pb.edu.pl\/sjo\/polish-lab\/czy-wiecie-ze\/jezyk-polski\/#primaryimage"},"thumbnailUrl":"https:\/\/pb.edu.pl\/sjo\/wp-content\/uploads\/sites\/9\/2023\/01\/Poles_out_of_Poland_map_2008-Map-made-by-Marcin-Floryan-CC-BY-SA-2.5-1024x466.png","datePublished":"2023-01-29T18:30:54+00:00","dateModified":"2023-02-16T07:54:47+00:00","description":"J\u0119zyk polski J\u0119zyk polski nie jest \u0142atwy. To wiedz\u0105 nie tylko obcokrajowcy pr\u00f3buj\u0105cy nauczy\u0107 si\u0119 naszej mowy, ale te\u017c wszystkie dzieci w szkole, od chwili","breadcrumb":{"@id":"https:\/\/pb.edu.pl\/sjo\/polish-lab\/czy-wiecie-ze\/jezyk-polski\/#breadcrumb"},"inLanguage":"pl-PL","potentialAction":[{"@type":"ReadAction","target":["https:\/\/pb.edu.pl\/sjo\/polish-lab\/czy-wiecie-ze\/jezyk-polski\/"]}]},{"@type":"ImageObject","inLanguage":"pl-PL","@id":"https:\/\/pb.edu.pl\/sjo\/polish-lab\/czy-wiecie-ze\/jezyk-polski\/#primaryimage","url":"https:\/\/pb.edu.pl\/sjo\/wp-content\/uploads\/sites\/9\/2023\/01\/Poles_out_of_Poland_map_2008-Map-made-by-Marcin-Floryan-CC-BY-SA-2.5.png","contentUrl":"https:\/\/pb.edu.pl\/sjo\/wp-content\/uploads\/sites\/9\/2023\/01\/Poles_out_of_Poland_map_2008-Map-made-by-Marcin-Floryan-CC-BY-SA-2.5.png","width":1819,"height":828},{"@type":"BreadcrumbList","@id":"https:\/\/pb.edu.pl\/sjo\/polish-lab\/czy-wiecie-ze\/jezyk-polski\/#breadcrumb","itemListElement":[{"@type":"ListItem","position":1,"name":"Home","item":"https:\/\/pb.edu.pl\/sjo\/"},{"@type":"ListItem","position":2,"name":"Centrum J\u0119zyka i Kultury Polskiej POLISH LAB","item":"https:\/\/pb.edu.pl\/sjo\/polish-lab\/"},{"@type":"ListItem","position":3,"name":"O Polsce i Polakach","item":"https:\/\/pb.edu.pl\/sjo\/polish-lab\/czy-wiecie-ze\/"},{"@type":"ListItem","position":4,"name":"CIEKAWE"}]},{"@type":"WebSite","@id":"https:\/\/pb.edu.pl\/sjo\/#website","url":"https:\/\/pb.edu.pl\/sjo\/","name":"Studium J\u0119zyk\u00f3w Obcych","description":"","potentialAction":[{"@type":"SearchAction","target":{"@type":"EntryPoint","urlTemplate":"https:\/\/pb.edu.pl\/sjo\/?s={search_term_string}"},"query-input":{"@type":"PropertyValueSpecification","valueRequired":true,"valueName":"search_term_string"}}],"inLanguage":"pl-PL"}]}},"_links":{"self":[{"href":"https:\/\/pb.edu.pl\/sjo\/wp-json\/wp\/v2\/pages\/18254","targetHints":{"allow":["GET"]}}],"collection":[{"href":"https:\/\/pb.edu.pl\/sjo\/wp-json\/wp\/v2\/pages"}],"about":[{"href":"https:\/\/pb.edu.pl\/sjo\/wp-json\/wp\/v2\/types\/page"}],"author":[{"embeddable":true,"href":"https:\/\/pb.edu.pl\/sjo\/wp-json\/wp\/v2\/users\/77"}],"replies":[{"embeddable":true,"href":"https:\/\/pb.edu.pl\/sjo\/wp-json\/wp\/v2\/comments?post=18254"}],"version-history":[{"count":0,"href":"https:\/\/pb.edu.pl\/sjo\/wp-json\/wp\/v2\/pages\/18254\/revisions"}],"up":[{"embeddable":true,"href":"https:\/\/pb.edu.pl\/sjo\/wp-json\/wp\/v2\/pages\/8281"}],"wp:attachment":[{"href":"https:\/\/pb.edu.pl\/sjo\/wp-json\/wp\/v2\/media?parent=18254"}],"curies":[{"name":"wp","href":"https:\/\/api.w.org\/{rel}","templated":true}]}}