{"id":17866,"date":"2023-01-05T11:00:56","date_gmt":"2023-01-05T10:00:56","guid":{"rendered":"https:\/\/pb.edu.pl\/sjo\/?page_id=17866"},"modified":"2026-03-05T14:48:45","modified_gmt":"2026-03-05T13:48:45","slug":"englishscore","status":"publish","type":"page","link":"https:\/\/pb.edu.pl\/sjo\/dla-studenta\/egzaminy\/englishscore\/","title":{"rendered":"EnglishScore"},"content":{"rendered":"<p><img loading=\"lazy\" decoding=\"async\" class=\"aligncenter size-full wp-image-18584\" src=\"https:\/\/pb.edu.pl\/sjo\/wp-content\/uploads\/sites\/9\/2023\/02\/Poland-CS-webpage-banner-Polish.png\" alt=\"\" width=\"2563\" height=\"865\" srcset=\"https:\/\/pb.edu.pl\/sjo\/wp-content\/uploads\/sites\/9\/2023\/02\/Poland-CS-webpage-banner-Polish.png 2563w, https:\/\/pb.edu.pl\/sjo\/wp-content\/uploads\/sites\/9\/2023\/02\/Poland-CS-webpage-banner-Polish-300x101.png 300w, https:\/\/pb.edu.pl\/sjo\/wp-content\/uploads\/sites\/9\/2023\/02\/Poland-CS-webpage-banner-Polish-1024x346.png 1024w, https:\/\/pb.edu.pl\/sjo\/wp-content\/uploads\/sites\/9\/2023\/02\/Poland-CS-webpage-banner-Polish-768x259.png 768w, https:\/\/pb.edu.pl\/sjo\/wp-content\/uploads\/sites\/9\/2023\/02\/Poland-CS-webpage-banner-Polish-1536x518.png 1536w, https:\/\/pb.edu.pl\/sjo\/wp-content\/uploads\/sites\/9\/2023\/02\/Poland-CS-webpage-banner-Polish-2048x691.png 2048w\" sizes=\"auto, (max-width: 2563px) 100vw, 2563px\" \/><\/p>\n<h2>Czym jest EnglishScore?<\/h2>\n<p>EnglishScore to <strong>globalny test i certyfikat z j\u0119zyka angielskiego dla rynku pracy<\/strong>. Test zdawany jest przez ponad 2 miliony os\u00f3b rocznie w ponad 150 krajach.<\/p>\n<p>Dzi\u0119ki EnglishScore <strong>mo\u017cesz oceni\u0107 swoje umiej\u0119tno\u015bci j\u0119zykowe w zakresie s\u0142uchania, czytania, pisania i m\u00f3wienia. <\/strong>A wszystko to zrobisz<strong> na telefonie kom\u00f3rkowym.<\/strong><\/p>\n<p><strong>Politechnika Bia\u0142ostocka jest partnerem British Council EnglishScore<\/strong>, dzi\u0119ki czemu po zako\u0144czeniu testu otrzymasz zni\u017ck\u0119 w wysoko\u015bci 25% na certyfikat po wpisaniu kodu, kt\u00f3ry mo\u017cesz uzyska\u0107, pisz\u0105c na <a href=\"#\" rel=\"nofollow\"  onclick=\"this.href='mailto:' + 'sjo' + '@' + 'pb.edu.pl'\">sjo [at] pb.edu.pl<\/a> przy u\u017cyciu swojego <strong>maila uczelnianego<\/strong>.<\/p>\n<h2>Jak to dzia\u0142a?<\/h2>\n<p>Test EnglishScore Core Skills, kt\u00f3ry ocenia gramatyk\u0119, czytanie i s\u0142uchanie zajmuje ok. 40 minut. Podej\u015bcie do testu jest bardzo proste i szybkie, a <strong>wyniki dost\u0119pne natychmiast<\/strong>.<\/p>\n<p>Dost\u0119pne s\u0105 r\u00f3wnie\u017c testy Speaking (M\u00f3wienie) i Writing (Pisanie), kt\u00f3re trwaj\u0105 ok. 30 min, a wyniki dost\u0119pne s\u0105 w czasie do 24 godzin.<\/p>\n<p>Aby podej\u015b\u0107 do testu:<\/p>\n<ol>\n<li>\u015aci\u0105gnij aplikacj\u0119 EnglishScore na sw\u00f3j telefon z&nbsp; <u><a href=\"https:\/\/play.google.com\/store\/apps\/details?id=com.englishscore&amp;referrer=utm_source%3DEnglishScore%26utm_medium%3DWebsite\">Android<\/a><\/u> lub <u><a href=\"https:\/\/apps.apple.com\/app\/id1499806063?mt=8\">iOS<\/a><\/u>.<\/li>\n<li>Wykonaj test Core Skills.<\/li>\n<li>Przy p\u0142atno\u015bci za certyfikat wprowad\u017a kod, aby otrzyma\u0107 25% zni\u017cki.<\/li>\n<li>Po otrzymaniu wynik\u00f3w Core Skills mo\u017cesz r\u00f3wnie\u017c wykona\u0107 testy i zakupi\u0107 certyfikaty Speaking i Writing.<\/li>\n<\/ol>\n<p>W przygotowaniu do test\u00f3w pomog\u0105 Ci nasze przewodniki (<u><a title=\"\" href=\"https:\/\/es-mktg-assets.s3.eu-west-2.amazonaws.com\/guide\/englishscore-coreskills-guide-mobile.pdf\" target=\"_blank\" rel=\"noopener noreferrer\">Core Skills<\/a><\/u> i <u><a href=\"https:\/\/5907605.fs1.hubspotusercontent-na1.net\/hubfs\/5907605\/Speaking%20Test%20Practice%20Questions\/EnglishScore_SpeakingTest_Mobile.pdf\" target=\"_blank\" rel=\"noopener noreferrer\">Speaking<\/a><\/u>).<\/p>\n<h2>Egzamin w kilku krokach<\/h2>\n<p><a href=\"https:\/\/pb.edu.pl\/sjo\/dla-studenta\/egzaminy\/englishscore\/egzamin-w-kilku-krokach\/\" target=\"_blank\" rel=\"noopener noreferrer\"><img loading=\"lazy\" decoding=\"async\" class=\"aligncenter wp-image-19374 size-large\" src=\"https:\/\/pb.edu.pl\/sjo\/wp-content\/uploads\/sites\/9\/2023\/03\/ES-guide-1024x183.png\" alt=\"\" width=\"1024\" height=\"183\" srcset=\"https:\/\/pb.edu.pl\/sjo\/wp-content\/uploads\/sites\/9\/2023\/03\/ES-guide-1024x183.png 1024w, https:\/\/pb.edu.pl\/sjo\/wp-content\/uploads\/sites\/9\/2023\/03\/ES-guide-300x54.png 300w, https:\/\/pb.edu.pl\/sjo\/wp-content\/uploads\/sites\/9\/2023\/03\/ES-guide-768x138.png 768w, https:\/\/pb.edu.pl\/sjo\/wp-content\/uploads\/sites\/9\/2023\/03\/ES-guide.png 1200w\" sizes=\"auto, (max-width: 1024px) 100vw, 1024px\" \/><\/a><\/p>\n<h2>Punktacja<\/h2>\n<p>EnglishScore prezentuje wynik za pomoc\u0105 znanej na \u015bwiecie europejskiej skali <u><a href=\"https:\/\/www.coe.int\/en\/web\/common-european-framework-reference-languages\/level-descriptions\">CEFR<\/a><\/u> (poziomy od A2 do C1), jak r\u00f3wnie\u017c skali punktowej od 0 do 599 punkt\u00f3w.<\/p>\n<p>Za ka\u017cdy test (Core Skills, Speaking and Writing) otrzymasz osobny wynik w skali CEFR i punkty EnglishScore.<\/p>\n<p>Punktacja wygl\u0105da nast\u0119puj\u0105co:<\/p>\n<p>A2: 200-299<\/p>\n<p>B1: 300-399<\/p>\n<p>B2: 400-499<\/p>\n<p>C1: 500-599<\/p>\n<h2>Dlaczego warto zdoby\u0107 certyfikat EnglishScore?<\/h2>\n<ul>\n<li><strong>Mi\u0119dzynarodowy certyfikat: <\/strong>Zdob\u0105d\u017a globalnie rozpoznawalny certyfikat z j\u0119zyka angielskiego od British Council!<\/li>\n<li><strong>Dok\u0142adny i rzetelny: <\/strong>Stworzony przez ekspert\u00f3w ds. Oceny kompetencji j\u0119zykowych, wyniki s\u0105 dok\u0142adne i wiarygodne.<\/li>\n<li><strong>Wygodny i szybki: <\/strong>Mo\u017cesz go zda\u0107 w dowolnym miejscu i czasie na swoim telefonie kom\u00f3rkowym.<\/li>\n<li><strong>Oszcz\u0119dno\u015b\u0107 pieni\u0119dzy: <\/strong>EnglishScore jest bardziej dost\u0119pny cenowo ni\u017c inne znane egzaminy z j\u0119zyka angielskiego.<\/li>\n<\/ul>\n<h2>Super cena!<\/h2>\n<p>Studenci i pracownicy Politechniki Bia\u0142ostockiej, jako partnera EnglishScore s\u0105 uprawnieni do 25% zni\u017cki na certyfikat EnglishScore. Wystarczy wpisa\u0107 odpowiedni kod po zako\u0144czeniu testu, aby odebra\u0107 swoj\u0105 zni\u017ck\u0119 na certyfikat.<\/p>\n<p><strong>Regularna cena<\/strong> certyfikatu cyfrowego to <strong>19,99 $<\/strong>, wersji papierowej 49,99 $.<\/p>\n<h2>Podziel si\u0119 z nami!<\/h2>\n<div>Po otrzymaniu certyfikatu prosimy o udost\u0119pnienie go z wykorzystaniem Connect Codu: <strong>PL-BUT-SHARE. <\/strong>Nale\u017cy to zrobi\u0107 dopiero po otrzymaniu certyfikatu. Po klikni\u0119ciu w &#8222;Certificate&#8221; w aplikacji poka\u017ce si\u0119 podgl\u0105d certyfikatu (z mo\u017cliwo\u015bci\u0105 udost\u0119pniania). U do\u0142u strony pojawi si\u0119 czerwony napis &#8222;Share code with the connect code&#8221;. Trzeba w niego klikn\u0105\u0107, wpisa\u0107 imi\u0119, nazwisko i kod&nbsp;PL-BUT-SHARE, a nast\u0119pnie zatwierdzi\u0107 przyciskiem &#8222;Apply Code&#8221;.<\/div>\n<div>&nbsp;<\/div>\n<p><img loading=\"lazy\" decoding=\"async\" class=\"alignleft wp-image-19319\" src=\"https:\/\/pb.edu.pl\/sjo\/wp-content\/uploads\/sites\/9\/2023\/03\/ES-1024x580.png\" alt=\"\" width=\"500\" height=\"283\" srcset=\"https:\/\/pb.edu.pl\/sjo\/wp-content\/uploads\/sites\/9\/2023\/03\/ES-1024x580.png 1024w, https:\/\/pb.edu.pl\/sjo\/wp-content\/uploads\/sites\/9\/2023\/03\/ES-300x170.png 300w, https:\/\/pb.edu.pl\/sjo\/wp-content\/uploads\/sites\/9\/2023\/03\/ES-768x435.png 768w, https:\/\/pb.edu.pl\/sjo\/wp-content\/uploads\/sites\/9\/2023\/03\/ES.png 1183w\" sizes=\"auto, (max-width: 500px) 100vw, 500px\" \/><\/p>\n<div style=\"width: 640px;\" class=\"wp-video\"><video class=\"wp-video-shortcode\" id=\"video-17866-1\" width=\"640\" height=\"360\" preload=\"metadata\" controls=\"controls\"><source type=\"video\/mp4\" src=\"https:\/\/pb.edu.pl\/sjo\/wp-content\/uploads\/sites\/9\/2023\/02\/englishscore__the_global_test_and_certificate_of_english_for_employment-360p.mp4?_=1\" \/><a href=\"https:\/\/pb.edu.pl\/sjo\/wp-content\/uploads\/sites\/9\/2023\/02\/englishscore__the_global_test_and_certificate_of_english_for_employment-360p.mp4\">https:\/\/pb.edu.pl\/sjo\/wp-content\/uploads\/sites\/9\/2023\/02\/englishscore__the_global_test_and_certificate_of_english_for_employment-360p.mp4<\/a><\/video><\/div>\n<p>&nbsp;<\/p>\n<p>Zapraszamy na <a href=\"https:\/\/www.englishscore.com\/\">oficjaln\u0105 stron\u0119 English Score.<\/a><\/p>\n","protected":false},"excerpt":{"rendered":"<p>Czym jest EnglishScore? EnglishScore to globalny test i certyfikat z j\u0119zyka angielskiego dla rynku pracy.<\/p>\n","protected":false},"author":6,"featured_media":0,"parent":18,"menu_order":0,"comment_status":"closed","ping_status":"closed","template":"","meta":{"_acf_changed":false,"ngg_post_thumbnail":0,"footnotes":""},"class_list":["post-17866","page","type-page","status-publish","hentry"],"acf":[],"yoast_head":"<!-- This site is optimized with the Yoast SEO plugin v27.0 - https:\/\/yoast.com\/product\/yoast-seo-wordpress\/ -->\n<title>EnglishScore - Studium J\u0119zyk\u00f3w Obcych<\/title>\n<meta name=\"description\" content=\"Czym jest EnglishScore? EnglishScore to globalny test i certyfikat z j\u0119zyka angielskiego dla rynku pracy. Test zdawany jest przez ponad 2 miliony os\u00f3b\" \/>\n<meta name=\"robots\" content=\"index, follow, max-snippet:-1, max-image-preview:large, max-video-preview:-1\" \/>\n<link rel=\"canonical\" href=\"https:\/\/pb.edu.pl\/sjo\/dla-studenta\/egzaminy\/englishscore\/\" \/>\n<meta property=\"og:locale\" content=\"pl_PL\" \/>\n<meta property=\"og:type\" content=\"article\" \/>\n<meta property=\"og:title\" content=\"EnglishScore - Studium J\u0119zyk\u00f3w Obcych\" \/>\n<meta property=\"og:description\" content=\"Czym jest EnglishScore? EnglishScore to globalny test i certyfikat z j\u0119zyka angielskiego dla rynku pracy. Test zdawany jest przez ponad 2 miliony os\u00f3b\" \/>\n<meta property=\"og:url\" content=\"https:\/\/pb.edu.pl\/sjo\/dla-studenta\/egzaminy\/englishscore\/\" \/>\n<meta property=\"og:site_name\" content=\"Studium J\u0119zyk\u00f3w Obcych\" \/>\n<meta property=\"article:modified_time\" content=\"2026-03-05T13:48:45+00:00\" \/>\n<meta property=\"og:image\" content=\"https:\/\/pb.edu.pl\/sjo\/wp-content\/uploads\/sites\/9\/2023\/02\/Poland-CS-webpage-banner-Polish.png\" \/>\n\t<meta property=\"og:image:width\" content=\"2563\" \/>\n\t<meta property=\"og:image:height\" content=\"865\" \/>\n\t<meta property=\"og:image:type\" content=\"image\/png\" \/>\n<meta name=\"twitter:label1\" content=\"Szacowany czas czytania\" \/>\n\t<meta name=\"twitter:data1\" content=\"4 minuty\" \/>\n<script type=\"application\/ld+json\" class=\"yoast-schema-graph\">{\"@context\":\"https:\/\/schema.org\",\"@graph\":[{\"@type\":\"WebPage\",\"@id\":\"https:\/\/pb.edu.pl\/sjo\/dla-studenta\/egzaminy\/englishscore\/\",\"url\":\"https:\/\/pb.edu.pl\/sjo\/dla-studenta\/egzaminy\/englishscore\/\",\"name\":\"EnglishScore - Studium J\u0119zyk\u00f3w Obcych\",\"isPartOf\":{\"@id\":\"https:\/\/pb.edu.pl\/sjo\/#website\"},\"primaryImageOfPage\":{\"@id\":\"https:\/\/pb.edu.pl\/sjo\/dla-studenta\/egzaminy\/englishscore\/#primaryimage\"},\"image\":{\"@id\":\"https:\/\/pb.edu.pl\/sjo\/dla-studenta\/egzaminy\/englishscore\/#primaryimage\"},\"thumbnailUrl\":\"https:\/\/pb.edu.pl\/sjo\/wp-content\/uploads\/sites\/9\/2023\/02\/Poland-CS-webpage-banner-Polish.png\",\"datePublished\":\"2023-01-05T10:00:56+00:00\",\"dateModified\":\"2026-03-05T13:48:45+00:00\",\"description\":\"Czym jest EnglishScore? EnglishScore to globalny test i certyfikat z j\u0119zyka angielskiego dla rynku pracy. Test zdawany jest przez ponad 2 miliony os\u00f3b\",\"breadcrumb\":{\"@id\":\"https:\/\/pb.edu.pl\/sjo\/dla-studenta\/egzaminy\/englishscore\/#breadcrumb\"},\"inLanguage\":\"pl-PL\",\"potentialAction\":[{\"@type\":\"ReadAction\",\"target\":[\"https:\/\/pb.edu.pl\/sjo\/dla-studenta\/egzaminy\/englishscore\/\"]}]},{\"@type\":\"ImageObject\",\"inLanguage\":\"pl-PL\",\"@id\":\"https:\/\/pb.edu.pl\/sjo\/dla-studenta\/egzaminy\/englishscore\/#primaryimage\",\"url\":\"https:\/\/pb.edu.pl\/sjo\/wp-content\/uploads\/sites\/9\/2023\/02\/Poland-CS-webpage-banner-Polish.png\",\"contentUrl\":\"https:\/\/pb.edu.pl\/sjo\/wp-content\/uploads\/sites\/9\/2023\/02\/Poland-CS-webpage-banner-Polish.png\",\"width\":2563,\"height\":865},{\"@type\":\"BreadcrumbList\",\"@id\":\"https:\/\/pb.edu.pl\/sjo\/dla-studenta\/egzaminy\/englishscore\/#breadcrumb\",\"itemListElement\":[{\"@type\":\"ListItem\",\"position\":1,\"name\":\"Home\",\"item\":\"https:\/\/pb.edu.pl\/sjo\/\"},{\"@type\":\"ListItem\",\"position\":2,\"name\":\"Studiuj\u0119 w PB\",\"item\":\"https:\/\/pb.edu.pl\/sjo\/dla-studenta\/\"},{\"@type\":\"ListItem\",\"position\":3,\"name\":\"Egzaminy\",\"item\":\"https:\/\/pb.edu.pl\/sjo\/dla-studenta\/egzaminy\/\"},{\"@type\":\"ListItem\",\"position\":4,\"name\":\"EnglishScore\"}]},{\"@type\":\"WebSite\",\"@id\":\"https:\/\/pb.edu.pl\/sjo\/#website\",\"url\":\"https:\/\/pb.edu.pl\/sjo\/\",\"name\":\"Studium J\u0119zyk\u00f3w Obcych\",\"description\":\"\",\"potentialAction\":[{\"@type\":\"SearchAction\",\"target\":{\"@type\":\"EntryPoint\",\"urlTemplate\":\"https:\/\/pb.edu.pl\/sjo\/?s={search_term_string}\"},\"query-input\":{\"@type\":\"PropertyValueSpecification\",\"valueRequired\":true,\"valueName\":\"search_term_string\"}}],\"inLanguage\":\"pl-PL\"}]}<\/script>\n<!-- \/ Yoast SEO plugin. -->","yoast_head_json":{"title":"EnglishScore - Studium J\u0119zyk\u00f3w Obcych","description":"Czym jest EnglishScore? EnglishScore to globalny test i certyfikat z j\u0119zyka angielskiego dla rynku pracy. Test zdawany jest przez ponad 2 miliony os\u00f3b","robots":{"index":"index","follow":"follow","max-snippet":"max-snippet:-1","max-image-preview":"max-image-preview:large","max-video-preview":"max-video-preview:-1"},"canonical":"https:\/\/pb.edu.pl\/sjo\/dla-studenta\/egzaminy\/englishscore\/","og_locale":"pl_PL","og_type":"article","og_title":"EnglishScore - Studium J\u0119zyk\u00f3w Obcych","og_description":"Czym jest EnglishScore? EnglishScore to globalny test i certyfikat z j\u0119zyka angielskiego dla rynku pracy. Test zdawany jest przez ponad 2 miliony os\u00f3b","og_url":"https:\/\/pb.edu.pl\/sjo\/dla-studenta\/egzaminy\/englishscore\/","og_site_name":"Studium J\u0119zyk\u00f3w Obcych","article_modified_time":"2026-03-05T13:48:45+00:00","og_image":[{"width":2563,"height":865,"url":"https:\/\/pb.edu.pl\/sjo\/wp-content\/uploads\/sites\/9\/2023\/02\/Poland-CS-webpage-banner-Polish.png","type":"image\/png"}],"twitter_misc":{"Szacowany czas czytania":"4 minuty"},"schema":{"@context":"https:\/\/schema.org","@graph":[{"@type":"WebPage","@id":"https:\/\/pb.edu.pl\/sjo\/dla-studenta\/egzaminy\/englishscore\/","url":"https:\/\/pb.edu.pl\/sjo\/dla-studenta\/egzaminy\/englishscore\/","name":"EnglishScore - Studium J\u0119zyk\u00f3w Obcych","isPartOf":{"@id":"https:\/\/pb.edu.pl\/sjo\/#website"},"primaryImageOfPage":{"@id":"https:\/\/pb.edu.pl\/sjo\/dla-studenta\/egzaminy\/englishscore\/#primaryimage"},"image":{"@id":"https:\/\/pb.edu.pl\/sjo\/dla-studenta\/egzaminy\/englishscore\/#primaryimage"},"thumbnailUrl":"https:\/\/pb.edu.pl\/sjo\/wp-content\/uploads\/sites\/9\/2023\/02\/Poland-CS-webpage-banner-Polish.png","datePublished":"2023-01-05T10:00:56+00:00","dateModified":"2026-03-05T13:48:45+00:00","description":"Czym jest EnglishScore? EnglishScore to globalny test i certyfikat z j\u0119zyka angielskiego dla rynku pracy. Test zdawany jest przez ponad 2 miliony os\u00f3b","breadcrumb":{"@id":"https:\/\/pb.edu.pl\/sjo\/dla-studenta\/egzaminy\/englishscore\/#breadcrumb"},"inLanguage":"pl-PL","potentialAction":[{"@type":"ReadAction","target":["https:\/\/pb.edu.pl\/sjo\/dla-studenta\/egzaminy\/englishscore\/"]}]},{"@type":"ImageObject","inLanguage":"pl-PL","@id":"https:\/\/pb.edu.pl\/sjo\/dla-studenta\/egzaminy\/englishscore\/#primaryimage","url":"https:\/\/pb.edu.pl\/sjo\/wp-content\/uploads\/sites\/9\/2023\/02\/Poland-CS-webpage-banner-Polish.png","contentUrl":"https:\/\/pb.edu.pl\/sjo\/wp-content\/uploads\/sites\/9\/2023\/02\/Poland-CS-webpage-banner-Polish.png","width":2563,"height":865},{"@type":"BreadcrumbList","@id":"https:\/\/pb.edu.pl\/sjo\/dla-studenta\/egzaminy\/englishscore\/#breadcrumb","itemListElement":[{"@type":"ListItem","position":1,"name":"Home","item":"https:\/\/pb.edu.pl\/sjo\/"},{"@type":"ListItem","position":2,"name":"Studiuj\u0119 w PB","item":"https:\/\/pb.edu.pl\/sjo\/dla-studenta\/"},{"@type":"ListItem","position":3,"name":"Egzaminy","item":"https:\/\/pb.edu.pl\/sjo\/dla-studenta\/egzaminy\/"},{"@type":"ListItem","position":4,"name":"EnglishScore"}]},{"@type":"WebSite","@id":"https:\/\/pb.edu.pl\/sjo\/#website","url":"https:\/\/pb.edu.pl\/sjo\/","name":"Studium J\u0119zyk\u00f3w Obcych","description":"","potentialAction":[{"@type":"SearchAction","target":{"@type":"EntryPoint","urlTemplate":"https:\/\/pb.edu.pl\/sjo\/?s={search_term_string}"},"query-input":{"@type":"PropertyValueSpecification","valueRequired":true,"valueName":"search_term_string"}}],"inLanguage":"pl-PL"}]}},"_links":{"self":[{"href":"https:\/\/pb.edu.pl\/sjo\/wp-json\/wp\/v2\/pages\/17866","targetHints":{"allow":["GET"]}}],"collection":[{"href":"https:\/\/pb.edu.pl\/sjo\/wp-json\/wp\/v2\/pages"}],"about":[{"href":"https:\/\/pb.edu.pl\/sjo\/wp-json\/wp\/v2\/types\/page"}],"author":[{"embeddable":true,"href":"https:\/\/pb.edu.pl\/sjo\/wp-json\/wp\/v2\/users\/6"}],"replies":[{"embeddable":true,"href":"https:\/\/pb.edu.pl\/sjo\/wp-json\/wp\/v2\/comments?post=17866"}],"version-history":[{"count":3,"href":"https:\/\/pb.edu.pl\/sjo\/wp-json\/wp\/v2\/pages\/17866\/revisions"}],"predecessor-version":[{"id":31017,"href":"https:\/\/pb.edu.pl\/sjo\/wp-json\/wp\/v2\/pages\/17866\/revisions\/31017"}],"up":[{"embeddable":true,"href":"https:\/\/pb.edu.pl\/sjo\/wp-json\/wp\/v2\/pages\/18"}],"wp:attachment":[{"href":"https:\/\/pb.edu.pl\/sjo\/wp-json\/wp\/v2\/media?parent=17866"}],"curies":[{"name":"wp","href":"https:\/\/api.w.org\/{rel}","templated":true}]}}