{"id":17224,"date":"2022-10-25T11:58:58","date_gmt":"2022-10-25T09:58:58","guid":{"rendered":"https:\/\/pb.edu.pl\/sjo\/?page_id=17224"},"modified":"2023-11-13T16:00:14","modified_gmt":"2023-11-13T15:00:14","slug":"stypendystka-fulbrighta-w-bialostockich-szkolach","status":"publish","type":"page","link":"https:\/\/pb.edu.pl\/sjo\/projekty-2-2\/program-fulbright\/stypendystka-fulbrighta-w-bialostockich-szkolach\/","title":{"rendered":"Stypendystka Fulbright&#8217;a w podlaskich szko\u0142ach"},"content":{"rendered":"<h2><img loading=\"lazy\" decoding=\"async\" class=\"alignleft wp-image-17279\" src=\"https:\/\/pb.edu.pl\/sjo\/wp-content\/uploads\/sites\/9\/2023\/11\/lectures-2.png\" alt=\"\" width=\"350\" height=\"233\">Studium J\u0119zyk\u00f3w Obcych Politechniki Bia\u0142ostockiej promuje nauk\u0119 j\u0119zyka angielskiego tak\u017ce poza uczelni\u0105.<\/h2>\n<p>Ju\u017c drugi rok z rz\u0119du Studium J\u0119zyk\u00f3w Obcych Politechniki Bia\u0142ostockiej prowadzi projekt promocji nauki j\u0119zyka angielskiego w szko\u0142ach podstawowych oraz ponadpodstawowych. Native speaker ze Stan\u00f3w Zjednoczonych, kt\u00f3ra w ramach Programu Fulbrighta pracuje w SJO odwiedza szko\u0142y na Podlasiu. Prowadzi darmowe zaj\u0119cia konwersacyjne z dzie\u0107mi, zach\u0119ca do nauki angielskiego oraz opowiada o kulturze swojego kraju.<\/p>\n<p>Je\u017celi jeste\u015bcie Pa\u0144stwo zainteresowani zaproszeniem <a href=\"https:\/\/pb.edu.pl\/sjo\/2023\/10\/03\/22172\/\">Cailyn<\/a> do swojej szko\u0142y, prosimy o kontakt z SJO: <a href=\"#\" rel=\"nofollow\"  onclick=\"this.href='mailto:' + 'k.kochaniak' + '@' + 'pb.edu.pl'\">k.kochaniak [at] pb.edu.pl<\/a>.<\/p>\n<h2>Aktualno\u015bci<\/h2>\n\t\t<div class=\"box news-box \">\n\t\t<div class=\"row\">\n\t\t\t\n\t\t\t\n\t\t\t\t\n\t\t\t\t\t\t\t\t\t\t<div class=\"col-sm-3\">\n\t\t\t\t\t\t\t\n<article class=\"format-standard\">\n    <span class=\"date text-right\"><i class=\"fal fa-calendar-alt\"><\/i> 25-04-2024<\/span>\n    <a href=\"https:\/\/pb.edu.pl\/sjo\/2024\/04\/25\/wyklad-dla-infotech\/\">\n      <div class=\"article-image\">\n        <img loading=\"lazy\" decoding=\"async\" width=\"480\" height=\"300\" src=\"https:\/\/pb.edu.pl\/sjo\/wp-content\/uploads\/sites\/9\/2024\/04\/infotech-lecture-480x300.png\" class=\"attachment-medium-image-16x10 size-medium-image-16x10 wp-post-image\" alt=\"\" srcset=\"https:\/\/pb.edu.pl\/sjo\/wp-content\/uploads\/sites\/9\/2024\/04\/infotech-lecture-480x300.png 480w, https:\/\/pb.edu.pl\/sjo\/wp-content\/uploads\/sites\/9\/2024\/04\/infotech-lecture-300x188.png 300w, https:\/\/pb.edu.pl\/sjo\/wp-content\/uploads\/sites\/9\/2024\/04\/infotech-lecture-1024x640.png 1024w, https:\/\/pb.edu.pl\/sjo\/wp-content\/uploads\/sites\/9\/2024\/04\/infotech-lecture-768x480.png 768w, https:\/\/pb.edu.pl\/sjo\/wp-content\/uploads\/sites\/9\/2024\/04\/infotech-lecture.png 1080w\" sizes=\"auto, (max-width: 480px) 100vw, 480px\" \/>      <\/div>\n      <h3>Wyk\u0142ad dla Infotech<\/h3>\n      4 kwietnia zorganizowali\u015bmy wyk\u0142ad specjalnie dla Technikum Programistycznego Infotech w Bia\u0142ymstoku.    <\/a>\n<\/article>\t\t\t\t\t\t<\/div>\n\t\t\t\t\t\t\t\t\t\t\t<div class=\"col-sm-3\">\n\t\t\t\t\t\t\t\n<article class=\"format-standard\">\n    <span class=\"date text-right\"><i class=\"fal fa-calendar-alt\"><\/i> 12-03-2024<\/span>\n    <a href=\"https:\/\/pb.edu.pl\/sjo\/2024\/03\/12\/wizyta-w-vi-lo-w-bialymstoku\/\">\n      <div class=\"article-image\">\n        <img loading=\"lazy\" decoding=\"async\" width=\"480\" height=\"300\" src=\"https:\/\/pb.edu.pl\/sjo\/wp-content\/uploads\/sites\/9\/2024\/03\/Cailyn-z-SJO-PB-w4-480x300.png\" class=\"attachment-medium-image-16x10 size-medium-image-16x10 wp-post-image\" alt=\"\" srcset=\"https:\/\/pb.edu.pl\/sjo\/wp-content\/uploads\/sites\/9\/2024\/03\/Cailyn-z-SJO-PB-w4-480x300.png 480w, https:\/\/pb.edu.pl\/sjo\/wp-content\/uploads\/sites\/9\/2024\/03\/Cailyn-z-SJO-PB-w4-300x188.png 300w, https:\/\/pb.edu.pl\/sjo\/wp-content\/uploads\/sites\/9\/2024\/03\/Cailyn-z-SJO-PB-w4-1024x640.png 1024w, https:\/\/pb.edu.pl\/sjo\/wp-content\/uploads\/sites\/9\/2024\/03\/Cailyn-z-SJO-PB-w4-768x480.png 768w, https:\/\/pb.edu.pl\/sjo\/wp-content\/uploads\/sites\/9\/2024\/03\/Cailyn-z-SJO-PB-w4.png 1080w\" sizes=\"auto, (max-width: 480px) 100vw, 480px\" \/>      <\/div>\n      <h3>Wizyta w VI LO w Bia\u0142ymstoku<\/h3>\n      5 marca 2024 roku Cailyn Stewart odwiedzi\u0142a VI Liceum Og\u00f3lnokszta\u0142c\u0105ce w    <\/a>\n<\/article>\t\t\t\t\t\t<\/div>\n\t\t\t\t\t\t\t\t\t\t\t<div class=\"col-sm-3\">\n\t\t\t\t\t\t\t\n<article class=\"format-standard\">\n    <span class=\"date text-right\"><i class=\"fal fa-calendar-alt\"><\/i> 16-02-2024<\/span>\n    <a href=\"https:\/\/pb.edu.pl\/sjo\/2024\/02\/16\/wyklad-dla-iv-lo\/\">\n      <div class=\"article-image\">\n        <img loading=\"lazy\" decoding=\"async\" width=\"480\" height=\"300\" src=\"https:\/\/pb.edu.pl\/sjo\/wp-content\/uploads\/sites\/9\/2024\/02\/American-Hour-Interactive-Lectures-on-American-Life-and-Culture-1080-x-675-px-480x300.png\" class=\"attachment-medium-image-16x10 size-medium-image-16x10 wp-post-image\" alt=\"\" srcset=\"https:\/\/pb.edu.pl\/sjo\/wp-content\/uploads\/sites\/9\/2024\/02\/American-Hour-Interactive-Lectures-on-American-Life-and-Culture-1080-x-675-px-480x300.png 480w, https:\/\/pb.edu.pl\/sjo\/wp-content\/uploads\/sites\/9\/2024\/02\/American-Hour-Interactive-Lectures-on-American-Life-and-Culture-1080-x-675-px-300x188.png 300w, https:\/\/pb.edu.pl\/sjo\/wp-content\/uploads\/sites\/9\/2024\/02\/American-Hour-Interactive-Lectures-on-American-Life-and-Culture-1080-x-675-px-1024x640.png 1024w, https:\/\/pb.edu.pl\/sjo\/wp-content\/uploads\/sites\/9\/2024\/02\/American-Hour-Interactive-Lectures-on-American-Life-and-Culture-1080-x-675-px-768x480.png 768w, https:\/\/pb.edu.pl\/sjo\/wp-content\/uploads\/sites\/9\/2024\/02\/American-Hour-Interactive-Lectures-on-American-Life-and-Culture-1080-x-675-px.png 1080w\" sizes=\"auto, (max-width: 480px) 100vw, 480px\" \/>      <\/div>\n      <h3>Wyk\u0142ad dla IV LO<\/h3>\n      9 lutego zorganizowali\u015bmy wyk\u0142ad specjalnie dla IV Liceum Og\u00f3lnokszta\u0142c\u0105cego w Bia\u0142ymstoku.    <\/a>\n<\/article>\t\t\t\t\t\t<\/div>\n\t\t\t\t\t\t\t\t\t\t\t<div class=\"col-sm-3\">\n\t\t\t\t\t\t\t\n<article class=\"format-standard\">\n    <span class=\"date text-right\"><i class=\"fal fa-calendar-alt\"><\/i> 25-01-2024<\/span>\n    <a href=\"https:\/\/pb.edu.pl\/sjo\/2024\/01\/25\/wizyta-w-psp-nr-6-w-starosielcach\/\">\n      <div class=\"article-image\">\n        <img loading=\"lazy\" decoding=\"async\" width=\"480\" height=\"300\" src=\"https:\/\/pb.edu.pl\/sjo\/wp-content\/uploads\/sites\/9\/2024\/01\/Cailyn-z-SJO-PB-w1-480x300.png\" class=\"attachment-medium-image-16x10 size-medium-image-16x10 wp-post-image\" alt=\"\" srcset=\"https:\/\/pb.edu.pl\/sjo\/wp-content\/uploads\/sites\/9\/2024\/01\/Cailyn-z-SJO-PB-w1-480x300.png 480w, https:\/\/pb.edu.pl\/sjo\/wp-content\/uploads\/sites\/9\/2024\/01\/Cailyn-z-SJO-PB-w1-300x188.png 300w, https:\/\/pb.edu.pl\/sjo\/wp-content\/uploads\/sites\/9\/2024\/01\/Cailyn-z-SJO-PB-w1-1024x640.png 1024w, https:\/\/pb.edu.pl\/sjo\/wp-content\/uploads\/sites\/9\/2024\/01\/Cailyn-z-SJO-PB-w1-768x480.png 768w, https:\/\/pb.edu.pl\/sjo\/wp-content\/uploads\/sites\/9\/2024\/01\/Cailyn-z-SJO-PB-w1.png 1080w\" sizes=\"auto, (max-width: 480px) 100vw, 480px\" \/>      <\/div>\n      <h3>Wizyta w PSP nr 6 w Starosielcach<\/h3>\n      Czym jest Juneteenth? Kiedy obchodzona jest Kwanzaa? Jak w Teksasie wygl\u0105da    <\/a>\n<\/article>\t\t\t\t\t\t<\/div>\n\t\t\t\t\t\t\t\t\t\t\t<div class=\"col-sm-3\">\n\t\t\t\t\t\t\t\n<article class=\"format-standard\">\n    <span class=\"date text-right\"><i class=\"fal fa-calendar-alt\"><\/i> 10-01-2024<\/span>\n    <a href=\"https:\/\/pb.edu.pl\/sjo\/2024\/01\/10\/zapros-native-speakera-do-swojej-szkoly\/\">\n      <div class=\"article-image\">\n        <img loading=\"lazy\" decoding=\"async\" width=\"480\" height=\"300\" src=\"https:\/\/pb.edu.pl\/sjo\/wp-content\/uploads\/sites\/9\/2024\/01\/lectures-21-480x300.png\" class=\"attachment-medium-image-16x10 size-medium-image-16x10 wp-post-image\" alt=\"\" srcset=\"https:\/\/pb.edu.pl\/sjo\/wp-content\/uploads\/sites\/9\/2024\/01\/lectures-21-480x300.png 480w, https:\/\/pb.edu.pl\/sjo\/wp-content\/uploads\/sites\/9\/2024\/01\/lectures-21-300x188.png 300w, https:\/\/pb.edu.pl\/sjo\/wp-content\/uploads\/sites\/9\/2024\/01\/lectures-21-1024x640.png 1024w, https:\/\/pb.edu.pl\/sjo\/wp-content\/uploads\/sites\/9\/2024\/01\/lectures-21-768x480.png 768w, https:\/\/pb.edu.pl\/sjo\/wp-content\/uploads\/sites\/9\/2024\/01\/lectures-21.png 1080w\" sizes=\"auto, (max-width: 480px) 100vw, 480px\" \/>      <\/div>\n      <h3>Zapro\u015b native speakera do swojej szko\u0142y<\/h3>\n      Studium J\u0119zyk\u00f3w Obcych PB promuje nauk\u0119 j\u0119zyka angielskiego! Native speaker z    <\/a>\n<\/article>\t\t\t\t\t\t<\/div>\n\t\t\t\t\t\t\t\t\t\t\t<div class=\"col-sm-3\">\n\t\t\t\t\t\t\t\n<article class=\"format-standard\">\n    <span class=\"date text-right\"><i class=\"fal fa-calendar-alt\"><\/i> 28-12-2023<\/span>\n    <a href=\"https:\/\/pb.edu.pl\/sjo\/2023\/12\/28\/23820\/\">\n      <div class=\"article-image\">\n        <img loading=\"lazy\" decoding=\"async\" width=\"480\" height=\"300\" src=\"https:\/\/pb.edu.pl\/sjo\/wp-content\/uploads\/sites\/9\/2024\/01\/Cailyn-z-SJO-PB-w2-480x300.png\" class=\"attachment-medium-image-16x10 size-medium-image-16x10 wp-post-image\" alt=\"\" srcset=\"https:\/\/pb.edu.pl\/sjo\/wp-content\/uploads\/sites\/9\/2024\/01\/Cailyn-z-SJO-PB-w2-480x300.png 480w, https:\/\/pb.edu.pl\/sjo\/wp-content\/uploads\/sites\/9\/2024\/01\/Cailyn-z-SJO-PB-w2-300x188.png 300w, https:\/\/pb.edu.pl\/sjo\/wp-content\/uploads\/sites\/9\/2024\/01\/Cailyn-z-SJO-PB-w2-1024x640.png 1024w, https:\/\/pb.edu.pl\/sjo\/wp-content\/uploads\/sites\/9\/2024\/01\/Cailyn-z-SJO-PB-w2-768x480.png 768w, https:\/\/pb.edu.pl\/sjo\/wp-content\/uploads\/sites\/9\/2024\/01\/Cailyn-z-SJO-PB-w2.png 1080w\" sizes=\"auto, (max-width: 480px) 100vw, 480px\" \/>      <\/div>\n      <h3>Wizyta w Spo\u0142ecznej Szkole Podstawowej nr 4 PTO<\/h3>\n      21 grudnia 2023 r. odwiedzi\u0142a nas studentka z USA, Cailyn. Bia\u0142ystok    <\/a>\n<\/article>\t\t\t\t\t\t<\/div>\n\t\t\t\t\t\t\t\t\t\t\t<div class=\"col-sm-3\">\n\t\t\t\t\t\t\t\n<article class=\"format-standard\">\n    <span class=\"date text-right\"><i class=\"fal fa-calendar-alt\"><\/i> 15-12-2023<\/span>\n    <a href=\"https:\/\/pb.edu.pl\/sjo\/2023\/12\/15\/cailyn-w-prywatnej-szkole-podstawowej-nr-1\/\">\n      <div class=\"article-image\">\n        <img loading=\"lazy\" decoding=\"async\" width=\"480\" height=\"300\" src=\"https:\/\/pb.edu.pl\/sjo\/wp-content\/uploads\/sites\/9\/2024\/01\/Cailyn-z-SJO-PB-w-480x300.png\" class=\"attachment-medium-image-16x10 size-medium-image-16x10 wp-post-image\" alt=\"\" srcset=\"https:\/\/pb.edu.pl\/sjo\/wp-content\/uploads\/sites\/9\/2024\/01\/Cailyn-z-SJO-PB-w-480x300.png 480w, https:\/\/pb.edu.pl\/sjo\/wp-content\/uploads\/sites\/9\/2024\/01\/Cailyn-z-SJO-PB-w-300x188.png 300w, https:\/\/pb.edu.pl\/sjo\/wp-content\/uploads\/sites\/9\/2024\/01\/Cailyn-z-SJO-PB-w-1024x640.png 1024w, https:\/\/pb.edu.pl\/sjo\/wp-content\/uploads\/sites\/9\/2024\/01\/Cailyn-z-SJO-PB-w-768x480.png 768w, https:\/\/pb.edu.pl\/sjo\/wp-content\/uploads\/sites\/9\/2024\/01\/Cailyn-z-SJO-PB-w.png 1080w\" sizes=\"auto, (max-width: 480px) 100vw, 480px\" \/>      <\/div>\n      <h3>Cailyn w Prywatnej Szkole Podstawowej nr 1<\/h3>\n      Pod koniec listopada nasza ameryka\u0144ska stypendystka Programu Fulbrighta, Cailyn Stewart, prowadzi\u0142a    <\/a>\n<\/article>\t\t\t\t\t\t<\/div>\n\t\t\t\t\t\t\t\t\t\t\t<div class=\"col-sm-3\">\n\t\t\t\t\t\t\t\n<article class=\"format-standard\">\n    <span class=\"date text-right\"><i class=\"fal fa-calendar-alt\"><\/i> 14-03-2023<\/span>\n    <a href=\"https:\/\/pb.edu.pl\/sjo\/2023\/03\/14\/relacja-z-wizyty-meghan-w-sp14\/\">\n      <div class=\"article-image\">\n        <img loading=\"lazy\" decoding=\"async\" width=\"480\" height=\"300\" src=\"https:\/\/pb.edu.pl\/sjo\/wp-content\/uploads\/sites\/9\/2023\/03\/20230303_084124-480x300.jpg\" class=\"attachment-medium-image-16x10 size-medium-image-16x10 wp-post-image\" alt=\"\" \/>      <\/div>\n      <h3>Relacja z wizyty Meghan w SP14<\/h3>\n      &#8222;W dniach 3 i 13 marca 2023 roku go\u015bcili\u015bmy w Szkole    <\/a>\n<\/article>\t\t\t\t\t\t<\/div>\n\t\t\t\t\t\n\t\t\t\t\n\t\t\t\t\t<\/div>\n\t\t\n\t<nav class=\"navigation pagination\" aria-label=\"Stronicowanie wpis\u00f3w\">\n\t\t<h2 class=\"screen-reader-text\">Stronicowanie wpis\u00f3w<\/h2>\n\t\t<div class=\"nav-links\"><span aria-current=\"page\" class=\"page-numbers current\">1<\/span>\n<a class=\"page-numbers\" href=\"https:\/\/pb.edu.pl\/sjo\/wp-json\/wp\/v2\/pages\/17224\/page\/2\/\">2<\/a>\n<a class=\"next page-numbers\" href=\"https:\/\/pb.edu.pl\/sjo\/wp-json\/wp\/v2\/pages\/17224\/page\/2\/\">Nast\u0119pne<\/a><\/div>\n\t<\/nav>\t\t\t<\/div>\n\n","protected":false},"excerpt":{"rendered":"<p>Studium J\u0119zyk\u00f3w Obcych Politechniki Bia\u0142ostockiej promuje nauk\u0119 j\u0119zyka angielskiego tak\u017ce poza uczelni\u0105. Ju\u017c drugi rok<\/p>\n","protected":false},"author":6,"featured_media":0,"parent":16812,"menu_order":0,"comment_status":"closed","ping_status":"closed","template":"","meta":{"_acf_changed":false,"ngg_post_thumbnail":0,"footnotes":""},"class_list":["post-17224","page","type-page","status-publish","hentry"],"acf":[],"yoast_head":"<!-- This site is optimized with the Yoast SEO plugin v27.0 - https:\/\/yoast.com\/product\/yoast-seo-wordpress\/ -->\n<title>Stypendystka Fulbright&#039;a w podlaskich szko\u0142ach - Studium J\u0119zyk\u00f3w Obcych<\/title>\n<meta name=\"description\" content=\"Studium J\u0119zyk\u00f3w Obcych Politechniki Bia\u0142ostockiej promuje nauk\u0119 j\u0119zyka angielskiego tak\u017ce poza uczelni\u0105. Ju\u017c drugi rok z rz\u0119du Studium J\u0119zyk\u00f3w Obcych\" \/>\n<meta name=\"robots\" content=\"index, follow, max-snippet:-1, max-image-preview:large, max-video-preview:-1\" \/>\n<link rel=\"canonical\" href=\"https:\/\/pb.edu.pl\/sjo\/projekty-2-2\/program-fulbright\/stypendystka-fulbrighta-w-bialostockich-szkolach\/\" \/>\n<meta property=\"og:locale\" content=\"pl_PL\" \/>\n<meta property=\"og:type\" content=\"article\" \/>\n<meta property=\"og:title\" content=\"Stypendystka Fulbright&#039;a w podlaskich szko\u0142ach - Studium J\u0119zyk\u00f3w Obcych\" \/>\n<meta property=\"og:description\" content=\"Studium J\u0119zyk\u00f3w Obcych Politechniki Bia\u0142ostockiej promuje nauk\u0119 j\u0119zyka angielskiego tak\u017ce poza uczelni\u0105. Ju\u017c drugi rok z rz\u0119du Studium J\u0119zyk\u00f3w Obcych\" \/>\n<meta property=\"og:url\" content=\"https:\/\/pb.edu.pl\/sjo\/projekty-2-2\/program-fulbright\/stypendystka-fulbrighta-w-bialostockich-szkolach\/\" \/>\n<meta property=\"og:site_name\" content=\"Studium J\u0119zyk\u00f3w Obcych\" \/>\n<meta property=\"article:modified_time\" content=\"2023-11-13T15:00:14+00:00\" \/>\n<meta property=\"og:image\" content=\"https:\/\/pb.edu.pl\/sjo\/wp-content\/uploads\/sites\/9\/2023\/11\/lectures-2.png\" \/>\n<meta name=\"twitter:label1\" content=\"Szacowany czas czytania\" \/>\n\t<meta name=\"twitter:data1\" content=\"1 minuta\" \/>\n<script type=\"application\/ld+json\" class=\"yoast-schema-graph\">{\"@context\":\"https:\/\/schema.org\",\"@graph\":[{\"@type\":\"WebPage\",\"@id\":\"https:\/\/pb.edu.pl\/sjo\/projekty-2-2\/program-fulbright\/stypendystka-fulbrighta-w-bialostockich-szkolach\/\",\"url\":\"https:\/\/pb.edu.pl\/sjo\/projekty-2-2\/program-fulbright\/stypendystka-fulbrighta-w-bialostockich-szkolach\/\",\"name\":\"Stypendystka Fulbright'a w podlaskich szko\u0142ach - Studium J\u0119zyk\u00f3w Obcych\",\"isPartOf\":{\"@id\":\"https:\/\/pb.edu.pl\/sjo\/#website\"},\"primaryImageOfPage\":{\"@id\":\"https:\/\/pb.edu.pl\/sjo\/projekty-2-2\/program-fulbright\/stypendystka-fulbrighta-w-bialostockich-szkolach\/#primaryimage\"},\"image\":{\"@id\":\"https:\/\/pb.edu.pl\/sjo\/projekty-2-2\/program-fulbright\/stypendystka-fulbrighta-w-bialostockich-szkolach\/#primaryimage\"},\"thumbnailUrl\":\"https:\/\/pb.edu.pl\/sjo\/wp-content\/uploads\/sites\/9\/2023\/11\/lectures-2.png\",\"datePublished\":\"2022-10-25T09:58:58+00:00\",\"dateModified\":\"2023-11-13T15:00:14+00:00\",\"description\":\"Studium J\u0119zyk\u00f3w Obcych Politechniki Bia\u0142ostockiej promuje nauk\u0119 j\u0119zyka angielskiego tak\u017ce poza uczelni\u0105. Ju\u017c drugi rok z rz\u0119du Studium J\u0119zyk\u00f3w Obcych\",\"breadcrumb\":{\"@id\":\"https:\/\/pb.edu.pl\/sjo\/projekty-2-2\/program-fulbright\/stypendystka-fulbrighta-w-bialostockich-szkolach\/#breadcrumb\"},\"inLanguage\":\"pl-PL\",\"potentialAction\":[{\"@type\":\"ReadAction\",\"target\":[\"https:\/\/pb.edu.pl\/sjo\/projekty-2-2\/program-fulbright\/stypendystka-fulbrighta-w-bialostockich-szkolach\/\"]}]},{\"@type\":\"ImageObject\",\"inLanguage\":\"pl-PL\",\"@id\":\"https:\/\/pb.edu.pl\/sjo\/projekty-2-2\/program-fulbright\/stypendystka-fulbrighta-w-bialostockich-szkolach\/#primaryimage\",\"url\":\"https:\/\/pb.edu.pl\/sjo\/wp-content\/uploads\/sites\/9\/2023\/11\/lectures-2.png\",\"contentUrl\":\"https:\/\/pb.edu.pl\/sjo\/wp-content\/uploads\/sites\/9\/2023\/11\/lectures-2.png\",\"width\":799,\"height\":533,\"caption\":\"podpis\"},{\"@type\":\"BreadcrumbList\",\"@id\":\"https:\/\/pb.edu.pl\/sjo\/projekty-2-2\/program-fulbright\/stypendystka-fulbrighta-w-bialostockich-szkolach\/#breadcrumb\",\"itemListElement\":[{\"@type\":\"ListItem\",\"position\":1,\"name\":\"Home\",\"item\":\"https:\/\/pb.edu.pl\/sjo\/\"},{\"@type\":\"ListItem\",\"position\":2,\"name\":\"Projekty\",\"item\":\"https:\/\/pb.edu.pl\/sjo\/projekty-2-2\/\"},{\"@type\":\"ListItem\",\"position\":3,\"name\":\"Program Fulbrighta\",\"item\":\"https:\/\/pb.edu.pl\/sjo\/projekty-2-2\/program-fulbright\/\"},{\"@type\":\"ListItem\",\"position\":4,\"name\":\"Stypendystka Fulbright&#8217;a w podlaskich szko\u0142ach\"}]},{\"@type\":\"WebSite\",\"@id\":\"https:\/\/pb.edu.pl\/sjo\/#website\",\"url\":\"https:\/\/pb.edu.pl\/sjo\/\",\"name\":\"Studium J\u0119zyk\u00f3w Obcych\",\"description\":\"\",\"potentialAction\":[{\"@type\":\"SearchAction\",\"target\":{\"@type\":\"EntryPoint\",\"urlTemplate\":\"https:\/\/pb.edu.pl\/sjo\/?s={search_term_string}\"},\"query-input\":{\"@type\":\"PropertyValueSpecification\",\"valueRequired\":true,\"valueName\":\"search_term_string\"}}],\"inLanguage\":\"pl-PL\"}]}<\/script>\n<!-- \/ Yoast SEO plugin. -->","yoast_head_json":{"title":"Stypendystka Fulbright'a w podlaskich szko\u0142ach - Studium J\u0119zyk\u00f3w Obcych","description":"Studium J\u0119zyk\u00f3w Obcych Politechniki Bia\u0142ostockiej promuje nauk\u0119 j\u0119zyka angielskiego tak\u017ce poza uczelni\u0105. Ju\u017c drugi rok z rz\u0119du Studium J\u0119zyk\u00f3w Obcych","robots":{"index":"index","follow":"follow","max-snippet":"max-snippet:-1","max-image-preview":"max-image-preview:large","max-video-preview":"max-video-preview:-1"},"canonical":"https:\/\/pb.edu.pl\/sjo\/projekty-2-2\/program-fulbright\/stypendystka-fulbrighta-w-bialostockich-szkolach\/","og_locale":"pl_PL","og_type":"article","og_title":"Stypendystka Fulbright'a w podlaskich szko\u0142ach - Studium J\u0119zyk\u00f3w Obcych","og_description":"Studium J\u0119zyk\u00f3w Obcych Politechniki Bia\u0142ostockiej promuje nauk\u0119 j\u0119zyka angielskiego tak\u017ce poza uczelni\u0105. Ju\u017c drugi rok z rz\u0119du Studium J\u0119zyk\u00f3w Obcych","og_url":"https:\/\/pb.edu.pl\/sjo\/projekty-2-2\/program-fulbright\/stypendystka-fulbrighta-w-bialostockich-szkolach\/","og_site_name":"Studium J\u0119zyk\u00f3w Obcych","article_modified_time":"2023-11-13T15:00:14+00:00","og_image":[{"url":"https:\/\/pb.edu.pl\/sjo\/wp-content\/uploads\/sites\/9\/2023\/11\/lectures-2.png","type":"","width":"","height":""}],"twitter_misc":{"Szacowany czas czytania":"1 minuta"},"schema":{"@context":"https:\/\/schema.org","@graph":[{"@type":"WebPage","@id":"https:\/\/pb.edu.pl\/sjo\/projekty-2-2\/program-fulbright\/stypendystka-fulbrighta-w-bialostockich-szkolach\/","url":"https:\/\/pb.edu.pl\/sjo\/projekty-2-2\/program-fulbright\/stypendystka-fulbrighta-w-bialostockich-szkolach\/","name":"Stypendystka Fulbright'a w podlaskich szko\u0142ach - Studium J\u0119zyk\u00f3w Obcych","isPartOf":{"@id":"https:\/\/pb.edu.pl\/sjo\/#website"},"primaryImageOfPage":{"@id":"https:\/\/pb.edu.pl\/sjo\/projekty-2-2\/program-fulbright\/stypendystka-fulbrighta-w-bialostockich-szkolach\/#primaryimage"},"image":{"@id":"https:\/\/pb.edu.pl\/sjo\/projekty-2-2\/program-fulbright\/stypendystka-fulbrighta-w-bialostockich-szkolach\/#primaryimage"},"thumbnailUrl":"https:\/\/pb.edu.pl\/sjo\/wp-content\/uploads\/sites\/9\/2023\/11\/lectures-2.png","datePublished":"2022-10-25T09:58:58+00:00","dateModified":"2023-11-13T15:00:14+00:00","description":"Studium J\u0119zyk\u00f3w Obcych Politechniki Bia\u0142ostockiej promuje nauk\u0119 j\u0119zyka angielskiego tak\u017ce poza uczelni\u0105. Ju\u017c drugi rok z rz\u0119du Studium J\u0119zyk\u00f3w Obcych","breadcrumb":{"@id":"https:\/\/pb.edu.pl\/sjo\/projekty-2-2\/program-fulbright\/stypendystka-fulbrighta-w-bialostockich-szkolach\/#breadcrumb"},"inLanguage":"pl-PL","potentialAction":[{"@type":"ReadAction","target":["https:\/\/pb.edu.pl\/sjo\/projekty-2-2\/program-fulbright\/stypendystka-fulbrighta-w-bialostockich-szkolach\/"]}]},{"@type":"ImageObject","inLanguage":"pl-PL","@id":"https:\/\/pb.edu.pl\/sjo\/projekty-2-2\/program-fulbright\/stypendystka-fulbrighta-w-bialostockich-szkolach\/#primaryimage","url":"https:\/\/pb.edu.pl\/sjo\/wp-content\/uploads\/sites\/9\/2023\/11\/lectures-2.png","contentUrl":"https:\/\/pb.edu.pl\/sjo\/wp-content\/uploads\/sites\/9\/2023\/11\/lectures-2.png","width":799,"height":533,"caption":"podpis"},{"@type":"BreadcrumbList","@id":"https:\/\/pb.edu.pl\/sjo\/projekty-2-2\/program-fulbright\/stypendystka-fulbrighta-w-bialostockich-szkolach\/#breadcrumb","itemListElement":[{"@type":"ListItem","position":1,"name":"Home","item":"https:\/\/pb.edu.pl\/sjo\/"},{"@type":"ListItem","position":2,"name":"Projekty","item":"https:\/\/pb.edu.pl\/sjo\/projekty-2-2\/"},{"@type":"ListItem","position":3,"name":"Program Fulbrighta","item":"https:\/\/pb.edu.pl\/sjo\/projekty-2-2\/program-fulbright\/"},{"@type":"ListItem","position":4,"name":"Stypendystka Fulbright&#8217;a w podlaskich szko\u0142ach"}]},{"@type":"WebSite","@id":"https:\/\/pb.edu.pl\/sjo\/#website","url":"https:\/\/pb.edu.pl\/sjo\/","name":"Studium J\u0119zyk\u00f3w Obcych","description":"","potentialAction":[{"@type":"SearchAction","target":{"@type":"EntryPoint","urlTemplate":"https:\/\/pb.edu.pl\/sjo\/?s={search_term_string}"},"query-input":{"@type":"PropertyValueSpecification","valueRequired":true,"valueName":"search_term_string"}}],"inLanguage":"pl-PL"}]}},"_links":{"self":[{"href":"https:\/\/pb.edu.pl\/sjo\/wp-json\/wp\/v2\/pages\/17224","targetHints":{"allow":["GET"]}}],"collection":[{"href":"https:\/\/pb.edu.pl\/sjo\/wp-json\/wp\/v2\/pages"}],"about":[{"href":"https:\/\/pb.edu.pl\/sjo\/wp-json\/wp\/v2\/types\/page"}],"author":[{"embeddable":true,"href":"https:\/\/pb.edu.pl\/sjo\/wp-json\/wp\/v2\/users\/6"}],"replies":[{"embeddable":true,"href":"https:\/\/pb.edu.pl\/sjo\/wp-json\/wp\/v2\/comments?post=17224"}],"version-history":[{"count":0,"href":"https:\/\/pb.edu.pl\/sjo\/wp-json\/wp\/v2\/pages\/17224\/revisions"}],"up":[{"embeddable":true,"href":"https:\/\/pb.edu.pl\/sjo\/wp-json\/wp\/v2\/pages\/16812"}],"wp:attachment":[{"href":"https:\/\/pb.edu.pl\/sjo\/wp-json\/wp\/v2\/media?parent=17224"}],"curies":[{"name":"wp","href":"https:\/\/api.w.org\/{rel}","templated":true}]}}