{"id":14788,"date":"2022-09-01T14:15:22","date_gmt":"2022-09-01T12:15:22","guid":{"rendered":"https:\/\/pb.edu.pl\/sjo\/?page_id=14788"},"modified":"2024-08-08T10:17:55","modified_gmt":"2024-08-08T08:17:55","slug":"intensywny-80h-a1","status":"publish","type":"page","link":"https:\/\/pb.edu.pl\/sjo\/polish-lab\/kursy-jezyka-polskiego-jako-obcego-2\/kursy-wakacyjne\/intensywny-80h-a1\/","title":{"rendered":"80-godzinny Intensywny kurs A1. Szko\u0142a letnia"},"content":{"rendered":"<div class=\"h3\"><strong><img loading=\"lazy\" decoding=\"async\" class=\"alignleft wp-image-12441\" src=\"https:\/\/pb.edu.pl\/sjo\/wp-content\/uploads\/sites\/9\/2022\/02\/11-300x200.png\" alt=\"SUMMER\" width=\"500\" height=\"334\" srcset=\"https:\/\/pb.edu.pl\/sjo\/wp-content\/uploads\/sites\/9\/2022\/02\/11-300x200.png 300w, https:\/\/pb.edu.pl\/sjo\/wp-content\/uploads\/sites\/9\/2022\/02\/11-768x512.png 768w, https:\/\/pb.edu.pl\/sjo\/wp-content\/uploads\/sites\/9\/2022\/02\/11-480x320.png 480w, https:\/\/pb.edu.pl\/sjo\/wp-content\/uploads\/sites\/9\/2022\/02\/11.png 799w\" sizes=\"auto, (max-width: 500px) 100vw, 500px\" \/>Szko\u0142a letnia czyli 80-godzinny Intensywny Kurs J\u0119zyka Polskiego dla pocz\u0105tkuj\u0105cych A1<br \/>\n<\/strong><\/div>\n<p><span style=\"font-size: 12pt\">Szko\u0142a letnia j\u0119zyka polskiego dla pocz\u0105tkuj\u0105cych to idealny pomys\u0142 na rozpocz\u0119cie przygody z Polsk\u0105. Poznacie nie tylko podstawy j\u0119zyka, tak by poradzi\u0107 sobie w podstawowych sytuacjach dnia codziennego, ale tak\u017ce b\u0119dziecie mieli okazj\u0119 zachwyci\u0107 si\u0119 polsk\u0105 kultur\u0105.<\/span><\/p>\n<p><span style=\"font-size: 12pt\">Opr\u00f3cz nauki j\u0119zyka i warsztat\u00f3w kulturowych, gier, konkurs\u00f3w i innych zaj\u0119\u0107, zabierzemy Was tak\u017ce na wycieczk\u0119 krajoznawcz\u0105 po Podlasiu. Zapewniamy podr\u0119czniki.<\/span><\/p>\n<p><span style=\"font-size: 12pt\">Szko\u0142a letnia zwykle organizowana jest we wrze\u015bniu, przed rozpocz\u0119ciem studi\u00f3w na Politechnice.<\/span><\/p>\n<p><span style=\"font-size: 12pt\">Kurs obejmuje 80 godzin zaj\u0119\u0107 i trwa 3 tygodnie (po 26-28 godzin tygodniowo).<\/span><\/p>\n<p><span style=\"font-size: 12pt\">Zainteresowane osoby zapraszamy do kontaktu od kwietnia do ko\u0144ca lipca 2023 r. Program kursu b\u0119dzie dostosowany do poziomu uczestnik\u00f3w.<\/span><\/p>\n<p><span style=\"font-size: 12pt\">Cena zale\u017cy od liczy kursant\u00f3w, przewidywany koszt to 2000 z\u0142. Cena nie obejmuje wy\u017cywienia ani zakwaterowania, ale mo\u017cliwe jest skorzystanie z akademik\u00f3w Politechniki.<\/span><\/p>\n<p><span style=\"font-size: 12pt\">Zapraszamy do <a href=\"https:\/\/pb.edu.pl\/sjo\/polish-lab\/kontakt\/\">kontaktu<\/a>.<\/span><\/p>\n<p>&nbsp;<\/p>\n<p><span style=\"color: #000080;font-size: 12pt\"><strong>Summer School: Intensive, 80-hour Polish Language Course for complete beginners A1<\/strong><\/span><\/p>\n<p><span style=\"color: #000080;font-size: 12pt\">The Polish Summer School for Beginners is an ideal idea to start your adventure with Poland. Not only will you learn the basics of the language so that you can cope with basic everyday situations, but you will also have the opportunity to enjoy Polish culture. In addition to language and cultural workshops, games, competitions and other activities, we will take you on a sightseeing tour of Podlasie. Textbooks are provided.<\/span><\/p>\n<p><span style=\"color: #000080;font-size: 12pt\">The Summer School is usually organized in September, before the start of studies at the University of Technology.<\/span><\/p>\n<p><span style=\"color: #000080;font-size: 12pt\">The course consists of 80 lessons and lasts 3 weeks (26-28 lessons per week).<\/span><\/p>\n<p><span style=\"color: #000080;font-size: 12pt\">Interested persons are invited to contact us from April to the end of July 2023. The program will be adapted to the level of the students.<\/span><\/p>\n<p><span style=\"color: #000080;font-size: 12pt\">The price depends on the number of students, the estimated cost is 2000 PLN. The price does not include board and lodging, but it is possible to use the dormitories of the Polytechnic.<\/span><\/p>\n<p>&nbsp;<\/p>\n<p><a href=\"https:\/\/pb.edu.pl\/sjo\/polish-lab\/kontakt\/\"><span style=\"color: #808080\"><span style=\"color: #000080\">Contact us.<\/span><\/span><\/a><\/p>\n","protected":false},"excerpt":{"rendered":"<p>Szko\u0142a letnia czyli 80-godzinny Intensywny Kurs J\u0119zyka Polskiego dla pocz\u0105tkuj\u0105cych A1 Szko\u0142a letnia j\u0119zyka polskiego<\/p>\n","protected":false},"author":6,"featured_media":0,"parent":26003,"menu_order":0,"comment_status":"closed","ping_status":"closed","template":"","meta":{"_acf_changed":false,"ngg_post_thumbnail":0,"footnotes":""},"class_list":["post-14788","page","type-page","status-publish","hentry"],"acf":[],"yoast_head":"<!-- This site is optimized with the Yoast SEO plugin v27.0 - https:\/\/yoast.com\/product\/yoast-seo-wordpress\/ -->\n<title>80-godzinny Intensywny kurs A1. Szko\u0142a letnia - Studium J\u0119zyk\u00f3w Obcych<\/title>\n<meta name=\"description\" content=\"Szko\u0142a letnia czyli 80-godzinny Intensywny Kurs J\u0119zyka Polskiego dla pocz\u0105tkuj\u0105cych A1 Szko\u0142a letnia j\u0119zyka polskiego dla pocz\u0105tkuj\u0105cych to idealny pomys\u0142\" \/>\n<meta name=\"robots\" content=\"index, follow, max-snippet:-1, max-image-preview:large, max-video-preview:-1\" \/>\n<link rel=\"canonical\" href=\"https:\/\/pb.edu.pl\/sjo\/polish-lab\/kursy-jezyka-polskiego-jako-obcego-2\/kursy-wakacyjne\/intensywny-80h-a1\/\" \/>\n<meta property=\"og:locale\" content=\"pl_PL\" \/>\n<meta property=\"og:type\" content=\"article\" \/>\n<meta property=\"og:title\" content=\"80-godzinny Intensywny kurs A1. Szko\u0142a letnia - Studium J\u0119zyk\u00f3w Obcych\" \/>\n<meta property=\"og:description\" content=\"Szko\u0142a letnia czyli 80-godzinny Intensywny Kurs J\u0119zyka Polskiego dla pocz\u0105tkuj\u0105cych A1 Szko\u0142a letnia j\u0119zyka polskiego dla pocz\u0105tkuj\u0105cych to idealny pomys\u0142\" \/>\n<meta property=\"og:url\" content=\"https:\/\/pb.edu.pl\/sjo\/polish-lab\/kursy-jezyka-polskiego-jako-obcego-2\/kursy-wakacyjne\/intensywny-80h-a1\/\" \/>\n<meta property=\"og:site_name\" content=\"Studium J\u0119zyk\u00f3w Obcych\" \/>\n<meta property=\"article:modified_time\" content=\"2024-08-08T08:17:55+00:00\" \/>\n<meta property=\"og:image\" content=\"https:\/\/pb.edu.pl\/sjo\/wp-content\/uploads\/sites\/9\/2022\/02\/11-300x200.png\" \/>\n<meta name=\"twitter:label1\" content=\"Szacowany czas czytania\" \/>\n\t<meta name=\"twitter:data1\" content=\"3 minuty\" \/>\n<script type=\"application\/ld+json\" class=\"yoast-schema-graph\">{\"@context\":\"https:\/\/schema.org\",\"@graph\":[{\"@type\":\"WebPage\",\"@id\":\"https:\/\/pb.edu.pl\/sjo\/polish-lab\/kursy-jezyka-polskiego-jako-obcego-2\/kursy-wakacyjne\/intensywny-80h-a1\/\",\"url\":\"https:\/\/pb.edu.pl\/sjo\/polish-lab\/kursy-jezyka-polskiego-jako-obcego-2\/kursy-wakacyjne\/intensywny-80h-a1\/\",\"name\":\"80-godzinny Intensywny kurs A1. Szko\u0142a letnia - Studium J\u0119zyk\u00f3w Obcych\",\"isPartOf\":{\"@id\":\"https:\/\/pb.edu.pl\/sjo\/#website\"},\"primaryImageOfPage\":{\"@id\":\"https:\/\/pb.edu.pl\/sjo\/polish-lab\/kursy-jezyka-polskiego-jako-obcego-2\/kursy-wakacyjne\/intensywny-80h-a1\/#primaryimage\"},\"image\":{\"@id\":\"https:\/\/pb.edu.pl\/sjo\/polish-lab\/kursy-jezyka-polskiego-jako-obcego-2\/kursy-wakacyjne\/intensywny-80h-a1\/#primaryimage\"},\"thumbnailUrl\":\"https:\/\/pb.edu.pl\/sjo\/wp-content\/uploads\/sites\/9\/2022\/02\/11-300x200.png\",\"datePublished\":\"2022-09-01T12:15:22+00:00\",\"dateModified\":\"2024-08-08T08:17:55+00:00\",\"description\":\"Szko\u0142a letnia czyli 80-godzinny Intensywny Kurs J\u0119zyka Polskiego dla pocz\u0105tkuj\u0105cych A1 Szko\u0142a letnia j\u0119zyka polskiego dla pocz\u0105tkuj\u0105cych to idealny pomys\u0142\",\"breadcrumb\":{\"@id\":\"https:\/\/pb.edu.pl\/sjo\/polish-lab\/kursy-jezyka-polskiego-jako-obcego-2\/kursy-wakacyjne\/intensywny-80h-a1\/#breadcrumb\"},\"inLanguage\":\"pl-PL\",\"potentialAction\":[{\"@type\":\"ReadAction\",\"target\":[\"https:\/\/pb.edu.pl\/sjo\/polish-lab\/kursy-jezyka-polskiego-jako-obcego-2\/kursy-wakacyjne\/intensywny-80h-a1\/\"]}]},{\"@type\":\"ImageObject\",\"inLanguage\":\"pl-PL\",\"@id\":\"https:\/\/pb.edu.pl\/sjo\/polish-lab\/kursy-jezyka-polskiego-jako-obcego-2\/kursy-wakacyjne\/intensywny-80h-a1\/#primaryimage\",\"url\":\"https:\/\/pb.edu.pl\/sjo\/wp-content\/uploads\/sites\/9\/2022\/02\/11.png\",\"contentUrl\":\"https:\/\/pb.edu.pl\/sjo\/wp-content\/uploads\/sites\/9\/2022\/02\/11.png\",\"width\":799,\"height\":533,\"caption\":\"SUMMER\"},{\"@type\":\"BreadcrumbList\",\"@id\":\"https:\/\/pb.edu.pl\/sjo\/polish-lab\/kursy-jezyka-polskiego-jako-obcego-2\/kursy-wakacyjne\/intensywny-80h-a1\/#breadcrumb\",\"itemListElement\":[{\"@type\":\"ListItem\",\"position\":1,\"name\":\"Home\",\"item\":\"https:\/\/pb.edu.pl\/sjo\/\"},{\"@type\":\"ListItem\",\"position\":2,\"name\":\"Centrum J\u0119zyka i Kultury Polskiej POLISH LAB\",\"item\":\"https:\/\/pb.edu.pl\/sjo\/polish-lab\/\"},{\"@type\":\"ListItem\",\"position\":3,\"name\":\"Kursy j\u0119zyka polskiego jako obcego\",\"item\":\"https:\/\/pb.edu.pl\/sjo\/polish-lab\/kursy-jezyka-polskiego-jako-obcego-2\/\"},{\"@type\":\"ListItem\",\"position\":4,\"name\":\"Kursy wakacyjne\",\"item\":\"https:\/\/pb.edu.pl\/sjo\/polish-lab\/kursy-jezyka-polskiego-jako-obcego-2\/kursy-wakacyjne\/\"},{\"@type\":\"ListItem\",\"position\":5,\"name\":\"80-godzinny Intensywny kurs A1. Szko\u0142a letnia\"}]},{\"@type\":\"WebSite\",\"@id\":\"https:\/\/pb.edu.pl\/sjo\/#website\",\"url\":\"https:\/\/pb.edu.pl\/sjo\/\",\"name\":\"Studium J\u0119zyk\u00f3w Obcych\",\"description\":\"\",\"potentialAction\":[{\"@type\":\"SearchAction\",\"target\":{\"@type\":\"EntryPoint\",\"urlTemplate\":\"https:\/\/pb.edu.pl\/sjo\/?s={search_term_string}\"},\"query-input\":{\"@type\":\"PropertyValueSpecification\",\"valueRequired\":true,\"valueName\":\"search_term_string\"}}],\"inLanguage\":\"pl-PL\"}]}<\/script>\n<!-- \/ Yoast SEO plugin. -->","yoast_head_json":{"title":"80-godzinny Intensywny kurs A1. Szko\u0142a letnia - Studium J\u0119zyk\u00f3w Obcych","description":"Szko\u0142a letnia czyli 80-godzinny Intensywny Kurs J\u0119zyka Polskiego dla pocz\u0105tkuj\u0105cych A1 Szko\u0142a letnia j\u0119zyka polskiego dla pocz\u0105tkuj\u0105cych to idealny pomys\u0142","robots":{"index":"index","follow":"follow","max-snippet":"max-snippet:-1","max-image-preview":"max-image-preview:large","max-video-preview":"max-video-preview:-1"},"canonical":"https:\/\/pb.edu.pl\/sjo\/polish-lab\/kursy-jezyka-polskiego-jako-obcego-2\/kursy-wakacyjne\/intensywny-80h-a1\/","og_locale":"pl_PL","og_type":"article","og_title":"80-godzinny Intensywny kurs A1. Szko\u0142a letnia - Studium J\u0119zyk\u00f3w Obcych","og_description":"Szko\u0142a letnia czyli 80-godzinny Intensywny Kurs J\u0119zyka Polskiego dla pocz\u0105tkuj\u0105cych A1 Szko\u0142a letnia j\u0119zyka polskiego dla pocz\u0105tkuj\u0105cych to idealny pomys\u0142","og_url":"https:\/\/pb.edu.pl\/sjo\/polish-lab\/kursy-jezyka-polskiego-jako-obcego-2\/kursy-wakacyjne\/intensywny-80h-a1\/","og_site_name":"Studium J\u0119zyk\u00f3w Obcych","article_modified_time":"2024-08-08T08:17:55+00:00","og_image":[{"url":"https:\/\/pb.edu.pl\/sjo\/wp-content\/uploads\/sites\/9\/2022\/02\/11-300x200.png","type":"","width":"","height":""}],"twitter_misc":{"Szacowany czas czytania":"3 minuty"},"schema":{"@context":"https:\/\/schema.org","@graph":[{"@type":"WebPage","@id":"https:\/\/pb.edu.pl\/sjo\/polish-lab\/kursy-jezyka-polskiego-jako-obcego-2\/kursy-wakacyjne\/intensywny-80h-a1\/","url":"https:\/\/pb.edu.pl\/sjo\/polish-lab\/kursy-jezyka-polskiego-jako-obcego-2\/kursy-wakacyjne\/intensywny-80h-a1\/","name":"80-godzinny Intensywny kurs A1. Szko\u0142a letnia - Studium J\u0119zyk\u00f3w Obcych","isPartOf":{"@id":"https:\/\/pb.edu.pl\/sjo\/#website"},"primaryImageOfPage":{"@id":"https:\/\/pb.edu.pl\/sjo\/polish-lab\/kursy-jezyka-polskiego-jako-obcego-2\/kursy-wakacyjne\/intensywny-80h-a1\/#primaryimage"},"image":{"@id":"https:\/\/pb.edu.pl\/sjo\/polish-lab\/kursy-jezyka-polskiego-jako-obcego-2\/kursy-wakacyjne\/intensywny-80h-a1\/#primaryimage"},"thumbnailUrl":"https:\/\/pb.edu.pl\/sjo\/wp-content\/uploads\/sites\/9\/2022\/02\/11-300x200.png","datePublished":"2022-09-01T12:15:22+00:00","dateModified":"2024-08-08T08:17:55+00:00","description":"Szko\u0142a letnia czyli 80-godzinny Intensywny Kurs J\u0119zyka Polskiego dla pocz\u0105tkuj\u0105cych A1 Szko\u0142a letnia j\u0119zyka polskiego dla pocz\u0105tkuj\u0105cych to idealny pomys\u0142","breadcrumb":{"@id":"https:\/\/pb.edu.pl\/sjo\/polish-lab\/kursy-jezyka-polskiego-jako-obcego-2\/kursy-wakacyjne\/intensywny-80h-a1\/#breadcrumb"},"inLanguage":"pl-PL","potentialAction":[{"@type":"ReadAction","target":["https:\/\/pb.edu.pl\/sjo\/polish-lab\/kursy-jezyka-polskiego-jako-obcego-2\/kursy-wakacyjne\/intensywny-80h-a1\/"]}]},{"@type":"ImageObject","inLanguage":"pl-PL","@id":"https:\/\/pb.edu.pl\/sjo\/polish-lab\/kursy-jezyka-polskiego-jako-obcego-2\/kursy-wakacyjne\/intensywny-80h-a1\/#primaryimage","url":"https:\/\/pb.edu.pl\/sjo\/wp-content\/uploads\/sites\/9\/2022\/02\/11.png","contentUrl":"https:\/\/pb.edu.pl\/sjo\/wp-content\/uploads\/sites\/9\/2022\/02\/11.png","width":799,"height":533,"caption":"SUMMER"},{"@type":"BreadcrumbList","@id":"https:\/\/pb.edu.pl\/sjo\/polish-lab\/kursy-jezyka-polskiego-jako-obcego-2\/kursy-wakacyjne\/intensywny-80h-a1\/#breadcrumb","itemListElement":[{"@type":"ListItem","position":1,"name":"Home","item":"https:\/\/pb.edu.pl\/sjo\/"},{"@type":"ListItem","position":2,"name":"Centrum J\u0119zyka i Kultury Polskiej POLISH LAB","item":"https:\/\/pb.edu.pl\/sjo\/polish-lab\/"},{"@type":"ListItem","position":3,"name":"Kursy j\u0119zyka polskiego jako obcego","item":"https:\/\/pb.edu.pl\/sjo\/polish-lab\/kursy-jezyka-polskiego-jako-obcego-2\/"},{"@type":"ListItem","position":4,"name":"Kursy wakacyjne","item":"https:\/\/pb.edu.pl\/sjo\/polish-lab\/kursy-jezyka-polskiego-jako-obcego-2\/kursy-wakacyjne\/"},{"@type":"ListItem","position":5,"name":"80-godzinny Intensywny kurs A1. Szko\u0142a letnia"}]},{"@type":"WebSite","@id":"https:\/\/pb.edu.pl\/sjo\/#website","url":"https:\/\/pb.edu.pl\/sjo\/","name":"Studium J\u0119zyk\u00f3w Obcych","description":"","potentialAction":[{"@type":"SearchAction","target":{"@type":"EntryPoint","urlTemplate":"https:\/\/pb.edu.pl\/sjo\/?s={search_term_string}"},"query-input":{"@type":"PropertyValueSpecification","valueRequired":true,"valueName":"search_term_string"}}],"inLanguage":"pl-PL"}]}},"_links":{"self":[{"href":"https:\/\/pb.edu.pl\/sjo\/wp-json\/wp\/v2\/pages\/14788","targetHints":{"allow":["GET"]}}],"collection":[{"href":"https:\/\/pb.edu.pl\/sjo\/wp-json\/wp\/v2\/pages"}],"about":[{"href":"https:\/\/pb.edu.pl\/sjo\/wp-json\/wp\/v2\/types\/page"}],"author":[{"embeddable":true,"href":"https:\/\/pb.edu.pl\/sjo\/wp-json\/wp\/v2\/users\/6"}],"replies":[{"embeddable":true,"href":"https:\/\/pb.edu.pl\/sjo\/wp-json\/wp\/v2\/comments?post=14788"}],"version-history":[{"count":0,"href":"https:\/\/pb.edu.pl\/sjo\/wp-json\/wp\/v2\/pages\/14788\/revisions"}],"up":[{"embeddable":true,"href":"https:\/\/pb.edu.pl\/sjo\/wp-json\/wp\/v2\/pages\/26003"}],"wp:attachment":[{"href":"https:\/\/pb.edu.pl\/sjo\/wp-json\/wp\/v2\/media?parent=14788"}],"curies":[{"name":"wp","href":"https:\/\/api.w.org\/{rel}","templated":true}]}}