{"id":14753,"date":"2022-09-01T08:51:50","date_gmt":"2022-09-01T06:51:50","guid":{"rendered":"https:\/\/pb.edu.pl\/sjo\/?page_id=14753"},"modified":"2025-08-26T20:46:25","modified_gmt":"2025-08-26T18:46:25","slug":"60-godzinny-kurs-b2","status":"publish","type":"page","link":"https:\/\/pb.edu.pl\/sjo\/polish-lab\/kursy-jezyka-polskiego-jako-obcego-2\/kursy-jesienne\/60-godzinny-kurs-b2\/","title":{"rendered":"60-godzinny kurs B2"},"content":{"rendered":"<div>\n<div><span style=\"font-size: 18pt\">Pe\u0142ny program kursu B2<\/span> obejmuje 120 godzin nauki i sk\u0142ada si\u0119 z dw\u00f3ch cz\u0119\u015bci: 60-godzinnego kursu B2(a) realizowanego w semestrze jesiennym oraz 60-godzinnego kursu B2(b) \u2014 w semestrze wiosennym.<\/div>\n<div>&nbsp;<\/div>\n<div><strong>Rekrutacja rozpocznie si\u0119 27 sierpnia poprzez internetow\u0105 rejestracj\u0119 kandydat\u00f3w <span style=\"color: #0000ff\"><a style=\"color: #0000ff\" href=\"https:\/\/irk2.uci.pb.edu.pl\/pl\/offer\/KURSY_BEZ_2025_2026\/programme\/POLISH_LAB_KURS_ST_2025_2026_ZIMOWY\/\">IRK<\/a>&nbsp;<\/span><\/strong><\/div>\n<\/div>\n<div class=\"h2\">Dla kogo przeznaczony jest ten kurs?<\/div>\n<p>Kurs jest przeznaczony dla os\u00f3b pragn\u0105cych doskonali\u0107 znajomo\u015b\u0107 j\u0119zyka polskiego na poziomie wy\u017cszym \u015bredniozaawansowanym oraz przygotowa\u0107 si\u0119 do pa\u0144stwowego egzaminu z j\u0119zyka polskiego jako obcego na poziomie B2.<\/p>\n<p>Kurs cieszy si\u0119 szczeg\u00f3lnym zainteresowaniem w\u015br\u00f3d os\u00f3b planuj\u0105cych podj\u0119cie studi\u00f3w na polskich uczelniach, w\u015br\u00f3d lekarzy, pragn\u0105cych nostryfikowa\u0107 dyplom lekarza w Polsce, wyk\u0142adowc\u00f3w wy\u017cszych uczelni i innych ekspert\u00f3w ubiegaj\u0105cych si\u0119 o zatrudnienie w swoim fachu w Polsce. Jest on dost\u0119pny dla ka\u017cdego, kto osi\u0105gn\u0105\u0142 poziom B1.<\/p>\n<div class=\"h2\">Kiedy odbywaj\u0105 si\u0119 zaj\u0119cia?<\/div>\n<p>Najbli\u017cszy termin kursu:&nbsp; pa\u017adziernik 2025 &#8211; luty 2026 r.<\/p>\n<p>Zaj\u0119cia prowadzone s\u0105 dwa razy w tygodniu, w godzinach popo\u0142udniowych. Grupy 6-7 i 8-10-osobowe. Cena kursu zale\u017cy od liczby uczestnik\u00f3w, obowi\u0105zuje zni\u017cka 5% przy p\u0142atno\u015bci jednorazowej z g\u00f3ry oraz zni\u017cka za kontynuacj\u0119 nauki w naszym o\u015brodku. Je\u015bli jeste\u015b zainteresowany zaj\u0119ciami z j\u0119zyka polskiego, napisz do nas na <a href=\"mailto:kursypl@pb.edu.pl\">kursypl@pb.edu.pl<\/a>.&nbsp;<\/p>\n<div class=\"h2\">Czego mog\u0119 si\u0119 spodziewa\u0107 po kursie?<\/div>\n<p>Osoba pos\u0142uguj\u0105ca si\u0119 j\u0119zykiem na tym poziomie B2:<\/p>\n<ul>\n<li>rozumie znaczenie g\u0142\u00f3wnych w\u0105tk\u00f3w przekazu zawartego w z\u0142o\u017conych tekstach na tematy konkretne i abstrakcyjne<\/li>\n<li>rozumie dyskusje, podczas kt\u00f3rych u\u017cywa si\u0119 j\u0119zyka specjalistycznego z zakresu specjalno\u015bci zawodowej<\/li>\n<li>potrafi porozumiewa\u0107 si\u0119 z rodzimym u\u017cytkownikiem j\u0119zyka na tyle p\u0142ynnie i spontanicznie, by prowadzi\u0107 normaln\u0105 rozmow\u0119, niewymagaj\u0105c\u0105 wi\u0119kszego wysi\u0142ku od \u017cadnej ze stron<\/li>\n<li>potrafi formu\u0142owa\u0107 przejrzyste i szczeg\u00f3\u0142owe wypowiedzi ustne lub pisemne odwo\u0142uj\u0105ce si\u0119 do szerokiego zakresu tematycznego<\/li>\n<li>potrafi przedstawi\u0107 swoje stanowisko w sprawach b\u0119d\u0105cych przedmiotem dyskusji, wyja\u015bniaj\u0105c wady i zalety r\u00f3\u017cnych rozwi\u0105za\u0144.<\/li>\n<\/ul>\n<p>&nbsp;<\/p>\n<p><span style=\"font-size: 18pt;color: #808080\"><strong>60-hour B2 course<\/strong><\/span><\/p>\n<p><span style=\"color: #808080\">The full B2 course program involves 120 hours of study and consists of two parts: a 60-hour B2(a) course in the fall semester and a 60-hour B2(b) course in the spring semester.<\/span><\/p>\n<p><span style=\"color: #808080\">Enrollment will begin on August 27 via online registration of candidates on the <a href=\"https:\/\/irk2.uci.pb.edu.pl\/en-gb\/offer\/KURSY_BEZ_2025_2026\/programme\/POLISH_LAB_KURS_ST_2025_2026_ZIMOWY\/\"><span style=\"color: #0000ff\">IRK<\/span> <span style=\"color: #0000ff\">website<\/span><\/a><span style=\"color: #0000ff\">.<\/span> <\/span><\/p>\n<p><span style=\"font-size: 18pt;color: #808080\">Who is this course for?<\/span><\/p>\n<p><span style=\"color: #808080\">The course is intended for people who want to improve their knowledge of Polish at an upper-intermediate level and prepare for the state exam in Polish as a foreign language at the B2 level.<\/span><\/p>\n<p><span style=\"color: #808080\">The course is particularly popular among people planning to study at Polish universities, doctors wishing to have their medical degrees recognized in Poland, university lecturers, and other experts seeking employment in their field in Poland. It is available to anyone who has reached level B1.<\/span><\/p>\n<p><span style=\"font-size: 18pt;color: #808080\">When are the classes held?<\/span><\/p>\n<p><span style=\"color: #808080\">The next course dates: October 2025 &#8211; February 2026<\/span><\/p>\n<p><span style=\"color: #808080\">Classes are held twice a week in the afternoon. Groups of 6-7 and 8-10 people. The price of the course depends on the number of participants. There is a 5% discount for one-time payment in advance and a discount for continuing education at our center. If you are interested in Polish language classes, please email us at <a href=\"mailto:kursypl@pb.edu.pl\">kursypl@pb.edu.pl<\/a>.<\/span><\/p>\n<p><span style=\"font-size: 18pt;color: #808080\">What can I expect from the course?<\/span><\/p>\n<p><span style=\"color: #808080\">A person using the language at&nbsp; B2 level:<\/span><\/p>\n<ul>\n<li><span style=\"color: #808080\">understands the main points of complex texts on both concrete and abstract topics,<\/span><\/li>\n<li><span style=\"color: #808080\">understands discussions in which specialized language is used in their field of expertise,<\/span><\/li>\n<li><span style=\"color: #808080\">can communicate with native speakers fluently and spontaneously enough to have a normal conversation without much effort on either side,<\/span><\/li>\n<li><span style=\"color: #808080\">can produce clear and detailed oral or written statements on a wide range of topics,<\/span><\/li>\n<li><span style=\"color: #808080\">can present their position on issues under discussion, explaining the advantages and disadvantages of various solutions.<\/span><\/li>\n<\/ul>\n","protected":false},"excerpt":{"rendered":"<p>Pe\u0142ny program kursu B2 obejmuje 120 godzin nauki i sk\u0142ada si\u0119 z dw\u00f3ch cz\u0119\u015bci: 60-godzinnego<\/p>\n","protected":false},"author":6,"featured_media":0,"parent":25999,"menu_order":0,"comment_status":"closed","ping_status":"closed","template":"","meta":{"_acf_changed":false,"ngg_post_thumbnail":0,"footnotes":""},"class_list":["post-14753","page","type-page","status-publish","hentry"],"acf":[],"yoast_head":"<!-- This site is optimized with the Yoast SEO plugin v27.0 - https:\/\/yoast.com\/product\/yoast-seo-wordpress\/ -->\n<title>60-godzinny kurs B2 - Studium J\u0119zyk\u00f3w Obcych<\/title>\n<meta name=\"description\" content=\"Pe\u0142ny program kursu B2 obejmuje 120 godzin nauki i sk\u0142ada si\u0119 z dw\u00f3ch cz\u0119\u015bci: 60-godzinnego kursu B2(a) realizowanego w semestrze jesiennym oraz\" \/>\n<meta name=\"robots\" content=\"index, follow, max-snippet:-1, max-image-preview:large, max-video-preview:-1\" \/>\n<link rel=\"canonical\" href=\"https:\/\/pb.edu.pl\/sjo\/polish-lab\/kursy-jezyka-polskiego-jako-obcego-2\/kursy-jesienne\/60-godzinny-kurs-b2\/\" \/>\n<meta property=\"og:locale\" content=\"pl_PL\" \/>\n<meta property=\"og:type\" content=\"article\" \/>\n<meta property=\"og:title\" content=\"60-godzinny kurs B2 - Studium J\u0119zyk\u00f3w Obcych\" \/>\n<meta property=\"og:description\" content=\"Pe\u0142ny program kursu B2 obejmuje 120 godzin nauki i sk\u0142ada si\u0119 z dw\u00f3ch cz\u0119\u015bci: 60-godzinnego kursu B2(a) realizowanego w semestrze jesiennym oraz\" \/>\n<meta property=\"og:url\" content=\"https:\/\/pb.edu.pl\/sjo\/polish-lab\/kursy-jezyka-polskiego-jako-obcego-2\/kursy-jesienne\/60-godzinny-kurs-b2\/\" \/>\n<meta property=\"og:site_name\" content=\"Studium J\u0119zyk\u00f3w Obcych\" \/>\n<meta property=\"article:modified_time\" content=\"2025-08-26T18:46:25+00:00\" \/>\n<meta name=\"twitter:label1\" content=\"Szacowany czas czytania\" \/>\n\t<meta name=\"twitter:data1\" content=\"4 minuty\" \/>\n<script type=\"application\/ld+json\" class=\"yoast-schema-graph\">{\"@context\":\"https:\/\/schema.org\",\"@graph\":[{\"@type\":\"WebPage\",\"@id\":\"https:\/\/pb.edu.pl\/sjo\/polish-lab\/kursy-jezyka-polskiego-jako-obcego-2\/kursy-jesienne\/60-godzinny-kurs-b2\/\",\"url\":\"https:\/\/pb.edu.pl\/sjo\/polish-lab\/kursy-jezyka-polskiego-jako-obcego-2\/kursy-jesienne\/60-godzinny-kurs-b2\/\",\"name\":\"60-godzinny kurs B2 - Studium J\u0119zyk\u00f3w Obcych\",\"isPartOf\":{\"@id\":\"https:\/\/pb.edu.pl\/sjo\/#website\"},\"datePublished\":\"2022-09-01T06:51:50+00:00\",\"dateModified\":\"2025-08-26T18:46:25+00:00\",\"description\":\"Pe\u0142ny program kursu B2 obejmuje 120 godzin nauki i sk\u0142ada si\u0119 z dw\u00f3ch cz\u0119\u015bci: 60-godzinnego kursu B2(a) realizowanego w semestrze jesiennym oraz\",\"breadcrumb\":{\"@id\":\"https:\/\/pb.edu.pl\/sjo\/polish-lab\/kursy-jezyka-polskiego-jako-obcego-2\/kursy-jesienne\/60-godzinny-kurs-b2\/#breadcrumb\"},\"inLanguage\":\"pl-PL\",\"potentialAction\":[{\"@type\":\"ReadAction\",\"target\":[\"https:\/\/pb.edu.pl\/sjo\/polish-lab\/kursy-jezyka-polskiego-jako-obcego-2\/kursy-jesienne\/60-godzinny-kurs-b2\/\"]}]},{\"@type\":\"BreadcrumbList\",\"@id\":\"https:\/\/pb.edu.pl\/sjo\/polish-lab\/kursy-jezyka-polskiego-jako-obcego-2\/kursy-jesienne\/60-godzinny-kurs-b2\/#breadcrumb\",\"itemListElement\":[{\"@type\":\"ListItem\",\"position\":1,\"name\":\"Home\",\"item\":\"https:\/\/pb.edu.pl\/sjo\/\"},{\"@type\":\"ListItem\",\"position\":2,\"name\":\"Centrum J\u0119zyka i Kultury Polskiej POLISH LAB\",\"item\":\"https:\/\/pb.edu.pl\/sjo\/polish-lab\/\"},{\"@type\":\"ListItem\",\"position\":3,\"name\":\"Kursy j\u0119zyka polskiego jako obcego\",\"item\":\"https:\/\/pb.edu.pl\/sjo\/polish-lab\/kursy-jezyka-polskiego-jako-obcego-2\/\"},{\"@type\":\"ListItem\",\"position\":4,\"name\":\"Kursy jesienne\",\"item\":\"https:\/\/pb.edu.pl\/sjo\/polish-lab\/kursy-jezyka-polskiego-jako-obcego-2\/kursy-jesienne\/\"},{\"@type\":\"ListItem\",\"position\":5,\"name\":\"60-godzinny kurs B2\"}]},{\"@type\":\"WebSite\",\"@id\":\"https:\/\/pb.edu.pl\/sjo\/#website\",\"url\":\"https:\/\/pb.edu.pl\/sjo\/\",\"name\":\"Studium J\u0119zyk\u00f3w Obcych\",\"description\":\"\",\"potentialAction\":[{\"@type\":\"SearchAction\",\"target\":{\"@type\":\"EntryPoint\",\"urlTemplate\":\"https:\/\/pb.edu.pl\/sjo\/?s={search_term_string}\"},\"query-input\":{\"@type\":\"PropertyValueSpecification\",\"valueRequired\":true,\"valueName\":\"search_term_string\"}}],\"inLanguage\":\"pl-PL\"}]}<\/script>\n<!-- \/ Yoast SEO plugin. -->","yoast_head_json":{"title":"60-godzinny kurs B2 - Studium J\u0119zyk\u00f3w Obcych","description":"Pe\u0142ny program kursu B2 obejmuje 120 godzin nauki i sk\u0142ada si\u0119 z dw\u00f3ch cz\u0119\u015bci: 60-godzinnego kursu B2(a) realizowanego w semestrze jesiennym oraz","robots":{"index":"index","follow":"follow","max-snippet":"max-snippet:-1","max-image-preview":"max-image-preview:large","max-video-preview":"max-video-preview:-1"},"canonical":"https:\/\/pb.edu.pl\/sjo\/polish-lab\/kursy-jezyka-polskiego-jako-obcego-2\/kursy-jesienne\/60-godzinny-kurs-b2\/","og_locale":"pl_PL","og_type":"article","og_title":"60-godzinny kurs B2 - Studium J\u0119zyk\u00f3w Obcych","og_description":"Pe\u0142ny program kursu B2 obejmuje 120 godzin nauki i sk\u0142ada si\u0119 z dw\u00f3ch cz\u0119\u015bci: 60-godzinnego kursu B2(a) realizowanego w semestrze jesiennym oraz","og_url":"https:\/\/pb.edu.pl\/sjo\/polish-lab\/kursy-jezyka-polskiego-jako-obcego-2\/kursy-jesienne\/60-godzinny-kurs-b2\/","og_site_name":"Studium J\u0119zyk\u00f3w Obcych","article_modified_time":"2025-08-26T18:46:25+00:00","twitter_misc":{"Szacowany czas czytania":"4 minuty"},"schema":{"@context":"https:\/\/schema.org","@graph":[{"@type":"WebPage","@id":"https:\/\/pb.edu.pl\/sjo\/polish-lab\/kursy-jezyka-polskiego-jako-obcego-2\/kursy-jesienne\/60-godzinny-kurs-b2\/","url":"https:\/\/pb.edu.pl\/sjo\/polish-lab\/kursy-jezyka-polskiego-jako-obcego-2\/kursy-jesienne\/60-godzinny-kurs-b2\/","name":"60-godzinny kurs B2 - Studium J\u0119zyk\u00f3w Obcych","isPartOf":{"@id":"https:\/\/pb.edu.pl\/sjo\/#website"},"datePublished":"2022-09-01T06:51:50+00:00","dateModified":"2025-08-26T18:46:25+00:00","description":"Pe\u0142ny program kursu B2 obejmuje 120 godzin nauki i sk\u0142ada si\u0119 z dw\u00f3ch cz\u0119\u015bci: 60-godzinnego kursu B2(a) realizowanego w semestrze jesiennym oraz","breadcrumb":{"@id":"https:\/\/pb.edu.pl\/sjo\/polish-lab\/kursy-jezyka-polskiego-jako-obcego-2\/kursy-jesienne\/60-godzinny-kurs-b2\/#breadcrumb"},"inLanguage":"pl-PL","potentialAction":[{"@type":"ReadAction","target":["https:\/\/pb.edu.pl\/sjo\/polish-lab\/kursy-jezyka-polskiego-jako-obcego-2\/kursy-jesienne\/60-godzinny-kurs-b2\/"]}]},{"@type":"BreadcrumbList","@id":"https:\/\/pb.edu.pl\/sjo\/polish-lab\/kursy-jezyka-polskiego-jako-obcego-2\/kursy-jesienne\/60-godzinny-kurs-b2\/#breadcrumb","itemListElement":[{"@type":"ListItem","position":1,"name":"Home","item":"https:\/\/pb.edu.pl\/sjo\/"},{"@type":"ListItem","position":2,"name":"Centrum J\u0119zyka i Kultury Polskiej POLISH LAB","item":"https:\/\/pb.edu.pl\/sjo\/polish-lab\/"},{"@type":"ListItem","position":3,"name":"Kursy j\u0119zyka polskiego jako obcego","item":"https:\/\/pb.edu.pl\/sjo\/polish-lab\/kursy-jezyka-polskiego-jako-obcego-2\/"},{"@type":"ListItem","position":4,"name":"Kursy jesienne","item":"https:\/\/pb.edu.pl\/sjo\/polish-lab\/kursy-jezyka-polskiego-jako-obcego-2\/kursy-jesienne\/"},{"@type":"ListItem","position":5,"name":"60-godzinny kurs B2"}]},{"@type":"WebSite","@id":"https:\/\/pb.edu.pl\/sjo\/#website","url":"https:\/\/pb.edu.pl\/sjo\/","name":"Studium J\u0119zyk\u00f3w Obcych","description":"","potentialAction":[{"@type":"SearchAction","target":{"@type":"EntryPoint","urlTemplate":"https:\/\/pb.edu.pl\/sjo\/?s={search_term_string}"},"query-input":{"@type":"PropertyValueSpecification","valueRequired":true,"valueName":"search_term_string"}}],"inLanguage":"pl-PL"}]}},"_links":{"self":[{"href":"https:\/\/pb.edu.pl\/sjo\/wp-json\/wp\/v2\/pages\/14753","targetHints":{"allow":["GET"]}}],"collection":[{"href":"https:\/\/pb.edu.pl\/sjo\/wp-json\/wp\/v2\/pages"}],"about":[{"href":"https:\/\/pb.edu.pl\/sjo\/wp-json\/wp\/v2\/types\/page"}],"author":[{"embeddable":true,"href":"https:\/\/pb.edu.pl\/sjo\/wp-json\/wp\/v2\/users\/6"}],"replies":[{"embeddable":true,"href":"https:\/\/pb.edu.pl\/sjo\/wp-json\/wp\/v2\/comments?post=14753"}],"version-history":[{"count":0,"href":"https:\/\/pb.edu.pl\/sjo\/wp-json\/wp\/v2\/pages\/14753\/revisions"}],"up":[{"embeddable":true,"href":"https:\/\/pb.edu.pl\/sjo\/wp-json\/wp\/v2\/pages\/25999"}],"wp:attachment":[{"href":"https:\/\/pb.edu.pl\/sjo\/wp-json\/wp\/v2\/media?parent=14753"}],"curies":[{"name":"wp","href":"https:\/\/api.w.org\/{rel}","templated":true}]}}