{"id":14,"date":"2017-11-11T17:30:28","date_gmt":"2017-11-11T16:30:28","guid":{"rendered":"https:\/\/pb.edu.pl\/sjo\/?page_id=14"},"modified":"2022-11-04T12:36:38","modified_gmt":"2022-11-04T11:36:38","slug":"o-nas","status":"publish","type":"page","link":"https:\/\/pb.edu.pl\/sjo\/o-nas\/","title":{"rendered":"O nas"},"content":{"rendered":"<div class=\"h2\"><a href=\"https:\/\/pb.edu.pl\/sjo\/informacja-o-studium-jezykow-obcych-w-tekscie-latwym-do-czytania-etr\/\">Informacja o Studium J\u0119zyk\u00f3w Obcych w tek\u015bcie \u0142atwym do czytania \u2013 ETR<\/a><br \/>\n<strong><img loading=\"lazy\" decoding=\"async\" class=\"alignleft wp-image-11145\" src=\"https:\/\/pb.edu.pl\/sjo\/wp-content\/uploads\/sites\/9\/2021\/11\/Pracownicy-SJO.png\" alt=\"Zdj\u0119cie przedstawiaj\u0105ce pracownik\u00f3w SJO\" width=\"350\" height=\"233\" srcset=\"https:\/\/pb.edu.pl\/sjo\/wp-content\/uploads\/sites\/9\/2021\/11\/Pracownicy-SJO.png 799w, https:\/\/pb.edu.pl\/sjo\/wp-content\/uploads\/sites\/9\/2021\/11\/Pracownicy-SJO-300x200.png 300w, https:\/\/pb.edu.pl\/sjo\/wp-content\/uploads\/sites\/9\/2021\/11\/Pracownicy-SJO-768x512.png 768w, https:\/\/pb.edu.pl\/sjo\/wp-content\/uploads\/sites\/9\/2021\/11\/Pracownicy-SJO-480x320.png 480w\" sizes=\"auto, (max-width: 350px) 100vw, 350px\" \/><\/strong><\/div>\n<p><strong>Studium J\u0119zyk\u00f3w Obcych Politechniki Bia\u0142ostockiej (SJOPB)<\/strong> jest jednostk\u0105 og\u00f3lnouczelnian\u0105 Politechniki Bia\u0142ostockiej wspieraj\u0105c\u0105 Uczelni\u0119 w zakresie us\u0142ug j\u0119zykowych (lektoraty, t\u0142umaczenia, kursy j\u0119zyk\u00f3w obcych, egzaminy j\u0119zykowe). SJOPB jest r\u00f3wnie\u017c <strong>autoryzowanym o\u015brodkiem testowym ETS Global<\/strong>, jedynym tego typu w naszym regionie.<\/p>\n<p>Ponadto w ramach SJOPB dzia\u0142a <strong>Centrum J\u0119zyka i Kultury Polskiej POLISH LAB<\/strong> \u2013 o\u015brodek prowadz\u0105cy kursy j\u0119zyka polskiego dla obcokrajowc\u00f3w, warsztaty i wydarzenia kulturalne oraz centrum egzaminacyjne z uprawnieniami do organizowania pa\u0144stwowych egzamin\u00f3w z j\u0119zyka polskiego jako obcego.<\/p>\n<p><strong>Zakres naszej dzia\u0142alno\u015bci<\/strong> obejmuje:<\/p>\n<ul>\n<li>prowadzenie lektorat\u00f3w dla student\u00f3w studi\u00f3w I i II stopnia wszystkich wydzia\u0142\u00f3w, studi\u00f3w doktoranckich oraz Szko\u0142y Doktorskiej Politechniki Bia\u0142ostockiej z j\u0119zyk\u00f3w: angielski, niemiecki, rosyjski oraz hiszpa\u0144ski;<\/li>\n<li>przeprowadzanie egzamin\u00f3w potwierdzaj\u0105cych znajomo\u015b\u0107 j\u0119zyka angielskiego, rosyjskiego i niemieckiego (egzaminy uczelniane oraz komercyjne);<\/li>\n<li>organizacj\u0119 wydarze\u0144 popularyzuj\u0105cych nauk\u0119 j\u0119zyk\u00f3w obcych;<\/li>\n<li>wykonywanie t\u0142umacze\u0144 pisemnych z j\u0119zyka angielskiego i rosyjskiego;<\/li>\n<li>udzia\u0142 w projektach zwi\u0105zanych z nauczaniem j\u0119zyk\u00f3w obcych.<\/li>\n<\/ul>\n","protected":false},"excerpt":{"rendered":"<p>Informacja o Studium J\u0119zyk\u00f3w Obcych w tek\u015bcie \u0142atwym do czytania \u2013 ETR Studium J\u0119zyk\u00f3w Obcych<\/p>\n","protected":false},"author":2,"featured_media":0,"parent":0,"menu_order":2,"comment_status":"closed","ping_status":"closed","template":"","meta":{"_acf_changed":false,"ngg_post_thumbnail":0,"footnotes":""},"class_list":["post-14","page","type-page","status-publish","hentry"],"acf":[],"yoast_head":"<!-- This site is optimized with the Yoast SEO plugin v27.0 - https:\/\/yoast.com\/product\/yoast-seo-wordpress\/ -->\n<title>O nas - Studium J\u0119zyk\u00f3w Obcych<\/title>\n<meta name=\"description\" content=\"Informacja o Studium J\u0119zyk\u00f3w Obcych w tek\u015bcie \u0142atwym do czytania \u2013 ETR Studium J\u0119zyk\u00f3w Obcych Politechniki Bia\u0142ostockiej (SJOPB) jest jednostk\u0105\" \/>\n<meta name=\"robots\" content=\"index, follow, max-snippet:-1, max-image-preview:large, max-video-preview:-1\" \/>\n<link rel=\"canonical\" href=\"https:\/\/pb.edu.pl\/sjo\/o-nas\/\" \/>\n<meta property=\"og:locale\" content=\"pl_PL\" \/>\n<meta property=\"og:type\" content=\"article\" \/>\n<meta property=\"og:title\" content=\"O nas - Studium J\u0119zyk\u00f3w Obcych\" \/>\n<meta property=\"og:description\" content=\"Informacja o Studium J\u0119zyk\u00f3w Obcych w tek\u015bcie \u0142atwym do czytania \u2013 ETR Studium J\u0119zyk\u00f3w Obcych Politechniki Bia\u0142ostockiej (SJOPB) jest jednostk\u0105\" \/>\n<meta property=\"og:url\" content=\"https:\/\/pb.edu.pl\/sjo\/o-nas\/\" \/>\n<meta property=\"og:site_name\" content=\"Studium J\u0119zyk\u00f3w Obcych\" \/>\n<meta property=\"article:modified_time\" content=\"2022-11-04T11:36:38+00:00\" \/>\n<meta property=\"og:image\" content=\"https:\/\/pb.edu.pl\/sjo\/wp-content\/uploads\/sites\/9\/2021\/11\/Pracownicy-SJO.png\" \/>\n<meta name=\"twitter:label1\" content=\"Szacowany czas czytania\" \/>\n\t<meta name=\"twitter:data1\" content=\"1 minuta\" \/>\n<script type=\"application\/ld+json\" class=\"yoast-schema-graph\">{\"@context\":\"https:\/\/schema.org\",\"@graph\":[{\"@type\":\"WebPage\",\"@id\":\"https:\/\/pb.edu.pl\/sjo\/o-nas\/\",\"url\":\"https:\/\/pb.edu.pl\/sjo\/o-nas\/\",\"name\":\"O nas - Studium J\u0119zyk\u00f3w Obcych\",\"isPartOf\":{\"@id\":\"https:\/\/pb.edu.pl\/sjo\/#website\"},\"primaryImageOfPage\":{\"@id\":\"https:\/\/pb.edu.pl\/sjo\/o-nas\/#primaryimage\"},\"image\":{\"@id\":\"https:\/\/pb.edu.pl\/sjo\/o-nas\/#primaryimage\"},\"thumbnailUrl\":\"https:\/\/pb.edu.pl\/sjo\/wp-content\/uploads\/sites\/9\/2021\/11\/Pracownicy-SJO.png\",\"datePublished\":\"2017-11-11T16:30:28+00:00\",\"dateModified\":\"2022-11-04T11:36:38+00:00\",\"description\":\"Informacja o Studium J\u0119zyk\u00f3w Obcych w tek\u015bcie \u0142atwym do czytania \u2013 ETR Studium J\u0119zyk\u00f3w Obcych Politechniki Bia\u0142ostockiej (SJOPB) jest jednostk\u0105\",\"breadcrumb\":{\"@id\":\"https:\/\/pb.edu.pl\/sjo\/o-nas\/#breadcrumb\"},\"inLanguage\":\"pl-PL\",\"potentialAction\":[{\"@type\":\"ReadAction\",\"target\":[\"https:\/\/pb.edu.pl\/sjo\/o-nas\/\"]}]},{\"@type\":\"ImageObject\",\"inLanguage\":\"pl-PL\",\"@id\":\"https:\/\/pb.edu.pl\/sjo\/o-nas\/#primaryimage\",\"url\":\"https:\/\/pb.edu.pl\/sjo\/wp-content\/uploads\/sites\/9\/2021\/11\/Pracownicy-SJO.png\",\"contentUrl\":\"https:\/\/pb.edu.pl\/sjo\/wp-content\/uploads\/sites\/9\/2021\/11\/Pracownicy-SJO.png\",\"width\":799,\"height\":533,\"caption\":\"Zdj\u0119cie przedstawiaj\u0105ce pracownik\u00f3w SJO\"},{\"@type\":\"BreadcrumbList\",\"@id\":\"https:\/\/pb.edu.pl\/sjo\/o-nas\/#breadcrumb\",\"itemListElement\":[{\"@type\":\"ListItem\",\"position\":1,\"name\":\"Home\",\"item\":\"https:\/\/pb.edu.pl\/sjo\/\"},{\"@type\":\"ListItem\",\"position\":2,\"name\":\"O nas\"}]},{\"@type\":\"WebSite\",\"@id\":\"https:\/\/pb.edu.pl\/sjo\/#website\",\"url\":\"https:\/\/pb.edu.pl\/sjo\/\",\"name\":\"Studium J\u0119zyk\u00f3w Obcych\",\"description\":\"\",\"potentialAction\":[{\"@type\":\"SearchAction\",\"target\":{\"@type\":\"EntryPoint\",\"urlTemplate\":\"https:\/\/pb.edu.pl\/sjo\/?s={search_term_string}\"},\"query-input\":{\"@type\":\"PropertyValueSpecification\",\"valueRequired\":true,\"valueName\":\"search_term_string\"}}],\"inLanguage\":\"pl-PL\"}]}<\/script>\n<!-- \/ Yoast SEO plugin. -->","yoast_head_json":{"title":"O nas - Studium J\u0119zyk\u00f3w Obcych","description":"Informacja o Studium J\u0119zyk\u00f3w Obcych w tek\u015bcie \u0142atwym do czytania \u2013 ETR Studium J\u0119zyk\u00f3w Obcych Politechniki Bia\u0142ostockiej (SJOPB) jest jednostk\u0105","robots":{"index":"index","follow":"follow","max-snippet":"max-snippet:-1","max-image-preview":"max-image-preview:large","max-video-preview":"max-video-preview:-1"},"canonical":"https:\/\/pb.edu.pl\/sjo\/o-nas\/","og_locale":"pl_PL","og_type":"article","og_title":"O nas - Studium J\u0119zyk\u00f3w Obcych","og_description":"Informacja o Studium J\u0119zyk\u00f3w Obcych w tek\u015bcie \u0142atwym do czytania \u2013 ETR Studium J\u0119zyk\u00f3w Obcych Politechniki Bia\u0142ostockiej (SJOPB) jest jednostk\u0105","og_url":"https:\/\/pb.edu.pl\/sjo\/o-nas\/","og_site_name":"Studium J\u0119zyk\u00f3w Obcych","article_modified_time":"2022-11-04T11:36:38+00:00","og_image":[{"url":"https:\/\/pb.edu.pl\/sjo\/wp-content\/uploads\/sites\/9\/2021\/11\/Pracownicy-SJO.png","type":"","width":"","height":""}],"twitter_misc":{"Szacowany czas czytania":"1 minuta"},"schema":{"@context":"https:\/\/schema.org","@graph":[{"@type":"WebPage","@id":"https:\/\/pb.edu.pl\/sjo\/o-nas\/","url":"https:\/\/pb.edu.pl\/sjo\/o-nas\/","name":"O nas - Studium J\u0119zyk\u00f3w Obcych","isPartOf":{"@id":"https:\/\/pb.edu.pl\/sjo\/#website"},"primaryImageOfPage":{"@id":"https:\/\/pb.edu.pl\/sjo\/o-nas\/#primaryimage"},"image":{"@id":"https:\/\/pb.edu.pl\/sjo\/o-nas\/#primaryimage"},"thumbnailUrl":"https:\/\/pb.edu.pl\/sjo\/wp-content\/uploads\/sites\/9\/2021\/11\/Pracownicy-SJO.png","datePublished":"2017-11-11T16:30:28+00:00","dateModified":"2022-11-04T11:36:38+00:00","description":"Informacja o Studium J\u0119zyk\u00f3w Obcych w tek\u015bcie \u0142atwym do czytania \u2013 ETR Studium J\u0119zyk\u00f3w Obcych Politechniki Bia\u0142ostockiej (SJOPB) jest jednostk\u0105","breadcrumb":{"@id":"https:\/\/pb.edu.pl\/sjo\/o-nas\/#breadcrumb"},"inLanguage":"pl-PL","potentialAction":[{"@type":"ReadAction","target":["https:\/\/pb.edu.pl\/sjo\/o-nas\/"]}]},{"@type":"ImageObject","inLanguage":"pl-PL","@id":"https:\/\/pb.edu.pl\/sjo\/o-nas\/#primaryimage","url":"https:\/\/pb.edu.pl\/sjo\/wp-content\/uploads\/sites\/9\/2021\/11\/Pracownicy-SJO.png","contentUrl":"https:\/\/pb.edu.pl\/sjo\/wp-content\/uploads\/sites\/9\/2021\/11\/Pracownicy-SJO.png","width":799,"height":533,"caption":"Zdj\u0119cie przedstawiaj\u0105ce pracownik\u00f3w SJO"},{"@type":"BreadcrumbList","@id":"https:\/\/pb.edu.pl\/sjo\/o-nas\/#breadcrumb","itemListElement":[{"@type":"ListItem","position":1,"name":"Home","item":"https:\/\/pb.edu.pl\/sjo\/"},{"@type":"ListItem","position":2,"name":"O nas"}]},{"@type":"WebSite","@id":"https:\/\/pb.edu.pl\/sjo\/#website","url":"https:\/\/pb.edu.pl\/sjo\/","name":"Studium J\u0119zyk\u00f3w Obcych","description":"","potentialAction":[{"@type":"SearchAction","target":{"@type":"EntryPoint","urlTemplate":"https:\/\/pb.edu.pl\/sjo\/?s={search_term_string}"},"query-input":{"@type":"PropertyValueSpecification","valueRequired":true,"valueName":"search_term_string"}}],"inLanguage":"pl-PL"}]}},"_links":{"self":[{"href":"https:\/\/pb.edu.pl\/sjo\/wp-json\/wp\/v2\/pages\/14","targetHints":{"allow":["GET"]}}],"collection":[{"href":"https:\/\/pb.edu.pl\/sjo\/wp-json\/wp\/v2\/pages"}],"about":[{"href":"https:\/\/pb.edu.pl\/sjo\/wp-json\/wp\/v2\/types\/page"}],"author":[{"embeddable":true,"href":"https:\/\/pb.edu.pl\/sjo\/wp-json\/wp\/v2\/users\/2"}],"replies":[{"embeddable":true,"href":"https:\/\/pb.edu.pl\/sjo\/wp-json\/wp\/v2\/comments?post=14"}],"version-history":[{"count":0,"href":"https:\/\/pb.edu.pl\/sjo\/wp-json\/wp\/v2\/pages\/14\/revisions"}],"wp:attachment":[{"href":"https:\/\/pb.edu.pl\/sjo\/wp-json\/wp\/v2\/media?parent=14"}],"curies":[{"name":"wp","href":"https:\/\/api.w.org\/{rel}","templated":true}]}}