{"id":1296,"date":"2017-12-05T20:10:12","date_gmt":"2017-12-05T19:10:12","guid":{"rendered":"https:\/\/pb.edu.pl\/sjo\/?page_id=1296"},"modified":"2022-05-04T11:04:32","modified_gmt":"2022-05-04T09:04:32","slug":"linki-jezyk-rosyjski","status":"publish","type":"page","link":"https:\/\/pb.edu.pl\/sjo\/dla-studenta\/ciekawe-uzyteczne\/linki\/linki-jezyk-rosyjski\/","title":{"rendered":"Linki &#8211; j\u0119zyk rosyjski"},"content":{"rendered":"<p><strong>\u0420\u0443\u0441\u0441\u043a\u0438\u0439 \u044f\u0437\u044b\u043a<\/strong><br \/>\n<a href=\"http:\/\/gramota.ru\/\">http:\/\/gramota.ru\/<\/a><br \/>\n<a href=\"http:\/\/best-language.ru\/\">http:\/\/best-language.ru\/<\/a><br \/>\n<a href=\"http:\/\/rus-lang.ru\/\">http:\/\/rus-lang.ru\/<\/a><br \/>\n<a href=\"http:\/\/slovari.ru\/\">http:\/\/slovari.ru\/<\/a><\/p>\n<p><strong>\u0421\u0438\u0441\u0442\u0435\u043c\u0430 \u043e\u0431\u0440\u0430\u0437\u043e\u0432\u0430\u043d\u0438\u044f<\/strong><br \/>\n<a href=\"https:\/\/www.ucheba.ru\/\">https:\/\/www.ucheba.ru\/<\/a><br \/>\n<a href=\"http:\/\/vuz.edunetwork.ru\/\">http:\/\/vuz.edunetwork.ru\/<\/a><br \/>\n<a href=\"http:\/\/edunews.ru\/\">http:\/\/edunews.ru\/<\/a><br \/>\n<a href=\"http:\/\/5top100.ru\/universities\/\">http:\/\/5top100.ru\/universities\/<\/a><br \/>\n<a href=\"http:\/\/www.spbstu.ru\/\">http:\/\/www.spbstu.ru\/<\/a><br \/>\n<a href=\"http:\/\/www.msu.ru\/\">http:\/\/www.msu.ru\/<\/a><br \/>\n<a href=\"http:\/\/edunews.ru\/education-abroad\/sistema-obrazovaniya\/v-Rossii.html\">http:\/\/edunews.ru\/education-abroad\/sistema-obrazovaniya\/v-Rossii.html<\/a><br \/>\n<a href=\"https:\/\/vseobr.com\/sistemy-obrazovanija\/polsha\/\">https:\/\/vseobr.com\/sistemy-obrazovanija\/polsha\/<\/a><\/p>\n<p><strong>\u0423\u0432\u043b\u0435\u0447\u0435\u043d\u0438\u044f<\/strong><br \/>\n<a href=\"http:\/\/hobby.rin.ru\/\">http:\/\/hobby.rin.ru\/<\/a><br \/>\n<a href=\"https:\/\/zhenskie-uvlecheniya.ru\/\">https:\/\/zhenskie-uvlecheniya.ru\/<\/a><br \/>\n<a href=\"http:\/\/www.madamam.ru\/blog\/kakie-byvayut-uvlecheniya\">http:\/\/www.madamam.ru\/blog\/kakie-byvayut-uvlecheniya<\/a><br \/>\n<a href=\"http:\/\/\u0443\u0432\u043b\u0435\u043a\u0430\u0442\u0435\u043b\u044c\u043d\u043e\u0435.\u0440\u0444\/\">http:\/\/\u0443\u0432\u043b\u0435\u043a\u0430\u0442\u0435\u043b\u044c\u043d\u043e\u0435.\u0440\u0444\/<\/a><\/p>\n<p><strong>\u0422\u0440\u0430\u043d\u0441\u043f\u043e\u0440\u0442<\/strong><br \/>\n<a href=\"https:\/\/geographyofrussia.com\/zheleznodorozhnyj-transport\/\">https:\/\/geographyofrussia.com\/zheleznodorozhnyj-transport\/<\/a><br \/>\n<a href=\"https:\/\/geographyofrussia.com\/karta-rossii\/\">https:\/\/geographyofrussia.com\/karta-rossii\/<\/a><br \/>\n<a href=\"https:\/\/geographyofrussia.com\/karta-evropy\/\">https:\/\/geographyofrussia.com\/karta-evropy\/<\/a><br \/>\n<a href=\"https:\/\/geographyofrussia.com\/morskoj-transport-2\/\">https:\/\/geographyofrussia.com\/morskoj-transport-2\/<\/a><br \/>\n<a href=\"http:\/\/dic.academic.ru\/dic.nsf\/ruwiki\/760955\">http:\/\/dic.academic.ru\/dic.nsf\/ruwiki\/760955<\/a><br \/>\n<a href=\"http:\/\/aeroflot.ru\">http:\/\/aeroflot.ru<\/a><br \/>\n<a href=\"http:\/\/www.transportal.by\/services\/logistika\/types_of_vehicles.php\">http:\/\/www.transportal.by\/services\/logistika\/types_of_vehicles.php<\/a><br \/>\n<a href=\"http:\/\/www.metro.ru\/\">http:\/\/www.metro.ru\/<\/a><br \/>\n<a href=\"http:\/\/tram.ruz.net\/\">http:\/\/tram.ruz.net\/<\/a><\/p>\n<p><strong>\u041a\u043b\u0438\u043c\u0430\u0442<\/strong><br \/>\n<a href=\"https:\/\/geographyofrussia.com\/klimaticheskoe-rajonirovanie-rossii\/\">https:\/\/geographyofrussia.com\/klimaticheskoe-rajonirovanie-rossii\/<\/a><br \/>\n<a href=\"https:\/\/geographyofrussia.com\/klimat\/\">https:\/\/geographyofrussia.com\/klimat\/<\/a><br \/>\n<a href=\"https:\/\/geographyofrussia.com\/klimaticheskie-poyasa-zemli\/\">https:\/\/geographyofrussia.com\/klimaticheskie-poyasa-zemli\/<\/a><\/p>\n<p><strong>\u0422\u0443\u0440\u0438\u0437\u043c<\/strong><br \/>\n<a href=\"http:\/\/all-moscow.ru\/\">http:\/\/all-moscow.ru\/<\/a><br \/>\n<a href=\"http:\/\/www.tourism.ru\/\">http:\/\/www.tourism.ru\/<\/a><\/p>\n<p><strong>\u0424\u0438\u0440\u043ca, \u0431\u0438\u0437\u043d\u0435\u0441, \u043f\u0440\u043e\u0434\u0430\u0436\u0430<\/strong><br \/>\n<a href=\"http:\/\/rb.ru\/\"> http:\/\/rb.ru\/<\/a><br \/>\n<a href=\"http:\/\/irr.ru\/\"> http:\/\/irr.ru\/<\/a><br \/>\n<a href=\"http:\/\/russia.aport.ru\/\">http:\/\/russia.aport.ru\/<\/a><br \/>\n<a href=\"http:\/\/www.ugolokinvestora.com\/\">http:\/\/www.ugolokinvestora.com\/<\/a><br \/>\n<a href=\"http:\/\/expert.ru\/\"> http:\/\/expert.ru\/<\/a><\/p>\n<p><strong>\u0421\u0440\u0435\u0434\u0441\u0442\u0432\u0430 \u043c\u0430\u0441\u0441\u043e\u0432\u043e\u0439 \u0438\u043d\u0444\u043e\u0440\u043c\u0430\u0446\u0438\u0438<\/strong><br \/>\n<a href=\"http:\/\/lenta.ru\/\"> http:\/\/lenta.ru\/<\/a><br \/>\n<a href=\"http:\/\/utro.ru\/\"> http:\/\/utro.ru\/<\/a><br \/>\n<a href=\"http:\/\/rin.ru\/\"> http:\/\/rin.ru\/<\/a><br \/>\n<a href=\"http:\/\/kp.ru\/\"> http:\/\/kp.ru\/<\/a><br \/>\n<a href=\"http:\/\/gazeta.ru\/\"> http:\/\/gazeta.ru\/<\/a><br \/>\n<a href=\"http:\/\/rambler.ru\/\"> http:\/\/rambler.ru\/<\/a><br \/>\n<a href=\"http:\/\/vesti.ru\"> http:\/\/vesti.ru<\/a><br \/>\n<a href=\"http:\/\/tass.ru\/\"> http:\/\/tass.ru\/<\/a><br \/>\n<a href=\"http:\/\/mn.ru\/\">http:\/\/mn.ru\/<\/a><br \/>\n<a href=\"http:\/\/rbc.ru\/\">http:\/\/rbc.ru\/<\/a><br \/>\n<a href=\"https:\/\/izvestia.ru\/\"> https:\/\/izvestia.ru\/<\/a><\/p>\n<p><strong>\u0420\u043e\u0441\u0441\u0438\u0439\u0441\u043a\u043e\u0435 \u0442\u0435\u043b\u0435\u0432\u0438\u0434\u0435\u043d\u0438\u0435 \u043e\u043d\u043b\u0430\u0439\u043d<\/strong><br \/>\nhttp:\/\/1tv.ru\/<br \/>\nhttp:\/\/russia.tv\/<br \/>\nhttp:\/\/tvc.ru\/<br \/>\n<a href=\"http:\/\/ntv.ru\/\">http:\/\/ntv.ru\/<\/a><br \/>\n<a href=\"http:\/\/tnt-online.ru\/\">http:\/\/tnt-online.ru\/<\/a><br \/>\n<a href=\"http:\/\/tv-soyuz.ru\/\">http:\/\/tv-soyuz.ru\/<\/a><\/p>\n<p><strong>\u0420\u0430\u0434\u0438\u043e<\/strong><br \/>\n<a href=\"http:\/\/rusradio.ru\/\">http:\/\/rusradio.ru\/<\/a><br \/>\n<a href=\"http:\/\/101.ru\/\"> http:\/\/101.ru\/<\/a><br \/>\n<a href=\"http:\/\/www.europaplus.ru\/\"> http:\/\/www.europaplus.ru\/<\/a><br \/>\n<a href=\"http:\/\/www.silver.ru\/\"> http:\/\/www.silver.ru\/<\/a><\/p>\n<p><strong>\u0420\u0430\u0431\u043e\u0442\u0430<\/strong><br \/>\n<a href=\"https:\/\/www.superjob.ru\/\"> https:\/\/www.superjob.ru\/<\/a><br \/>\n<a href=\"https:\/\/www.rabota.ru\/\"> https:\/\/www.rabota.ru\/<\/a><br \/>\n<a href=\"https:\/\/hh.ru\/\"> https:\/\/hh.ru\/<\/a><\/p>\n<p><strong>\u041d\u0430\u0443\u043a\u0430<\/strong><br \/>\n<a href=\"http:\/\/nauka.relis.ru\/\"> http:\/\/nauka.relis.ru\/<\/a><br \/>\n<a href=\"http:\/\/www.chem.msu.su\/rus\/journals\/chemlife\/welcome.html\/\"> http:\/\/www.chem.msu.su\/rus\/journals\/chemlife\/welcome.html\/<\/a><br \/>\n<a href=\"http:\/\/naked-science.ru\/\"> http:\/\/naked-science.ru\/<\/a><br \/>\n<a href=\"http:\/\/hi-news.ru\/\"> http:\/\/hi-news.ru\/<\/a><br \/>\n<a href=\"http:\/\/nplus1.ru\/\"> http:\/\/nplus1.ru\/<\/a><br \/>\n<a href=\"http:\/\/ras.ru\/\"> http:\/\/ras.ru\/<\/a><br \/>\n<a href=\"http:\/\/gazeta.ru\/science\/\"> http:\/\/gazeta.ru\/science\/<\/a><\/p>\n<p><a class=\"docx\" href=\"https:\/\/pb.edu.pl\/sjo\/wp-content\/uploads\/sites\/9\/2017\/11\/J\u0119zyk-rosyjski-s\u0142owniki.docx\" target=\"_blank\" rel=\"noopener noreferrer\">J\u0119zyk rosyjski &#8211; s\u0142owniki (31 KB)<\/a><\/p>\n","protected":false},"excerpt":{"rendered":"<p>\u0420\u0443\u0441\u0441\u043a\u0438\u0439 \u044f\u0437\u044b\u043a http:\/\/gramota.ru\/ http:\/\/best-language.ru\/ http:\/\/rus-lang.ru\/ http:\/\/slovari.ru\/ \u0421\u0438\u0441\u0442\u0435\u043c\u0430 \u043e\u0431\u0440\u0430\u0437\u043e\u0432\u0430\u043d\u0438\u044f https:\/\/www.ucheba.ru\/ http:\/\/vuz.edunetwork.ru\/ http:\/\/edunews.ru\/ http:\/\/5top100.ru\/universities\/ http:\/\/www.spbstu.ru\/ http:\/\/www.msu.ru\/ http:\/\/edunews.ru\/education-abroad\/sistema-obrazovaniya\/v-Rossii.html<\/p>\n","protected":false},"author":6,"featured_media":0,"parent":7212,"menu_order":3,"comment_status":"closed","ping_status":"closed","template":"","meta":{"_acf_changed":false,"ngg_post_thumbnail":0,"footnotes":""},"class_list":["post-1296","page","type-page","status-publish","hentry"],"acf":[],"yoast_head":"<!-- This site is optimized with the Yoast SEO plugin v27.0 - https:\/\/yoast.com\/product\/yoast-seo-wordpress\/ -->\n<title>Linki - j\u0119zyk rosyjski - Studium J\u0119zyk\u00f3w Obcych<\/title>\n<meta name=\"description\" content=\"\u0420\u0443\u0441\u0441\u043a\u0438\u0439 \u044f\u0437\u044b\u043a http:\/\/gramota.ru\/ http:\/\/best-language.ru\/ http:\/\/rus-lang.ru\/ http:\/\/slovari.ru\/ \u0421\u0438\u0441\u0442\u0435\u043c\u0430 \u043e\u0431\u0440\u0430\u0437\u043e\u0432\u0430\u043d\u0438\u044f https:\/\/www.ucheba.ru\/\" \/>\n<meta name=\"robots\" content=\"index, follow, max-snippet:-1, max-image-preview:large, max-video-preview:-1\" \/>\n<link rel=\"canonical\" href=\"https:\/\/pb.edu.pl\/sjo\/dla-studenta\/ciekawe-uzyteczne\/linki\/linki-jezyk-rosyjski\/\" \/>\n<meta property=\"og:locale\" content=\"pl_PL\" \/>\n<meta property=\"og:type\" content=\"article\" \/>\n<meta property=\"og:title\" content=\"Linki - j\u0119zyk rosyjski - Studium J\u0119zyk\u00f3w Obcych\" \/>\n<meta property=\"og:description\" content=\"\u0420\u0443\u0441\u0441\u043a\u0438\u0439 \u044f\u0437\u044b\u043a http:\/\/gramota.ru\/ http:\/\/best-language.ru\/ http:\/\/rus-lang.ru\/ http:\/\/slovari.ru\/ \u0421\u0438\u0441\u0442\u0435\u043c\u0430 \u043e\u0431\u0440\u0430\u0437\u043e\u0432\u0430\u043d\u0438\u044f https:\/\/www.ucheba.ru\/\" \/>\n<meta property=\"og:url\" content=\"https:\/\/pb.edu.pl\/sjo\/dla-studenta\/ciekawe-uzyteczne\/linki\/linki-jezyk-rosyjski\/\" \/>\n<meta property=\"og:site_name\" content=\"Studium J\u0119zyk\u00f3w Obcych\" \/>\n<meta property=\"article:modified_time\" content=\"2022-05-04T09:04:32+00:00\" \/>\n<meta name=\"twitter:label1\" content=\"Szacowany czas czytania\" \/>\n\t<meta name=\"twitter:data1\" content=\"1 minuta\" \/>\n<script type=\"application\/ld+json\" class=\"yoast-schema-graph\">{\"@context\":\"https:\/\/schema.org\",\"@graph\":[{\"@type\":\"WebPage\",\"@id\":\"https:\/\/pb.edu.pl\/sjo\/dla-studenta\/ciekawe-uzyteczne\/linki\/linki-jezyk-rosyjski\/\",\"url\":\"https:\/\/pb.edu.pl\/sjo\/dla-studenta\/ciekawe-uzyteczne\/linki\/linki-jezyk-rosyjski\/\",\"name\":\"Linki - j\u0119zyk rosyjski - Studium J\u0119zyk\u00f3w Obcych\",\"isPartOf\":{\"@id\":\"https:\/\/pb.edu.pl\/sjo\/#website\"},\"datePublished\":\"2017-12-05T19:10:12+00:00\",\"dateModified\":\"2022-05-04T09:04:32+00:00\",\"description\":\"\u0420\u0443\u0441\u0441\u043a\u0438\u0439 \u044f\u0437\u044b\u043a http:\/\/gramota.ru\/ http:\/\/best-language.ru\/ http:\/\/rus-lang.ru\/ http:\/\/slovari.ru\/ \u0421\u0438\u0441\u0442\u0435\u043c\u0430 \u043e\u0431\u0440\u0430\u0437\u043e\u0432\u0430\u043d\u0438\u044f https:\/\/www.ucheba.ru\/\",\"breadcrumb\":{\"@id\":\"https:\/\/pb.edu.pl\/sjo\/dla-studenta\/ciekawe-uzyteczne\/linki\/linki-jezyk-rosyjski\/#breadcrumb\"},\"inLanguage\":\"pl-PL\",\"potentialAction\":[{\"@type\":\"ReadAction\",\"target\":[\"https:\/\/pb.edu.pl\/sjo\/dla-studenta\/ciekawe-uzyteczne\/linki\/linki-jezyk-rosyjski\/\"]}]},{\"@type\":\"BreadcrumbList\",\"@id\":\"https:\/\/pb.edu.pl\/sjo\/dla-studenta\/ciekawe-uzyteczne\/linki\/linki-jezyk-rosyjski\/#breadcrumb\",\"itemListElement\":[{\"@type\":\"ListItem\",\"position\":1,\"name\":\"Home\",\"item\":\"https:\/\/pb.edu.pl\/sjo\/\"},{\"@type\":\"ListItem\",\"position\":2,\"name\":\"Studiuj\u0119 w PB\",\"item\":\"https:\/\/pb.edu.pl\/sjo\/dla-studenta\/\"},{\"@type\":\"ListItem\",\"position\":3,\"name\":\"Ciekawe i u\u017cyteczne\",\"item\":\"https:\/\/pb.edu.pl\/sjo\/dla-studenta\/ciekawe-uzyteczne\/\"},{\"@type\":\"ListItem\",\"position\":4,\"name\":\"Pomocne linki\",\"item\":\"https:\/\/pb.edu.pl\/sjo\/dla-studenta\/ciekawe-uzyteczne\/linki\/\"},{\"@type\":\"ListItem\",\"position\":5,\"name\":\"Linki &#8211; j\u0119zyk rosyjski\"}]},{\"@type\":\"WebSite\",\"@id\":\"https:\/\/pb.edu.pl\/sjo\/#website\",\"url\":\"https:\/\/pb.edu.pl\/sjo\/\",\"name\":\"Studium J\u0119zyk\u00f3w Obcych\",\"description\":\"\",\"potentialAction\":[{\"@type\":\"SearchAction\",\"target\":{\"@type\":\"EntryPoint\",\"urlTemplate\":\"https:\/\/pb.edu.pl\/sjo\/?s={search_term_string}\"},\"query-input\":{\"@type\":\"PropertyValueSpecification\",\"valueRequired\":true,\"valueName\":\"search_term_string\"}}],\"inLanguage\":\"pl-PL\"}]}<\/script>\n<!-- \/ Yoast SEO plugin. -->","yoast_head_json":{"title":"Linki - j\u0119zyk rosyjski - Studium J\u0119zyk\u00f3w Obcych","description":"\u0420\u0443\u0441\u0441\u043a\u0438\u0439 \u044f\u0437\u044b\u043a http:\/\/gramota.ru\/ http:\/\/best-language.ru\/ http:\/\/rus-lang.ru\/ http:\/\/slovari.ru\/ \u0421\u0438\u0441\u0442\u0435\u043c\u0430 \u043e\u0431\u0440\u0430\u0437\u043e\u0432\u0430\u043d\u0438\u044f https:\/\/www.ucheba.ru\/","robots":{"index":"index","follow":"follow","max-snippet":"max-snippet:-1","max-image-preview":"max-image-preview:large","max-video-preview":"max-video-preview:-1"},"canonical":"https:\/\/pb.edu.pl\/sjo\/dla-studenta\/ciekawe-uzyteczne\/linki\/linki-jezyk-rosyjski\/","og_locale":"pl_PL","og_type":"article","og_title":"Linki - j\u0119zyk rosyjski - Studium J\u0119zyk\u00f3w Obcych","og_description":"\u0420\u0443\u0441\u0441\u043a\u0438\u0439 \u044f\u0437\u044b\u043a http:\/\/gramota.ru\/ http:\/\/best-language.ru\/ http:\/\/rus-lang.ru\/ http:\/\/slovari.ru\/ \u0421\u0438\u0441\u0442\u0435\u043c\u0430 \u043e\u0431\u0440\u0430\u0437\u043e\u0432\u0430\u043d\u0438\u044f https:\/\/www.ucheba.ru\/","og_url":"https:\/\/pb.edu.pl\/sjo\/dla-studenta\/ciekawe-uzyteczne\/linki\/linki-jezyk-rosyjski\/","og_site_name":"Studium J\u0119zyk\u00f3w Obcych","article_modified_time":"2022-05-04T09:04:32+00:00","twitter_misc":{"Szacowany czas czytania":"1 minuta"},"schema":{"@context":"https:\/\/schema.org","@graph":[{"@type":"WebPage","@id":"https:\/\/pb.edu.pl\/sjo\/dla-studenta\/ciekawe-uzyteczne\/linki\/linki-jezyk-rosyjski\/","url":"https:\/\/pb.edu.pl\/sjo\/dla-studenta\/ciekawe-uzyteczne\/linki\/linki-jezyk-rosyjski\/","name":"Linki - j\u0119zyk rosyjski - Studium J\u0119zyk\u00f3w Obcych","isPartOf":{"@id":"https:\/\/pb.edu.pl\/sjo\/#website"},"datePublished":"2017-12-05T19:10:12+00:00","dateModified":"2022-05-04T09:04:32+00:00","description":"\u0420\u0443\u0441\u0441\u043a\u0438\u0439 \u044f\u0437\u044b\u043a http:\/\/gramota.ru\/ http:\/\/best-language.ru\/ http:\/\/rus-lang.ru\/ http:\/\/slovari.ru\/ \u0421\u0438\u0441\u0442\u0435\u043c\u0430 \u043e\u0431\u0440\u0430\u0437\u043e\u0432\u0430\u043d\u0438\u044f https:\/\/www.ucheba.ru\/","breadcrumb":{"@id":"https:\/\/pb.edu.pl\/sjo\/dla-studenta\/ciekawe-uzyteczne\/linki\/linki-jezyk-rosyjski\/#breadcrumb"},"inLanguage":"pl-PL","potentialAction":[{"@type":"ReadAction","target":["https:\/\/pb.edu.pl\/sjo\/dla-studenta\/ciekawe-uzyteczne\/linki\/linki-jezyk-rosyjski\/"]}]},{"@type":"BreadcrumbList","@id":"https:\/\/pb.edu.pl\/sjo\/dla-studenta\/ciekawe-uzyteczne\/linki\/linki-jezyk-rosyjski\/#breadcrumb","itemListElement":[{"@type":"ListItem","position":1,"name":"Home","item":"https:\/\/pb.edu.pl\/sjo\/"},{"@type":"ListItem","position":2,"name":"Studiuj\u0119 w PB","item":"https:\/\/pb.edu.pl\/sjo\/dla-studenta\/"},{"@type":"ListItem","position":3,"name":"Ciekawe i u\u017cyteczne","item":"https:\/\/pb.edu.pl\/sjo\/dla-studenta\/ciekawe-uzyteczne\/"},{"@type":"ListItem","position":4,"name":"Pomocne linki","item":"https:\/\/pb.edu.pl\/sjo\/dla-studenta\/ciekawe-uzyteczne\/linki\/"},{"@type":"ListItem","position":5,"name":"Linki &#8211; j\u0119zyk rosyjski"}]},{"@type":"WebSite","@id":"https:\/\/pb.edu.pl\/sjo\/#website","url":"https:\/\/pb.edu.pl\/sjo\/","name":"Studium J\u0119zyk\u00f3w Obcych","description":"","potentialAction":[{"@type":"SearchAction","target":{"@type":"EntryPoint","urlTemplate":"https:\/\/pb.edu.pl\/sjo\/?s={search_term_string}"},"query-input":{"@type":"PropertyValueSpecification","valueRequired":true,"valueName":"search_term_string"}}],"inLanguage":"pl-PL"}]}},"_links":{"self":[{"href":"https:\/\/pb.edu.pl\/sjo\/wp-json\/wp\/v2\/pages\/1296","targetHints":{"allow":["GET"]}}],"collection":[{"href":"https:\/\/pb.edu.pl\/sjo\/wp-json\/wp\/v2\/pages"}],"about":[{"href":"https:\/\/pb.edu.pl\/sjo\/wp-json\/wp\/v2\/types\/page"}],"author":[{"embeddable":true,"href":"https:\/\/pb.edu.pl\/sjo\/wp-json\/wp\/v2\/users\/6"}],"replies":[{"embeddable":true,"href":"https:\/\/pb.edu.pl\/sjo\/wp-json\/wp\/v2\/comments?post=1296"}],"version-history":[{"count":0,"href":"https:\/\/pb.edu.pl\/sjo\/wp-json\/wp\/v2\/pages\/1296\/revisions"}],"up":[{"embeddable":true,"href":"https:\/\/pb.edu.pl\/sjo\/wp-json\/wp\/v2\/pages\/7212"}],"wp:attachment":[{"href":"https:\/\/pb.edu.pl\/sjo\/wp-json\/wp\/v2\/media?parent=1296"}],"curies":[{"name":"wp","href":"https:\/\/api.w.org\/{rel}","templated":true}]}}