{"id":10980,"date":"2021-10-29T09:31:04","date_gmt":"2021-10-29T07:31:04","guid":{"rendered":"https:\/\/pb.edu.pl\/sjo\/?page_id=10980"},"modified":"2021-11-24T09:51:24","modified_gmt":"2021-11-24T08:51:24","slug":"eksperci","status":"publish","type":"page","link":"https:\/\/pb.edu.pl\/sjo\/wydarzenia-sjo\/mock\/eksperci\/","title":{"rendered":"Eksperci"},"content":{"rendered":"<div class=\"row\">\n<div class=\"col-sm-3\"><img loading=\"lazy\" decoding=\"async\" class=\"alignnone size-medium wp-image-11692\" src=\"https:\/\/pb.edu.pl\/sjo\/wp-content\/uploads\/sites\/9\/2021\/11\/7-300x240.png\" alt=\"Mock Eliza\" width=\"300\" height=\"240\" srcset=\"https:\/\/pb.edu.pl\/sjo\/wp-content\/uploads\/sites\/9\/2021\/11\/7-300x240.png 300w, https:\/\/pb.edu.pl\/sjo\/wp-content\/uploads\/sites\/9\/2021\/11\/7.png 400w\" sizes=\"auto, (max-width: 300px) 100vw, 300px\" \/><\/div>\n<div class=\"col-sm-9\">\n<p><strong>mgr Eliza Ostaszewska<\/strong><\/p>\n<p>Doradca Zawodowy na Politechnice Bia\u0142ostockiej. W pracy zawodowej pomaga studentom w odnalezieniu si\u0119 na rynku pracy i przygotowaniu dokument\u00f3w rekrutacyjnych. K\u0142adzie szczeg\u00f3lny nacisk na rozw\u00f3j kreatywno\u015bci student\u00f3w i budowanie ich marki w\u0142asnej. Prywatnie kocha podr\u00f3\u017ce, g\u00f3ry i biegi d\u0142ugodystansowe.<\/p>\n<\/div>\n<\/div>\n<div class=\"row\">\n<div class=\"col-sm-3\"><img loading=\"lazy\" decoding=\"async\" class=\"alignnone size-full wp-image-11289\" src=\"https:\/\/pb.edu.pl\/sjo\/wp-content\/uploads\/sites\/9\/2021\/11\/Ewa.png\" alt=\"\" width=\"400\" height=\"320\"><\/div>\n<div class=\"col-sm-9\">\n<p><strong>mgr Ewa Kowalczuk-Czapko<\/strong><\/p>\n<p>Doradca Zawodowy na Politechnice Bia\u0142ostockiej. W pracy zawodowej aktywnie s\u0142ucha i ch\u0119tnie wskazuje najw\u0142a\u015bciwsz\u0105, cho\u0107 nie zawsze najkr\u00f3tsz\u0105 drog\u0119 do wymarzonej kariery. Potrafi doszlifowa\u0107 ka\u017cde CV i doda\u0107 mu kolorytu, by \u017caden rekruter nie pozosta\u0142 na nie oboj\u0119tny. Prywatnie mi\u0142o\u015bniczka literatury i gorzkiej czekolady.<\/p>\n<\/div>\n<\/div>\n<div class=\"row\">\n<div class=\"col-sm-3\"><img loading=\"lazy\" decoding=\"async\" class=\"alignnone size-medium wp-image-11691\" src=\"https:\/\/pb.edu.pl\/sjo\/wp-content\/uploads\/sites\/9\/2021\/11\/6-300x240.png\" alt=\"Liliana\" width=\"300\" height=\"240\" srcset=\"https:\/\/pb.edu.pl\/sjo\/wp-content\/uploads\/sites\/9\/2021\/11\/6-300x240.png 300w, https:\/\/pb.edu.pl\/sjo\/wp-content\/uploads\/sites\/9\/2021\/11\/6.png 400w\" sizes=\"auto, (max-width: 300px) 100vw, 300px\" \/><\/div>\n<div class=\"col-sm-9\">\n<p><strong>mgr Liliana Sienkiewicz<\/strong><\/p>\n<p>Wyk\u0142adowca j\u0119zyka angielskiego w SJO PB. Interesuje si\u0119 strategiami rozm\u00f3w kwalifikacyjnych. Podpowiada studentom co robi\u0107, by nie da\u0107 si\u0119 zaskoczy\u0107 i wyj\u015b\u0107 z ka\u017cdej sytuacji obronn\u0105 r\u0119k\u0105. Wyznaj\u0105c zasad\u0119 \u2018practice makes perfect\u2019, od wielu lat przeprowadza pr\u00f3bne rozmowy rekrutacyjne ze studentami wykorzystuj\u0105c uwagi i sugestie podlaskich przedsi\u0119biorc\u00f3w. Jest organizatork\u0105 licznych konkurs\u00f3w studenckich.<\/p>\n<\/div>\n<\/div>\n<div class=\"row\">\n<div class=\"col-sm-3\"><img loading=\"lazy\" decoding=\"async\" class=\"alignnone size-medium wp-image-11687\" src=\"https:\/\/pb.edu.pl\/sjo\/wp-content\/uploads\/sites\/9\/2021\/11\/2-300x240.png\" alt=\"Ula\" width=\"300\" height=\"240\" srcset=\"https:\/\/pb.edu.pl\/sjo\/wp-content\/uploads\/sites\/9\/2021\/11\/2-300x240.png 300w, https:\/\/pb.edu.pl\/sjo\/wp-content\/uploads\/sites\/9\/2021\/11\/2.png 400w\" sizes=\"auto, (max-width: 300px) 100vw, 300px\" \/><\/div>\n<div class=\"col-sm-9\">\n<p><strong>mgr Urszula Socho\u0144<\/strong><\/p>\n<p>Wyk\u0142adowczyni j\u0119zyka angielskiego w SJO PB. Prowadzi lektoraty, warsztaty bran\u017cowe, kursy, a w tym roku zaczyna te\u017c przygod\u0119 z metod\u0105 tutoringu. Na swoich zaj\u0119ciach cz\u0119sto nawi\u0105zuje do oczekiwa\u0144 rynku pracy, st\u0105d jej zainteresowanie soft skills \u2013 kompetencjami XXI wieku. Lubi, kiedy studenci pracuj\u0105 zespo\u0142owo, bo \u2018ability to work in a team\u2019 to pewniak na li\u015bcie wymaga\u0144 pracodawc\u00f3w. \u015aledzi krajowe i zagraniczne oferty pracy, dokszta\u0142ca si\u0119 w dziedzinie employability skills, korzysta z do\u015bwiadcze\u0144 m\u0142odych os\u00f3b wkraczaj\u0105cych na rynek pracy (ma swoje wiarygodne \u017ar\u00f3d\u0142a ?) i przemyca rekrutacyjne ciekawostki na zaj\u0119cia.<\/p>\n<\/div>\n<\/div>\n<div class=\"row\">\n<div class=\"col-sm-3\"><img loading=\"lazy\" decoding=\"async\" class=\"alignnone size-medium wp-image-11878\" src=\"https:\/\/pb.edu.pl\/sjo\/wp-content\/uploads\/sites\/9\/2021\/11\/Mock-ekperci-1-300x240.png\" alt=\"Monika Mock\" width=\"300\" height=\"240\" srcset=\"https:\/\/pb.edu.pl\/sjo\/wp-content\/uploads\/sites\/9\/2021\/11\/Mock-ekperci-1-300x240.png 300w, https:\/\/pb.edu.pl\/sjo\/wp-content\/uploads\/sites\/9\/2021\/11\/Mock-ekperci-1.png 400w\" sizes=\"auto, (max-width: 300px) 100vw, 300px\" \/><\/div>\n<div class=\"col-sm-9\">\n<p><strong>mgr Monika \u015aleszy\u0144ska<\/strong><\/p>\n<p>Wyk\u0142adowca j\u0119zyka angielskiego w SJO PB. Na jej zaj\u0119ciach studenci pisz\u0105 listy motywacyjne i przeprowadzaj\u0105 mock interviews. Jest przekonana, \u017ce zasada KISS (keep it short and simple) przydaje si\u0119 w wielu sytuacjach formalnych i nieformalnych, tak\u017ce podczas rozmowy kwalifikacyjnej.<\/p>\n<\/div>\n<\/div>\n<div class=\"row\">\n<div class=\"col-sm-3\"><img loading=\"lazy\" decoding=\"async\" class=\"alignnone size-medium wp-image-11870\" src=\"https:\/\/pb.edu.pl\/sjo\/wp-content\/uploads\/sites\/9\/2021\/11\/Mock-ekperci-300x240.png\" alt=\"Mock Aniela\" width=\"300\" height=\"240\" srcset=\"https:\/\/pb.edu.pl\/sjo\/wp-content\/uploads\/sites\/9\/2021\/11\/Mock-ekperci-300x240.png 300w, https:\/\/pb.edu.pl\/sjo\/wp-content\/uploads\/sites\/9\/2021\/11\/Mock-ekperci.png 400w\" sizes=\"auto, (max-width: 300px) 100vw, 300px\" \/><\/div>\n<div class=\"col-sm-9\">\n<p><strong>mgr Aniela Staszewska<\/strong><\/p>\n<p>Nauczycielka j\u0119zyka angielskiego w SJO PB i native speaker ze Stan\u00f3w Zjednoczonych. Z wielu rozm\u00f3w o prac\u0119, w kt\u00f3rych wzi\u0119\u0142a udzia\u0142, ciekawe by\u0142o zaproszenie do firmy FinTech. W ci\u0105gu godziny musia\u0142a przeprowadzi\u0107 badania i przygotowa\u0107 prezentacj\u0119 na temat, o kt\u00f3rym wiedzia\u0142a bardzo ma\u0142o. Jej pracodawca chcia\u0142 sprawdzi\u0107 jak szybko mo\u017ce si\u0119 nauczy\u0107 czego\u015b nowego. Prezentacja zako\u0144czy\u0142a si\u0119 sukcesem i kilkuletni\u0105 wsp\u00f3\u0142prac\u0105. Jedn\u0105 z umiej\u0119tno\u015bci, kt\u00f3re musimy \u0107wiczy\u0107, jest umiej\u0119tno\u015b\u0107 uczenia si\u0119, oduczania i ponownego uczenia si\u0119, aby odkrywa\u0107 siebie na nowo we wsp\u00f3\u0142czesnym \u015bwiecie.<\/p>\n<\/div>\n<\/div>\n<div class=\"row\">\n<div class=\"col-sm-3\"><img loading=\"lazy\" decoding=\"async\" class=\"alignnone size-medium wp-image-11686\" src=\"https:\/\/pb.edu.pl\/sjo\/wp-content\/uploads\/sites\/9\/2021\/11\/1-300x240.png\" alt=\"Dorota\" width=\"300\" height=\"240\" srcset=\"https:\/\/pb.edu.pl\/sjo\/wp-content\/uploads\/sites\/9\/2021\/11\/1-300x240.png 300w, https:\/\/pb.edu.pl\/sjo\/wp-content\/uploads\/sites\/9\/2021\/11\/1.png 400w\" sizes=\"auto, (max-width: 300px) 100vw, 300px\" \/><\/div>\n<div class=\"col-sm-9\">\n<p><strong>mgr Dorota Ostrowska<\/strong><\/p>\n<p>Wyk\u0142adowczyni j\u0119zyka angielskiego w SJO PB, t\u0142umaczka przysi\u0119g\u0142a. Na zaj\u0119ciach radzi, jak przygotowa\u0107 CV i listy motywacyjne, oraz prowadzi studentki i student\u00f3w przez rafy trudnych pyta\u0144 w rozmowach kwalifikacyjnych. Zwolenniczka zasady KISS (keep it straight and simple), gry w Scrabble\u2122 i stosowania feminatyw\u00f3w.<\/p>\n<\/div>\n<\/div>\n<div class=\"row\">\n<div class=\"col-sm-3\"><img loading=\"lazy\" decoding=\"async\" class=\"alignnone size-medium wp-image-11688\" src=\"https:\/\/pb.edu.pl\/sjo\/wp-content\/uploads\/sites\/9\/2021\/11\/3-300x240.png\" alt=\"Ma\u0142gosia\" width=\"300\" height=\"240\" srcset=\"https:\/\/pb.edu.pl\/sjo\/wp-content\/uploads\/sites\/9\/2021\/11\/3-300x240.png 300w, https:\/\/pb.edu.pl\/sjo\/wp-content\/uploads\/sites\/9\/2021\/11\/3.png 400w\" sizes=\"auto, (max-width: 300px) 100vw, 300px\" \/><\/div>\n<div class=\"col-sm-9\">\n<p><strong>mgr Ma\u0142gorzata Komarewska<\/strong><\/p>\n<p>Jest wyk\u0142adowc\u0105 j\u0119zyka angielskiego i polskiego jako obcego w SJO PB. Jest r\u00f3wnie\u017c koordynatorem egzamin\u00f3w komercyjnych oferowanych przez Studium i ch\u0119tnie doradzi na jaki egzamin si\u0119 zdecydowa\u0107. Jest przekonana, \u017ce certyfikat j\u0119zykowy mo\u017ce by\u0107 cennym dodatkiem do CV w oczach wielu potencjalnych pracodawc\u00f3w.<\/p>\n<\/div>\n<\/div>\n<div class=\"row\">\n<div class=\"col-sm-3\"><img loading=\"lazy\" decoding=\"async\" class=\"alignnone size-medium wp-image-11689\" src=\"https:\/\/pb.edu.pl\/sjo\/wp-content\/uploads\/sites\/9\/2021\/11\/4-300x240.png\" alt=\"Micha\u0142\" width=\"300\" height=\"240\" srcset=\"https:\/\/pb.edu.pl\/sjo\/wp-content\/uploads\/sites\/9\/2021\/11\/4-300x240.png 300w, https:\/\/pb.edu.pl\/sjo\/wp-content\/uploads\/sites\/9\/2021\/11\/4.png 400w\" sizes=\"auto, (max-width: 300px) 100vw, 300px\" \/><\/div>\n<div class=\"col-sm-9\">\n<p><strong>mgr Micha\u0142 Citko<\/strong><\/p>\n<p>Wyk\u0142adowca j\u0119zyka angielskiego oraz polskiego jako obcego w SJO PB. Najtrudniejsz\u0105 rozmow\u0119 o prac\u0119 odby\u0142 przez telefon z ameryka\u0144skim pracodawc\u0105, kt\u00f3remu musia\u0142 udowodni\u0107 swoja przydatno\u015b\u0107 do pracy z osobami niepe\u0142nosprawnymi, pomimo braku takiego do\u015bwiadczenia. Jako kierownik SJO od czasu do czasu przeprowadza r\u00f3wnie\u017c rozmowy o prac\u0119.<\/p>\n<\/div>\n<\/div>\n","protected":false},"excerpt":{"rendered":"<p>mgr Eliza Ostaszewska Doradca Zawodowy na Politechnice Bia\u0142ostockiej. W pracy zawodowej pomaga studentom w odnalezieniu<\/p>\n","protected":false},"author":6,"featured_media":0,"parent":10945,"menu_order":0,"comment_status":"closed","ping_status":"closed","template":"","meta":{"_acf_changed":false,"ngg_post_thumbnail":0,"footnotes":""},"class_list":["post-10980","page","type-page","status-publish","hentry"],"acf":[],"yoast_head":"<!-- This site is optimized with the Yoast SEO plugin v27.0 - https:\/\/yoast.com\/product\/yoast-seo-wordpress\/ -->\n<title>Eksperci - Studium J\u0119zyk\u00f3w Obcych<\/title>\n<meta name=\"description\" content=\"mgr Eliza Ostaszewska Doradca Zawodowy na Politechnice Bia\u0142ostockiej. W pracy zawodowej pomaga studentom w odnalezieniu si\u0119 na rynku pracy i przygotowaniu\" \/>\n<meta name=\"robots\" content=\"index, follow, max-snippet:-1, max-image-preview:large, max-video-preview:-1\" \/>\n<link rel=\"canonical\" href=\"https:\/\/pb.edu.pl\/sjo\/wydarzenia-sjo\/mock\/eksperci\/\" \/>\n<meta property=\"og:locale\" content=\"pl_PL\" \/>\n<meta property=\"og:type\" content=\"article\" \/>\n<meta property=\"og:title\" content=\"Eksperci - Studium J\u0119zyk\u00f3w Obcych\" \/>\n<meta property=\"og:description\" content=\"mgr Eliza Ostaszewska Doradca Zawodowy na Politechnice Bia\u0142ostockiej. W pracy zawodowej pomaga studentom w odnalezieniu si\u0119 na rynku pracy i przygotowaniu\" \/>\n<meta property=\"og:url\" content=\"https:\/\/pb.edu.pl\/sjo\/wydarzenia-sjo\/mock\/eksperci\/\" \/>\n<meta property=\"og:site_name\" content=\"Studium J\u0119zyk\u00f3w Obcych\" \/>\n<meta property=\"article:modified_time\" content=\"2021-11-24T08:51:24+00:00\" \/>\n<meta property=\"og:image\" content=\"https:\/\/pb.edu.pl\/sjo\/wp-content\/uploads\/sites\/9\/2021\/11\/7-300x240.png\" \/>\n<meta name=\"twitter:label1\" content=\"Szacowany czas czytania\" \/>\n\t<meta name=\"twitter:data1\" content=\"5 minut\" \/>\n<script type=\"application\/ld+json\" class=\"yoast-schema-graph\">{\"@context\":\"https:\/\/schema.org\",\"@graph\":[{\"@type\":\"WebPage\",\"@id\":\"https:\/\/pb.edu.pl\/sjo\/wydarzenia-sjo\/mock\/eksperci\/\",\"url\":\"https:\/\/pb.edu.pl\/sjo\/wydarzenia-sjo\/mock\/eksperci\/\",\"name\":\"Eksperci - Studium J\u0119zyk\u00f3w Obcych\",\"isPartOf\":{\"@id\":\"https:\/\/pb.edu.pl\/sjo\/#website\"},\"primaryImageOfPage\":{\"@id\":\"https:\/\/pb.edu.pl\/sjo\/wydarzenia-sjo\/mock\/eksperci\/#primaryimage\"},\"image\":{\"@id\":\"https:\/\/pb.edu.pl\/sjo\/wydarzenia-sjo\/mock\/eksperci\/#primaryimage\"},\"thumbnailUrl\":\"https:\/\/pb.edu.pl\/sjo\/wp-content\/uploads\/sites\/9\/2021\/11\/7-300x240.png\",\"datePublished\":\"2021-10-29T07:31:04+00:00\",\"dateModified\":\"2021-11-24T08:51:24+00:00\",\"description\":\"mgr Eliza Ostaszewska Doradca Zawodowy na Politechnice Bia\u0142ostockiej. W pracy zawodowej pomaga studentom w odnalezieniu si\u0119 na rynku pracy i przygotowaniu\",\"breadcrumb\":{\"@id\":\"https:\/\/pb.edu.pl\/sjo\/wydarzenia-sjo\/mock\/eksperci\/#breadcrumb\"},\"inLanguage\":\"pl-PL\",\"potentialAction\":[{\"@type\":\"ReadAction\",\"target\":[\"https:\/\/pb.edu.pl\/sjo\/wydarzenia-sjo\/mock\/eksperci\/\"]}]},{\"@type\":\"ImageObject\",\"inLanguage\":\"pl-PL\",\"@id\":\"https:\/\/pb.edu.pl\/sjo\/wydarzenia-sjo\/mock\/eksperci\/#primaryimage\",\"url\":\"https:\/\/pb.edu.pl\/sjo\/wp-content\/uploads\/sites\/9\/2021\/11\/7.png\",\"contentUrl\":\"https:\/\/pb.edu.pl\/sjo\/wp-content\/uploads\/sites\/9\/2021\/11\/7.png\",\"width\":400,\"height\":320,\"caption\":\"Mock Eliza\"},{\"@type\":\"BreadcrumbList\",\"@id\":\"https:\/\/pb.edu.pl\/sjo\/wydarzenia-sjo\/mock\/eksperci\/#breadcrumb\",\"itemListElement\":[{\"@type\":\"ListItem\",\"position\":1,\"name\":\"Home\",\"item\":\"https:\/\/pb.edu.pl\/sjo\/\"},{\"@type\":\"ListItem\",\"position\":2,\"name\":\"Wydarzenia SJO\",\"item\":\"https:\/\/pb.edu.pl\/sjo\/wydarzenia-sjo\/\"},{\"@type\":\"ListItem\",\"position\":3,\"name\":\"Mock\",\"item\":\"https:\/\/pb.edu.pl\/sjo\/wydarzenia-sjo\/mock\/\"},{\"@type\":\"ListItem\",\"position\":4,\"name\":\"Eksperci\"}]},{\"@type\":\"WebSite\",\"@id\":\"https:\/\/pb.edu.pl\/sjo\/#website\",\"url\":\"https:\/\/pb.edu.pl\/sjo\/\",\"name\":\"Studium J\u0119zyk\u00f3w Obcych\",\"description\":\"\",\"potentialAction\":[{\"@type\":\"SearchAction\",\"target\":{\"@type\":\"EntryPoint\",\"urlTemplate\":\"https:\/\/pb.edu.pl\/sjo\/?s={search_term_string}\"},\"query-input\":{\"@type\":\"PropertyValueSpecification\",\"valueRequired\":true,\"valueName\":\"search_term_string\"}}],\"inLanguage\":\"pl-PL\"}]}<\/script>\n<!-- \/ Yoast SEO plugin. -->","yoast_head_json":{"title":"Eksperci - Studium J\u0119zyk\u00f3w Obcych","description":"mgr Eliza Ostaszewska Doradca Zawodowy na Politechnice Bia\u0142ostockiej. W pracy zawodowej pomaga studentom w odnalezieniu si\u0119 na rynku pracy i przygotowaniu","robots":{"index":"index","follow":"follow","max-snippet":"max-snippet:-1","max-image-preview":"max-image-preview:large","max-video-preview":"max-video-preview:-1"},"canonical":"https:\/\/pb.edu.pl\/sjo\/wydarzenia-sjo\/mock\/eksperci\/","og_locale":"pl_PL","og_type":"article","og_title":"Eksperci - Studium J\u0119zyk\u00f3w Obcych","og_description":"mgr Eliza Ostaszewska Doradca Zawodowy na Politechnice Bia\u0142ostockiej. W pracy zawodowej pomaga studentom w odnalezieniu si\u0119 na rynku pracy i przygotowaniu","og_url":"https:\/\/pb.edu.pl\/sjo\/wydarzenia-sjo\/mock\/eksperci\/","og_site_name":"Studium J\u0119zyk\u00f3w Obcych","article_modified_time":"2021-11-24T08:51:24+00:00","og_image":[{"url":"https:\/\/pb.edu.pl\/sjo\/wp-content\/uploads\/sites\/9\/2021\/11\/7-300x240.png","type":"","width":"","height":""}],"twitter_misc":{"Szacowany czas czytania":"5 minut"},"schema":{"@context":"https:\/\/schema.org","@graph":[{"@type":"WebPage","@id":"https:\/\/pb.edu.pl\/sjo\/wydarzenia-sjo\/mock\/eksperci\/","url":"https:\/\/pb.edu.pl\/sjo\/wydarzenia-sjo\/mock\/eksperci\/","name":"Eksperci - Studium J\u0119zyk\u00f3w Obcych","isPartOf":{"@id":"https:\/\/pb.edu.pl\/sjo\/#website"},"primaryImageOfPage":{"@id":"https:\/\/pb.edu.pl\/sjo\/wydarzenia-sjo\/mock\/eksperci\/#primaryimage"},"image":{"@id":"https:\/\/pb.edu.pl\/sjo\/wydarzenia-sjo\/mock\/eksperci\/#primaryimage"},"thumbnailUrl":"https:\/\/pb.edu.pl\/sjo\/wp-content\/uploads\/sites\/9\/2021\/11\/7-300x240.png","datePublished":"2021-10-29T07:31:04+00:00","dateModified":"2021-11-24T08:51:24+00:00","description":"mgr Eliza Ostaszewska Doradca Zawodowy na Politechnice Bia\u0142ostockiej. W pracy zawodowej pomaga studentom w odnalezieniu si\u0119 na rynku pracy i przygotowaniu","breadcrumb":{"@id":"https:\/\/pb.edu.pl\/sjo\/wydarzenia-sjo\/mock\/eksperci\/#breadcrumb"},"inLanguage":"pl-PL","potentialAction":[{"@type":"ReadAction","target":["https:\/\/pb.edu.pl\/sjo\/wydarzenia-sjo\/mock\/eksperci\/"]}]},{"@type":"ImageObject","inLanguage":"pl-PL","@id":"https:\/\/pb.edu.pl\/sjo\/wydarzenia-sjo\/mock\/eksperci\/#primaryimage","url":"https:\/\/pb.edu.pl\/sjo\/wp-content\/uploads\/sites\/9\/2021\/11\/7.png","contentUrl":"https:\/\/pb.edu.pl\/sjo\/wp-content\/uploads\/sites\/9\/2021\/11\/7.png","width":400,"height":320,"caption":"Mock Eliza"},{"@type":"BreadcrumbList","@id":"https:\/\/pb.edu.pl\/sjo\/wydarzenia-sjo\/mock\/eksperci\/#breadcrumb","itemListElement":[{"@type":"ListItem","position":1,"name":"Home","item":"https:\/\/pb.edu.pl\/sjo\/"},{"@type":"ListItem","position":2,"name":"Wydarzenia SJO","item":"https:\/\/pb.edu.pl\/sjo\/wydarzenia-sjo\/"},{"@type":"ListItem","position":3,"name":"Mock","item":"https:\/\/pb.edu.pl\/sjo\/wydarzenia-sjo\/mock\/"},{"@type":"ListItem","position":4,"name":"Eksperci"}]},{"@type":"WebSite","@id":"https:\/\/pb.edu.pl\/sjo\/#website","url":"https:\/\/pb.edu.pl\/sjo\/","name":"Studium J\u0119zyk\u00f3w Obcych","description":"","potentialAction":[{"@type":"SearchAction","target":{"@type":"EntryPoint","urlTemplate":"https:\/\/pb.edu.pl\/sjo\/?s={search_term_string}"},"query-input":{"@type":"PropertyValueSpecification","valueRequired":true,"valueName":"search_term_string"}}],"inLanguage":"pl-PL"}]}},"_links":{"self":[{"href":"https:\/\/pb.edu.pl\/sjo\/wp-json\/wp\/v2\/pages\/10980","targetHints":{"allow":["GET"]}}],"collection":[{"href":"https:\/\/pb.edu.pl\/sjo\/wp-json\/wp\/v2\/pages"}],"about":[{"href":"https:\/\/pb.edu.pl\/sjo\/wp-json\/wp\/v2\/types\/page"}],"author":[{"embeddable":true,"href":"https:\/\/pb.edu.pl\/sjo\/wp-json\/wp\/v2\/users\/6"}],"replies":[{"embeddable":true,"href":"https:\/\/pb.edu.pl\/sjo\/wp-json\/wp\/v2\/comments?post=10980"}],"version-history":[{"count":0,"href":"https:\/\/pb.edu.pl\/sjo\/wp-json\/wp\/v2\/pages\/10980\/revisions"}],"up":[{"embeddable":true,"href":"https:\/\/pb.edu.pl\/sjo\/wp-json\/wp\/v2\/pages\/10945"}],"wp:attachment":[{"href":"https:\/\/pb.edu.pl\/sjo\/wp-json\/wp\/v2\/media?parent=10980"}],"curies":[{"name":"wp","href":"https:\/\/api.w.org\/{rel}","templated":true}]}}