{"id":10976,"date":"2021-11-15T11:11:15","date_gmt":"2021-11-15T10:11:15","guid":{"rendered":"https:\/\/pb.edu.pl\/sjo\/?page_id=10976"},"modified":"2025-01-27T09:56:34","modified_gmt":"2025-01-27T08:56:34","slug":"rejestracja","status":"publish","type":"page","link":"https:\/\/pb.edu.pl\/sjo\/wydarzenia-sjo\/mock\/rejestracja\/","title":{"rendered":"Rejestracja\/Registration form"},"content":{"rendered":"<div class=\"h1\">Rejestracja na wydarzenie zosta\u0142a zako\u0144czona<\/div>\n<div class=\"h2\">Zapraszamy do obejrzenia <a href=\"https:\/\/pb.edu.pl\/sjo\/wydarzenia-sjo\/mock\/galeria-mock-job-interview-2021\/\">relacji foto\/video<\/a>.<\/div>\n","protected":false},"excerpt":{"rendered":"<p>Rejestracja na wydarzenie zosta\u0142a zako\u0144czona Zapraszamy do obejrzenia relacji foto\/video.<\/p>\n","protected":false},"author":6,"featured_media":0,"parent":10945,"menu_order":0,"comment_status":"closed","ping_status":"closed","template":"templates\/dzial.php","meta":{"_acf_changed":false,"ngg_post_thumbnail":0,"footnotes":""},"class_list":["post-10976","page","type-page","status-publish","hentry"],"acf":[],"yoast_head":"<!-- This site is optimized with the Yoast SEO plugin v27.0 - https:\/\/yoast.com\/product\/yoast-seo-wordpress\/ -->\n<title>Rejestracja\/Registration form - Studium J\u0119zyk\u00f3w Obcych<\/title>\n<meta name=\"description\" content=\"Rejestracja na wydarzenie zosta\u0142a zako\u0144czona Zapraszamy do obejrzenia relacji foto\/video.\" \/>\n<meta name=\"robots\" content=\"index, follow, max-snippet:-1, max-image-preview:large, max-video-preview:-1\" \/>\n<link rel=\"canonical\" href=\"https:\/\/pb.edu.pl\/sjo\/wydarzenia-sjo\/mock\/rejestracja\/\" \/>\n<meta property=\"og:locale\" content=\"pl_PL\" \/>\n<meta property=\"og:type\" content=\"article\" \/>\n<meta property=\"og:title\" content=\"Rejestracja\/Registration form - Studium J\u0119zyk\u00f3w Obcych\" \/>\n<meta property=\"og:description\" content=\"Rejestracja na wydarzenie zosta\u0142a zako\u0144czona Zapraszamy do obejrzenia relacji foto\/video.\" \/>\n<meta property=\"og:url\" content=\"https:\/\/pb.edu.pl\/sjo\/wydarzenia-sjo\/mock\/rejestracja\/\" \/>\n<meta property=\"og:site_name\" content=\"Studium J\u0119zyk\u00f3w Obcych\" \/>\n<meta property=\"article:modified_time\" content=\"2025-01-27T08:56:34+00:00\" \/>\n<meta name=\"twitter:label1\" content=\"Szacowany czas czytania\" \/>\n\t<meta name=\"twitter:data1\" content=\"1 minuta\" \/>\n<script type=\"application\/ld+json\" class=\"yoast-schema-graph\">{\"@context\":\"https:\/\/schema.org\",\"@graph\":[{\"@type\":\"WebPage\",\"@id\":\"https:\/\/pb.edu.pl\/sjo\/wydarzenia-sjo\/mock\/rejestracja\/\",\"url\":\"https:\/\/pb.edu.pl\/sjo\/wydarzenia-sjo\/mock\/rejestracja\/\",\"name\":\"Rejestracja\/Registration form - Studium J\u0119zyk\u00f3w Obcych\",\"isPartOf\":{\"@id\":\"https:\/\/pb.edu.pl\/sjo\/#website\"},\"datePublished\":\"2021-11-15T10:11:15+00:00\",\"dateModified\":\"2025-01-27T08:56:34+00:00\",\"description\":\"Rejestracja na wydarzenie zosta\u0142a zako\u0144czona Zapraszamy do obejrzenia relacji foto\/video.\",\"breadcrumb\":{\"@id\":\"https:\/\/pb.edu.pl\/sjo\/wydarzenia-sjo\/mock\/rejestracja\/#breadcrumb\"},\"inLanguage\":\"pl-PL\",\"potentialAction\":[{\"@type\":\"ReadAction\",\"target\":[\"https:\/\/pb.edu.pl\/sjo\/wydarzenia-sjo\/mock\/rejestracja\/\"]}]},{\"@type\":\"BreadcrumbList\",\"@id\":\"https:\/\/pb.edu.pl\/sjo\/wydarzenia-sjo\/mock\/rejestracja\/#breadcrumb\",\"itemListElement\":[{\"@type\":\"ListItem\",\"position\":1,\"name\":\"Home\",\"item\":\"https:\/\/pb.edu.pl\/sjo\/\"},{\"@type\":\"ListItem\",\"position\":2,\"name\":\"Wydarzenia SJO\",\"item\":\"https:\/\/pb.edu.pl\/sjo\/wydarzenia-sjo\/\"},{\"@type\":\"ListItem\",\"position\":3,\"name\":\"Mock\",\"item\":\"https:\/\/pb.edu.pl\/sjo\/wydarzenia-sjo\/mock\/\"},{\"@type\":\"ListItem\",\"position\":4,\"name\":\"Rejestracja\/Registration form\"}]},{\"@type\":\"WebSite\",\"@id\":\"https:\/\/pb.edu.pl\/sjo\/#website\",\"url\":\"https:\/\/pb.edu.pl\/sjo\/\",\"name\":\"Studium J\u0119zyk\u00f3w Obcych\",\"description\":\"\",\"potentialAction\":[{\"@type\":\"SearchAction\",\"target\":{\"@type\":\"EntryPoint\",\"urlTemplate\":\"https:\/\/pb.edu.pl\/sjo\/?s={search_term_string}\"},\"query-input\":{\"@type\":\"PropertyValueSpecification\",\"valueRequired\":true,\"valueName\":\"search_term_string\"}}],\"inLanguage\":\"pl-PL\"}]}<\/script>\n<!-- \/ Yoast SEO plugin. -->","yoast_head_json":{"title":"Rejestracja\/Registration form - Studium J\u0119zyk\u00f3w Obcych","description":"Rejestracja na wydarzenie zosta\u0142a zako\u0144czona Zapraszamy do obejrzenia relacji foto\/video.","robots":{"index":"index","follow":"follow","max-snippet":"max-snippet:-1","max-image-preview":"max-image-preview:large","max-video-preview":"max-video-preview:-1"},"canonical":"https:\/\/pb.edu.pl\/sjo\/wydarzenia-sjo\/mock\/rejestracja\/","og_locale":"pl_PL","og_type":"article","og_title":"Rejestracja\/Registration form - Studium J\u0119zyk\u00f3w Obcych","og_description":"Rejestracja na wydarzenie zosta\u0142a zako\u0144czona Zapraszamy do obejrzenia relacji foto\/video.","og_url":"https:\/\/pb.edu.pl\/sjo\/wydarzenia-sjo\/mock\/rejestracja\/","og_site_name":"Studium J\u0119zyk\u00f3w Obcych","article_modified_time":"2025-01-27T08:56:34+00:00","twitter_misc":{"Szacowany czas czytania":"1 minuta"},"schema":{"@context":"https:\/\/schema.org","@graph":[{"@type":"WebPage","@id":"https:\/\/pb.edu.pl\/sjo\/wydarzenia-sjo\/mock\/rejestracja\/","url":"https:\/\/pb.edu.pl\/sjo\/wydarzenia-sjo\/mock\/rejestracja\/","name":"Rejestracja\/Registration form - Studium J\u0119zyk\u00f3w Obcych","isPartOf":{"@id":"https:\/\/pb.edu.pl\/sjo\/#website"},"datePublished":"2021-11-15T10:11:15+00:00","dateModified":"2025-01-27T08:56:34+00:00","description":"Rejestracja na wydarzenie zosta\u0142a zako\u0144czona Zapraszamy do obejrzenia relacji foto\/video.","breadcrumb":{"@id":"https:\/\/pb.edu.pl\/sjo\/wydarzenia-sjo\/mock\/rejestracja\/#breadcrumb"},"inLanguage":"pl-PL","potentialAction":[{"@type":"ReadAction","target":["https:\/\/pb.edu.pl\/sjo\/wydarzenia-sjo\/mock\/rejestracja\/"]}]},{"@type":"BreadcrumbList","@id":"https:\/\/pb.edu.pl\/sjo\/wydarzenia-sjo\/mock\/rejestracja\/#breadcrumb","itemListElement":[{"@type":"ListItem","position":1,"name":"Home","item":"https:\/\/pb.edu.pl\/sjo\/"},{"@type":"ListItem","position":2,"name":"Wydarzenia SJO","item":"https:\/\/pb.edu.pl\/sjo\/wydarzenia-sjo\/"},{"@type":"ListItem","position":3,"name":"Mock","item":"https:\/\/pb.edu.pl\/sjo\/wydarzenia-sjo\/mock\/"},{"@type":"ListItem","position":4,"name":"Rejestracja\/Registration form"}]},{"@type":"WebSite","@id":"https:\/\/pb.edu.pl\/sjo\/#website","url":"https:\/\/pb.edu.pl\/sjo\/","name":"Studium J\u0119zyk\u00f3w Obcych","description":"","potentialAction":[{"@type":"SearchAction","target":{"@type":"EntryPoint","urlTemplate":"https:\/\/pb.edu.pl\/sjo\/?s={search_term_string}"},"query-input":{"@type":"PropertyValueSpecification","valueRequired":true,"valueName":"search_term_string"}}],"inLanguage":"pl-PL"}]}},"_links":{"self":[{"href":"https:\/\/pb.edu.pl\/sjo\/wp-json\/wp\/v2\/pages\/10976","targetHints":{"allow":["GET"]}}],"collection":[{"href":"https:\/\/pb.edu.pl\/sjo\/wp-json\/wp\/v2\/pages"}],"about":[{"href":"https:\/\/pb.edu.pl\/sjo\/wp-json\/wp\/v2\/types\/page"}],"author":[{"embeddable":true,"href":"https:\/\/pb.edu.pl\/sjo\/wp-json\/wp\/v2\/users\/6"}],"replies":[{"embeddable":true,"href":"https:\/\/pb.edu.pl\/sjo\/wp-json\/wp\/v2\/comments?post=10976"}],"version-history":[{"count":0,"href":"https:\/\/pb.edu.pl\/sjo\/wp-json\/wp\/v2\/pages\/10976\/revisions"}],"up":[{"embeddable":true,"href":"https:\/\/pb.edu.pl\/sjo\/wp-json\/wp\/v2\/pages\/10945"}],"wp:attachment":[{"href":"https:\/\/pb.edu.pl\/sjo\/wp-json\/wp\/v2\/media?parent=10976"}],"curies":[{"name":"wp","href":"https:\/\/api.w.org\/{rel}","templated":true}]}}