{"id":5856,"date":"2023-07-10T11:13:27","date_gmt":"2023-07-10T09:13:27","guid":{"rendered":"https:\/\/pb.edu.pl\/siw\/?page_id=5856"},"modified":"2025-06-10T10:06:44","modified_gmt":"2025-06-10T08:06:44","slug":"akcydensy-stopka","status":"publish","type":"page","link":"https:\/\/pb.edu.pl\/siw\/ksiega-identyfikacji-wizualnej\/akcydensy\/akcydensy-stopka\/","title":{"rendered":"Akcydensy &#8211; stopka e-mail"},"content":{"rendered":"\n  <div class=\"style-guide\">\n              <div class=\"style-guide-images\" id=\"do-srodka\">\n        <div class=\"h3\">Stopka e-mail<\/div>\n    \n      <div class=\"style-guide-images-row columns-1\">\n              <div class=\"style-guide-image\">\n                                <div class=\"style-guide-image-img\">\n              <a href=\"https:\/\/pb.edu.pl\/siw\/wp-content\/uploads\/sites\/101\/2023\/06\/stopka-email-PB-zoom.webp\"><img loading=\"lazy\" decoding=\"async\" width=\"700\" height=\"407\" src=\"https:\/\/pb.edu.pl\/siw\/wp-content\/uploads\/sites\/101\/2023\/06\/stopka-email-PB.webp\" class=\"attachment-full size-full\" alt=\"stopka email PB\" srcset=\"https:\/\/pb.edu.pl\/siw\/wp-content\/uploads\/sites\/101\/2023\/06\/stopka-email-PB.webp 700w, https:\/\/pb.edu.pl\/siw\/wp-content\/uploads\/sites\/101\/2023\/06\/stopka-email-PB-300x174.webp 300w\" sizes=\"auto, (max-width: 700px) 100vw, 700px\" \/><\/a>\n            <\/div>\n                                <div class=\"style-guide-image-text\"><p>Przed instalacj\u0105 stopki upewnij si\u0119, \u017ce masz zainstalowane fonty.<br \/>\nJe\u015bli nie masz ich zainstalowanych stopka b\u0119dzie dzia\u0142a\u0107, ale jej wygl\u0105d mo\u017ce si\u0119 zmieni\u0107.<\/p>\n<p><a class=\"button\" style=\"margin-right: 20px\" href=\"https:\/\/pb.edu.pl\/siw\/wp-content\/uploads\/sites\/101\/2023\/06\/Typografia-wszystkie-fonty.zip\">Pobierz fonty<\/a><a class=\"button\" href=\"https:\/\/pb.edu.pl\/siw\/wp-content\/uploads\/sites\/101\/2023\/06\/jak-zainstalowac-czcionke.mp4\">Jak zainstalowa\u0107 fonty<\/a><\/p>\n<\/div>\n                  <\/div>\n          <\/div>\n    \n<\/div>\n              <div class=\"style-guide-images\" >\n        <div class=\"h3\">Jak zainstalowa\u0107 i edytowa\u0107 stopk\u0119 na uczelnianej poczcie w przegl\u0105darce<\/div>\n    \n      <div class=\"style-guide-images-row columns-1\">\n              <div class=\"style-guide-image\">\n                                          <div class=\"style-guide-image-text\"><div style=\"width: 670px;\" class=\"wp-video\"><video class=\"wp-video-shortcode\" id=\"video-5856-1\" width=\"670\" height=\"360\" preload=\"metadata\" controls=\"controls\"><source type=\"video\/mp4\" src=\"https:\/\/pb.edu.pl\/siw\/wp-content\/uploads\/sites\/101\/2023\/07\/Jak-ustawic-stopke-PB-w-przegladarce.mp4?_=1\" \/><a href=\"https:\/\/pb.edu.pl\/siw\/wp-content\/uploads\/sites\/101\/2023\/07\/Jak-ustawic-stopke-PB-w-przegladarce.mp4\">https:\/\/pb.edu.pl\/siw\/wp-content\/uploads\/sites\/101\/2023\/07\/Jak-ustawic-stopke-PB-w-przegladarce.mp4<\/a><\/video><\/div>\n<p>&nbsp;<\/p>\n<\/div>\n                  <\/div>\n              <div class=\"style-guide-image\">\n                                          <div class=\"style-guide-image-text\"><p><strong>Kod html\/css stopki do skopiowania<\/strong> (aby zaznaczy\u0107 ca\u0142o\u015b\u0107 kliknij 3 razy)<strong>:<\/strong><\/p>\n<div style=\"height: 300px;width: 670px;overflow: auto;padding: 10px\"><code style=\"width: 670px\">&lt;div&gt;&lt;table style=\"width: 500px !important; font-family: 'Hanken Grotesk', 'Calibri', sans-serif; font-weight: 500; color: #1a1a1a; font-size: 13px; line-height: 1.5;\"&gt;&lt;tbody&gt;&lt;tr&gt;&lt;td valign=\"top\" style=\"width: 80px; padding-top: 10px;\" rowspan=\"99\"&gt;&lt;img class=\"fr-draggable\" style=\"max-width: 100%; height: auto; width: auto;\" border=\"0\" alt=\"Sygnet PB\" src=\"https:\/\/pb.edu.pl\/siw\/wp-content\/uploads\/sites\/101\/2023\/07\/sygnet-PB-kolor-dodatkowy-na-przezroczystym-tle.png\" id=\"\"&gt;&lt;br&gt;&lt;\/td&gt;&lt;td&gt;&lt;div style=\"width: 420px; font-family: 'Saira Semi Condensed', 'Saira Condensed', 'Saira', 'Tahoma',sans-serif; font-size: 16px; color: #007c66; font-weight: 600; font-weight: 800; float: left;\"&gt;Janusz Nowak&lt;\/div&gt;&lt;div style=\"width: 420px; font-weight: 800; font-size: 13px; font-family: 'Hanken Grotesk', 'Calibri', sans-serif;\"&gt;dr. In\u017c.&amp;nbsp;&lt;span style=\"color: #676766; font-weight: 400; font-size: 12px;\"&gt;| PhD Eng.&lt;\/span&gt;&lt;\/div&gt;&lt;div style=\"width: 420px; font-weight: 800; font-size: 13px; font-family: 'Hanken Grotesk', 'Calibri', sans-serif;\"&gt;Adiunkt&amp;nbsp;&lt;span style=\"color: #676766; font-weight: 400; font-size: 12px;\"&gt;| Lecturer&lt;\/span&gt;&lt;\/div&gt;&lt;div style=\"width: 420px; font-weight: 500; font-size: 13px; font-family: 'Hanken Grotesk', 'Calibri', sans-serif;\"&gt;Katedra In\u017cynierii Rolno-Spo\u017cywczej&lt;br&gt;i Kszta\u0142towania \u015arodowiska&lt;\/div&gt;&lt;div style=\"width: 420px; font-weight: 400; font-size: 12px; font-family: 'Hanken Grotesk', 'Calibri', sans-serif; color: #676766;\"&gt;Department of Agri-Food Engineering and Environmental Management&lt;\/div&gt;&lt;div style=\"width: 420px; font-weight: 500; font-size: 13px; font-family: 'Hanken Grotesk', 'Calibri', sans-serif;\"&gt;Wydzia\u0142 Budownictwa i Nauk o \u015arodowisku&lt;\/div&gt;&lt;div style=\"width: 420px; font-weight: 500; font-size: 13px; font-family: 'Hanken Grotesk', 'Calibri', sans-serif;\"&gt;Politechnika Bia\u0142ostocka&lt;\/div&gt;&lt;div style=\"width: 420px; font-weight: 400; font-size: 12px; font-family: 'Hanken Grotesk', 'Calibri', sans-serif; color: #676766;\"&gt;Faculty of Civil Engineering and Environmental Sciences&lt;\/div&gt;&lt;div style=\"width: 420px; font-weight: 400; font-size: 12px; font-family: 'Hanken Grotesk', 'Calibri', sans-serif; color: #676766;\"&gt;Bialystok University of Technology&lt;\/div&gt;&lt;div style=\"width: 420px;\"&gt;&amp;nbsp;&lt;\/div&gt;&lt;div style=\"width: 420px; font-weight: 800; font-size: 13px; font-family: 'Hanken Grotesk', 'Calibri', sans-serif;\"&gt;&lt;span style=\"color: #676766; font-weight: 400;\"&gt;(+48)&lt;\/span&gt; 85&amp;nbsp;746 12 34&lt;\/div&gt;&lt;div style=\"width: 420px; font-weight: 800; font-size: 13px; font-family: 'Hanken Grotesk', 'Calibri', sans-serif;\"&gt;&lt;span style=\"color: #676766; font-weight: 400;\"&gt;(+48)&lt;\/span&gt; 500&amp;nbsp;123 456&lt;\/div&gt;&lt;div style=\"width: 420px; font-weight: 800; font-size: 13px; font-family: 'Hanken Grotesk', 'Calibri', sans-serif; text-decoration: none;\"&gt;&lt;a style=\"color: #1a1a1a !important;\"&gt;janusz.nowak@pb.edu.pl&lt;\/a&gt;&lt;\/div&gt;&lt;div style=\"width: 300px;\"&gt;&lt;hr style=\"color: #999999;\"&gt;&lt;\/div&gt;&lt;div style=\"width: 420px; font-weight: 800; font-size: 13px; font-family: 'Hanken Grotesk', 'Calibri', sans-serif; clear: both;\"&gt;pok. &lt;span style=\"color: #676766; font-weight: 400; font-size: 12px;\"&gt;| room&lt;\/span&gt; 07B &lt;span style=\"font-weight: 500;\"&gt;| Wiejska 45 A, 15-351 Bia\u0142ystok&lt;\/span&gt;&lt;\/div&gt;&lt;div style=\"width: 420px; font-weight: 400; font-size: 12px; font-family: 'Hanken Grotesk', 'Calibri', sans-serif; color: #676766;\"&gt;Wiejska 45 A Street, 15-351 Bia\u0142ystok, Poland&lt;\/div&gt;&lt;div style=\"width: 420px;\"&gt;&amp;nbsp;&lt;\/div&gt;&lt;div style=\"width: 420px; font-weight: 800; font-size: 13px; font-family: 'Hanken Grotesk', 'Calibri', sans-serif; color: #007c66;\"&gt;&lt;a style=\"text-decoration: none; color: #007c66;\" href=\"https:\/\/pb.edu.pl\/\"&gt;&lt;span style=\"font-size: 12px; color: #1a1a1a; font-weight: 400;\"&gt;www.&lt;\/span&gt;pb.edu.pl&lt;\/a&gt;&lt;\/div&gt;&lt;div style=\"width: 420px; font-weight: 800; font-size: 13px; font-family: 'Hanken Grotesk', 'Calibri', sans-serif; color: #007c66;\"&gt;&lt;a style=\"text-decoration: none; color: #007c66;\" href=\"https:\/\/pb.edu.pl\/uczelnia\/aktualnosci\/\"&gt;&lt;span style=\"font-size: 12px; color: #1a1a1a; font-weight: 400;\"&gt;www.&lt;\/span&gt;innylink.pb.edu.pl&lt;\/a&gt;&lt;\/div&gt;&lt;div style=\"width: 200px;\"&gt;&lt;hr style=\"color: #999999;\"&gt;&lt;\/div&gt;&lt;div style=\"width: 420px; clear: both;\"&gt;&lt;a style=\"margin-right: 15px;\" href=\"https:\/\/www.facebook.com\/politechnikabialostocka\/\"&gt;&lt;img class=\"fr-draggable\" height=\"24\" width=\"24\" alt=\"facebook PB\" src=\"https:\/\/pb.edu.pl\/siw\/wp-content\/uploads\/sites\/101\/2023\/07\/fb.png\"&gt;&lt;\/a&gt;&lt;a style=\"margin-right: 20px;\" href=\"https:\/\/www.instagram.com\/politechnika_bialostocka\/\"&gt;&lt;img class=\"fr-draggable\" height=\"24\" width=\"24\" alt=\"instagram PB\" src=\"https:\/\/pb.edu.pl\/siw\/wp-content\/uploads\/sites\/101\/2023\/07\/insta.png\"&gt;&lt;\/a&gt;&lt;a style=\"margin-right: 20px;\" href=\"https:\/\/www.youtube.com\/channel\/UComx9YaRB1AlVQ9tQkelQjw\"&gt;&lt;img class=\"fr-draggable\" height=\"24\" width=\"24\" alt=\"youtube PB\" src=\"https:\/\/pb.edu.pl\/siw\/wp-content\/uploads\/sites\/101\/2023\/07\/yt.png\"&gt;&lt;\/a&gt;&lt;a style=\"margin-right: 15px;\" href=\"https:\/\/www.linkedin.com\/school\/politechnika-bia%C5%82ostocka\/?challengeId=AQEiM0MkRPRTrAAAAX-esEuHs1XnWbzXA4HxbHvCm71TWnwas4xbsoD_NtStTm80WFnjQUAYrSy1Nf4G3BV50uW3fkaMMyg-dQ&amp;amp;submissionId=7a86797f-2593-dd16-2cd8-153c5b6b1123\"&gt;&lt;img class=\"fr-draggable\" height=\"24\" width=\"24\" alt=\"linkedin PB\" src=\"https:\/\/pb.edu.pl\/siw\/wp-content\/uploads\/sites\/101\/2023\/07\/linkedin.png\"&gt;&lt;\/a&gt;&lt;a href=\"https:\/\/www.tiktok.com\/@politechnika.bialostocka\"&gt;&lt;img class=\"fr-draggable\" height=\"24\" width=\"24\" alt=\"tiktok\" src=\"https:\/\/pb.edu.pl\/siw\/wp-content\/uploads\/sites\/101\/2023\/07\/tiktok.png\"&gt;&lt;\/a&gt;&lt;\/div&gt;&lt;\/td&gt;&lt;\/tr&gt;&lt;\/tbody&gt;&lt;\/table&gt;&lt;a href=\"https:\/\/kandydacipb.edu.pl\/\"&gt;&lt;img class=\"fr-draggable\" alt=\"baner Studiuj dla siebie PB 2023\" src=\"https:\/\/pb.edu.pl\/siw\/wp-content\/uploads\/sites\/101\/2023\/07\/baner-stopka-StudiujDlaSiebie-PB.jpg\" style=\"margin: 25px 0px 15px;\"&gt;&lt;\/a&gt;\u200b&lt;\/div&gt;&lt;div style=\"font-family: 'Hanken Grotesk', sans-serif; font-weight: 500; color: #1a1a1a; font-size: 12px;\"&gt;&lt;a style=\"color: #007c66; text-decoration: underline;\" rel=\"noreferrer noopener\" href=\"http:\/\/www.odo.pb.edu.pl\/\"&gt;Informacja Administratora o przetwarzaniu danych osobowych&lt;\/a&gt;&lt;br&gt;&lt;a style=\"color: #1a1a1a; text-decoration: underline;\" rel=\"noreferrer noopener\" href=\"https:\/\/pb.edu.pl\/en\/gdpr\/\"&gt;Administrator\u2019s information on the processing of personal data&lt;\/a&gt;&lt;\/div&gt;<\/code><\/div>\n<p>&nbsp;<\/p>\n<p><strong>Plik do pobrania:<\/strong><\/p>\n<p><a href=\"https:\/\/pb.edu.pl\/siw\/wp-content\/uploads\/sites\/101\/2025\/06\/Obrazy-do-stopki-PB-przegladarka-1.zip\">Pobierz obrazy do stopki w przegl\u0105darce<\/a> (zip)<\/p>\n<\/div>\n                  <\/div>\n          <\/div>\n    \n<\/div>\n              <div class=\"style-guide-images\" >\n        <div class=\"h3\">Jak zainstalowa\u0107 i edytowa\u0107 stopk\u0119 na uczelnianej poczcie w Microsoft Outlook<\/div>\n    \n      <div class=\"style-guide-images-row columns-1\">\n              <div class=\"style-guide-image\">\n                                          <div class=\"style-guide-image-text\"><div style=\"width: 670px;\" class=\"wp-video\"><video class=\"wp-video-shortcode\" id=\"video-5856-2\" width=\"670\" height=\"360\" preload=\"metadata\" controls=\"controls\"><source type=\"video\/mp4\" src=\"https:\/\/pb.edu.pl\/siw\/wp-content\/uploads\/sites\/101\/2023\/08\/jak-zainstalowac-i-edytowac-uczelniana-stopke-w-outlook.mp4?_=2\" \/><a href=\"https:\/\/pb.edu.pl\/siw\/wp-content\/uploads\/sites\/101\/2023\/08\/jak-zainstalowac-i-edytowac-uczelniana-stopke-w-outlook.mp4\">https:\/\/pb.edu.pl\/siw\/wp-content\/uploads\/sites\/101\/2023\/08\/jak-zainstalowac-i-edytowac-uczelniana-stopke-w-outlook.mp4<\/a><\/video><\/div>\n<p>&nbsp;<\/p>\n<p>&nbsp;<br \/>\n<strong>Plik do pobrania:<\/strong><\/p>\n<p><a href=\"https:\/\/pb.edu.pl\/siw\/wp-content\/uploads\/sites\/101\/2025\/06\/stopka-PB-do-Outlooka.docx\">Pobierz plik word do edycji<\/a><\/p>\n<\/div>\n                  <\/div>\n          <\/div>\n    \n<\/div>\n              <div class=\"style-guide-images\" >\n        <div class=\"h3\">Jak zainstalowa\u0107 i edytowa\u0107 stopk\u0119 na uczelnianej poczcie w Mozilla Thunderbird<\/div>\n    \n      <div class=\"style-guide-images-row columns-1\">\n              <div class=\"style-guide-image\">\n                                          <div class=\"style-guide-image-text\"><div style=\"width: 670px;\" class=\"wp-video\"><video class=\"wp-video-shortcode\" id=\"video-5856-3\" width=\"670\" height=\"360\" preload=\"metadata\" controls=\"controls\"><source type=\"video\/mp4\" src=\"https:\/\/pb.edu.pl\/siw\/wp-content\/uploads\/sites\/101\/2023\/08\/jak-zainstalowac-i-edytowac-uczelniana-stopke-w-thunderbird.mp4?_=3\" \/><a href=\"https:\/\/pb.edu.pl\/siw\/wp-content\/uploads\/sites\/101\/2023\/08\/jak-zainstalowac-i-edytowac-uczelniana-stopke-w-thunderbird.mp4\">https:\/\/pb.edu.pl\/siw\/wp-content\/uploads\/sites\/101\/2023\/08\/jak-zainstalowac-i-edytowac-uczelniana-stopke-w-thunderbird.mp4<\/a><\/video><\/div>\n<p>&nbsp;<\/p>\n<p>&nbsp;<br \/>\n<strong>Plik do pobrania:<\/strong><\/p>\n<p><a href=\"https:\/\/pb.edu.pl\/siw\/wp-content\/uploads\/sites\/101\/2025\/06\/stopka-PB-do-Thunderbirda.docx\">Pobierz plik word do edycji<\/a><\/p>\n<\/div>\n                  <\/div>\n          <\/div>\n    \n<\/div>\n    <\/div>\n  \n","protected":false},"excerpt":{"rendered":"","protected":false},"author":143,"featured_media":0,"parent":645,"menu_order":9,"comment_status":"closed","ping_status":"closed","template":"","meta":{"_acf_changed":false,"ngg_post_thumbnail":0,"footnotes":""},"class_list":["post-5856","page","type-page","status-publish","hentry"],"acf":[],"_links":{"self":[{"href":"https:\/\/pb.edu.pl\/siw\/wp-json\/wp\/v2\/pages\/5856","targetHints":{"allow":["GET"]}}],"collection":[{"href":"https:\/\/pb.edu.pl\/siw\/wp-json\/wp\/v2\/pages"}],"about":[{"href":"https:\/\/pb.edu.pl\/siw\/wp-json\/wp\/v2\/types\/page"}],"author":[{"embeddable":true,"href":"https:\/\/pb.edu.pl\/siw\/wp-json\/wp\/v2\/users\/143"}],"replies":[{"embeddable":true,"href":"https:\/\/pb.edu.pl\/siw\/wp-json\/wp\/v2\/comments?post=5856"}],"version-history":[{"count":0,"href":"https:\/\/pb.edu.pl\/siw\/wp-json\/wp\/v2\/pages\/5856\/revisions"}],"up":[{"embeddable":true,"href":"https:\/\/pb.edu.pl\/siw\/wp-json\/wp\/v2\/pages\/645"}],"wp:attachment":[{"href":"https:\/\/pb.edu.pl\/siw\/wp-json\/wp\/v2\/media?parent=5856"}],"curies":[{"name":"wp","href":"https:\/\/api.w.org\/{rel}","templated":true}]}}