{"id":394,"date":"2023-01-05T18:15:11","date_gmt":"2023-01-05T17:15:11","guid":{"rendered":"https:\/\/pb.edu.pl\/siw\/?page_id=394"},"modified":"2023-07-04T09:26:14","modified_gmt":"2023-07-04T07:26:14","slug":"historia-znaku","status":"publish","type":"page","link":"https:\/\/pb.edu.pl\/siw\/ksiega-identyfikacji-wizualnej\/historia-znaku\/","title":{"rendered":"Historia znaku"},"content":{"rendered":"\n  <div class=\"style-guide\">\n              <div class=\"style-guide-intro\" id=\"intro\">\n        <div class=\"columns\">\n              <div class=\"column\">\n                                <p><img loading=\"lazy\" decoding=\"async\" class=\"aligncenter wp-image-4009 size-full\" src=\"https:\/\/pb.edu.pl\/siw\/wp-content\/uploads\/sites\/101\/2023\/05\/Godlo-PB-1949r.webp\" alt=\"God\u0142o Wieczorowej Szko\u0142y In\u017cynierskiej - 1949 r.\" width=\"164\" height=\"165\" srcset=\"https:\/\/pb.edu.pl\/siw\/wp-content\/uploads\/sites\/101\/2023\/05\/Godlo-PB-1949r.webp 164w, https:\/\/pb.edu.pl\/siw\/wp-content\/uploads\/sites\/101\/2023\/05\/Godlo-PB-1949r-150x150.webp 150w\" sizes=\"auto, (max-width: 164px) 100vw, 164px\" \/><\/p>\n                  <\/div>\n              <div class=\"column\">\n                                <h2>1949<\/h2>\n<p>God\u0142o Wieczorowej Szko\u0142y In\u017cynierskiej<\/p>\n<p>W 1949 roku powo\u0142ano do \u017cycia Wieczorow\u0105 Szko\u0142\u0119 In\u017cyniersk\u0105 w Bia\u0142ymstoku. Jej God\u0142o stanowi\u0142 splot kielni, ko\u0142a z\u0119batego oraz b\u0142yskawicy. By\u0142y to symbole trzech wydzia\u0142\u00f3w: Budowlanego, Mechanicznego oraz Elektrycznego, kt\u00f3re jako pierwsze w historii Bia\u0142egostoku kszta\u0142ci\u0142y przysz\u0142ych in\u017cynier\u00f3w. God\u0142o WSI jest pierwszym, historycznym znakiem przysz\u0142ej Politechniki Bia\u0142ostockiej.<\/p>\n                  <\/div>\n        \n    <\/div>\n  <\/div>\n              <div class=\"style-guide-intro\" >\n        <div class=\"columns\">\n              <div class=\"column\">\n                                <h2>1964<\/h2>\n<p>God\u0142o Wy\u017cszej Szko\u0142y In\u017cynierskiej<\/p>\n<p>Po blisko pi\u0119tnastu latach dzia\u0142alno\u015bci Wieczorowa Szko\u0142a In\u017cynierska, zosta\u0142a przekszta\u0142cona w Wy\u017csz\u0105 Szko\u0142\u0119 In\u017cyniersk\u0105. Zmianie uleg\u0142o r\u00f3wnie\u017c God\u0142o naszej Uczelni. Nowy znak graficzny zbudowany by\u0142 z kaganka oliwnego, otwartej ksi\u0119gi i rozwartego cyrkla, kt\u00f3re symbolizowa\u0142y edukacj\u0119 i rzeteln\u0105 prac\u0119 umys\u0142ow\u0105 oraz m\u0142ota kamieniarskiego jako symbolu ci\u0119\u017ckiej pracy fizycznej. Nie zabrak\u0142o w nim herbu Bia\u0142egostoku podkre\u015blaj\u0105cego \u015bcis\u0142y zwi\u0105zek miasta z Uczelni\u0105.<\/p>\n                  <\/div>\n              <div class=\"column\">\n                                <p><img loading=\"lazy\" decoding=\"async\" class=\"aligncenter wp-image-4537 size-full\" src=\"https:\/\/pb.edu.pl\/siw\/wp-content\/uploads\/sites\/101\/2023\/05\/Godlo-PB-1964r.webp\" alt=\"God\u0142o Wy\u017cszej Szko\u0142y In\u017cynierskiej - 1964 r.\" width=\"137\" height=\"224\"><\/p>\n                  <\/div>\n        \n    <\/div>\n  <\/div>\n              <div class=\"style-guide-intro\" >\n        <div class=\"columns\">\n              <div class=\"column\">\n                                <p><img loading=\"lazy\" decoding=\"async\" class=\"aligncenter wp-image-4539 size-full\" src=\"https:\/\/pb.edu.pl\/siw\/wp-content\/uploads\/sites\/101\/2023\/05\/Godlo-PB-1979r.webp\" alt=\"God\u0142o Politechniki Bia\u0142ostockiej - 1965 r.\" width=\"133\" height=\"154\"><\/p>\n                  <\/div>\n              <div class=\"column\">\n                                <h2>1975<\/h2>\n<p>God\u0142o Politechniki Bia\u0142ostockiej<\/p>\n<p>Kolejna zmiana God\u0142a Uczelni nast\u0105pi\u0142a z chwil\u0105 nadania statusu akademickiego. Stylizowany na litery <strong>b<\/strong> i <strong>p<\/strong> orze\u0142 w kolorze czarnym zosta\u0142 po raz pierwszy przedstawiony na posiedzeniu Senatu 30.01.1975 roku. Autorem tego znaku graficznego jest artysta plastyk Karol \u015aliwka z warszawskiej Pracowni Sztuk Plastycznych. Przez ponad 40 lat by\u0142 to jedyny symbol graficzny reprezentuj\u0105cy mark\u0119 Politechniki Bia\u0142ostockiej.<\/p>\n                  <\/div>\n        \n    <\/div>\n  <\/div>\n              <div class=\"style-guide-images\" >\n        <div class=\"h3\">Projektant znaku<\/div>\n    \n      <div class=\"style-guide-images-row columns-2\">\n              <div class=\"style-guide-image\">\n                                          <div class=\"style-guide-image-text\"><h4><strong>Karol \u015aliwka<\/strong><\/h4>\n<p>Jeden z najbardziej cenionych polskich projektant\u00f3w i tw\u00f3rca ponad 400 znak\u00f3w.<br \/>\nDo najbardziej rozpoznawalnych nale\u017c\u0105:<br \/>\n&#8211; PKO Bank Polski<br \/>\n&#8211; Biblioteka Narodowa<br \/>\n&#8211; Wydawnictwa Szkolne i Pedagogiczne<\/p>\n<\/div>\n                  <\/div>\n              <div class=\"style-guide-image\">\n                                <div class=\"style-guide-image-img\">\n              <a href=\"https:\/\/pb.edu.pl\/siw\/wp-content\/uploads\/sites\/101\/2023\/05\/Karol-Sliwka-zoom.webp\"><img loading=\"lazy\" decoding=\"async\" width=\"384\" height=\"384\" src=\"https:\/\/pb.edu.pl\/siw\/wp-content\/uploads\/sites\/101\/2023\/05\/Karol-Sliwka.webp\" class=\"attachment-full size-full\" alt=\"Karol \u015aliwka\" srcset=\"https:\/\/pb.edu.pl\/siw\/wp-content\/uploads\/sites\/101\/2023\/05\/Karol-Sliwka.webp 384w, https:\/\/pb.edu.pl\/siw\/wp-content\/uploads\/sites\/101\/2023\/05\/Karol-Sliwka-300x300.webp 300w, https:\/\/pb.edu.pl\/siw\/wp-content\/uploads\/sites\/101\/2023\/05\/Karol-Sliwka-150x150.webp 150w\" sizes=\"auto, (max-width: 384px) 100vw, 384px\" \/><\/a>\n            <\/div>\n                            <\/div>\n          <\/div>\n    \n<\/div>\n              <div class=\"style-guide-images\" >\n          <div class=\"h4 \" style=\"--width:2;--columns:2\">Publikacja o Karolu \u015aliwce<\/div>\n  \n      <div class=\"style-guide-images-row columns-2\">\n              <div class=\"style-guide-image\">\n                                <div class=\"style-guide-image-img\">\n              <a href=\"https:\/\/pb.edu.pl\/siw\/wp-content\/uploads\/sites\/101\/2023\/05\/Karol-Sliwka-ksiazka-zoom.webp\"><img loading=\"lazy\" decoding=\"async\" width=\"215\" height=\"288\" src=\"https:\/\/pb.edu.pl\/siw\/wp-content\/uploads\/sites\/101\/2023\/05\/Karol-Sliwka-ksiazka.webp\" class=\"attachment-full size-full\" alt=\"Karol \u015aliwka - ksi\u0105\u017cka\" \/><\/a>\n            <\/div>\n                                <div class=\"style-guide-image-text\"><p><em>Karol \u015aliwka<\/em><br \/>\n<em>Praca zbiorowa<\/em><br \/>\nAgencja Wydawnicza AGAR, 2011<br \/>\nISBN 978-83-86567-71-3<\/p>\n<\/div>\n                  <\/div>\n              <div class=\"style-guide-image\">\n                      <p class=\"style-guide-image-title\"> <\/p>\n                                <div class=\"style-guide-image-img\">\n              <a href=\"https:\/\/pb.edu.pl\/siw\/wp-content\/uploads\/sites\/101\/2023\/05\/Karol-Sliwka-srodek-ksiazki-zoom.webp\"><img loading=\"lazy\" decoding=\"async\" width=\"428\" height=\"306\" src=\"https:\/\/pb.edu.pl\/siw\/wp-content\/uploads\/sites\/101\/2023\/05\/Karol-Sliwka-srodek-ksiazki.webp\" class=\"attachment-full size-full\" alt=\"Karol \u015aliwka - \u015brodek ksi\u0105\u017cki\" srcset=\"https:\/\/pb.edu.pl\/siw\/wp-content\/uploads\/sites\/101\/2023\/05\/Karol-Sliwka-srodek-ksiazki.webp 428w, https:\/\/pb.edu.pl\/siw\/wp-content\/uploads\/sites\/101\/2023\/05\/Karol-Sliwka-srodek-ksiazki-300x214.webp 300w\" sizes=\"auto, (max-width: 428px) 100vw, 428px\" \/><\/a>\n            <\/div>\n                            <\/div>\n          <\/div>\n    \n<\/div>\n              <div class=\"style-guide-images\" >\n      \n      <div class=\"style-guide-images-row columns-1\">\n              <div class=\"style-guide-image\">\n                      <p class=\"style-guide-image-title\">Dedykacja Karola \u015aliwki<\/p>\n                                <div class=\"style-guide-image-img\">\n              <a href=\"https:\/\/pb.edu.pl\/siw\/wp-content\/uploads\/sites\/101\/2023\/05\/Dedykacja-Karola-Sliwki-PB-zoom.webp\"><img loading=\"lazy\" decoding=\"async\" width=\"700\" height=\"327\" src=\"https:\/\/pb.edu.pl\/siw\/wp-content\/uploads\/sites\/101\/2023\/05\/Dedykacja-Karola-Sliwki-PB.webp\" class=\"attachment-full size-full\" alt=\"Dedykacja Karola \u015aliwki PB\" srcset=\"https:\/\/pb.edu.pl\/siw\/wp-content\/uploads\/sites\/101\/2023\/05\/Dedykacja-Karola-Sliwki-PB.webp 700w, https:\/\/pb.edu.pl\/siw\/wp-content\/uploads\/sites\/101\/2023\/05\/Dedykacja-Karola-Sliwki-PB-300x140.webp 300w\" sizes=\"auto, (max-width: 700px) 100vw, 700px\" \/><\/a>\n            <\/div>\n                            <\/div>\n              <div class=\"style-guide-image\">\n                      <p class=\"style-guide-image-title\">Inne projekty logo Karola \u015aliwki<\/p>\n                                <div class=\"style-guide-image-img\">\n              <a href=\"https:\/\/pb.edu.pl\/siw\/wp-content\/uploads\/sites\/101\/2023\/05\/Karol-Sliwka-srodek-ksiazki-2-zoom.webp\"><img loading=\"lazy\" decoding=\"async\" width=\"701\" height=\"387\" src=\"https:\/\/pb.edu.pl\/siw\/wp-content\/uploads\/sites\/101\/2023\/05\/Karol-Sliwka-srodek-ksiazki-2.webp\" class=\"attachment-full size-full\" alt=\"Karol \u015aliwka - \u015brodek ksi\u0105\u017cki 2\" srcset=\"https:\/\/pb.edu.pl\/siw\/wp-content\/uploads\/sites\/101\/2023\/05\/Karol-Sliwka-srodek-ksiazki-2.webp 701w, https:\/\/pb.edu.pl\/siw\/wp-content\/uploads\/sites\/101\/2023\/05\/Karol-Sliwka-srodek-ksiazki-2-300x166.webp 300w\" sizes=\"auto, (max-width: 701px) 100vw, 701px\" \/><\/a>\n            <\/div>\n                            <\/div>\n          <\/div>\n    \n<\/div>\n    <\/div>\n  \n","protected":false},"excerpt":{"rendered":"","protected":false},"author":2,"featured_media":0,"parent":609,"menu_order":1,"comment_status":"closed","ping_status":"closed","template":"","meta":{"_acf_changed":false,"ngg_post_thumbnail":0,"footnotes":""},"class_list":["post-394","page","type-page","status-publish","hentry"],"acf":[],"_links":{"self":[{"href":"https:\/\/pb.edu.pl\/siw\/wp-json\/wp\/v2\/pages\/394","targetHints":{"allow":["GET"]}}],"collection":[{"href":"https:\/\/pb.edu.pl\/siw\/wp-json\/wp\/v2\/pages"}],"about":[{"href":"https:\/\/pb.edu.pl\/siw\/wp-json\/wp\/v2\/types\/page"}],"author":[{"embeddable":true,"href":"https:\/\/pb.edu.pl\/siw\/wp-json\/wp\/v2\/users\/2"}],"replies":[{"embeddable":true,"href":"https:\/\/pb.edu.pl\/siw\/wp-json\/wp\/v2\/comments?post=394"}],"version-history":[{"count":0,"href":"https:\/\/pb.edu.pl\/siw\/wp-json\/wp\/v2\/pages\/394\/revisions"}],"up":[{"embeddable":true,"href":"https:\/\/pb.edu.pl\/siw\/wp-json\/wp\/v2\/pages\/609"}],"wp:attachment":[{"href":"https:\/\/pb.edu.pl\/siw\/wp-json\/wp\/v2\/media?parent=394"}],"curies":[{"name":"wp","href":"https:\/\/api.w.org\/{rel}","templated":true}]}}