{"id":5405,"date":"2026-03-23T22:28:47","date_gmt":"2026-03-23T21:28:47","guid":{"rendered":"https:\/\/pb.edu.pl\/signum\/?page_id=5405"},"modified":"2026-04-13T11:59:03","modified_gmt":"2026-04-13T09:59:03","slug":"laureaci-x-mum","status":"publish","type":"page","link":"https:\/\/pb.edu.pl\/signum\/konkurs\/memorial-urszuli-marciniak\/archiwum\/final\/laureaci-x-mum\/","title":{"rendered":"Laureaci X MUM"},"content":{"rendered":"<p><span style=\"color: #292929\"><span style=\"font-family: Arial, sans-serif\"><span style=\"font-size: large\"><b>Laureaci<\/b><\/span><\/span><\/span><\/p>\n<p><span style=\"color: #292929\"><span style=\"font-family: Arial, sans-serif\"><span style=\"font-size: medium\"><b>M\u0142odzicy<\/b><\/span><\/span><\/span><\/p>\n<p><span style=\"color: #292929\"><span style=\"font-family: Arial, sans-serif\"><span style=\"font-size: medium\">I m-ce:&nbsp;<\/span><\/span><\/span><span style=\"color: #292929\"><span style=\"font-family: Arial, sans-serif\"><span style=\"font-size: medium\">Piec Marcel (CUBUS Szko\u0142a Matematyki, Bia\u0142ystok)<br \/>\n<\/span><\/span><\/span><span style=\"color: #292929\"><span style=\"font-family: Arial, sans-serif\"><span style=\"font-size: medium\">I<\/span><\/span><\/span><span style=\"color: #292929\"><span style=\"font-family: Arial, sans-serif\"><span style=\"font-size: medium\">I m-ce: Sobolewski Marek (Prywatna Szko\u0142a Podstawowa nr 1, Bia\u0142ystok)<br \/>\n<\/span><\/span><\/span><span style=\"color: #292929\"><span style=\"font-family: Arial, sans-serif\"><span style=\"font-size: medium\">II<\/span><\/span><\/span><span style=\"color: #292929\"><span style=\"font-family: Arial, sans-serif\"><span style=\"font-size: medium\">I m-ce:&nbsp;\u0141o\u017any-Malinowski Jakub (Niepubliczna SP, Olsztyn)<\/span><\/span><\/span><\/p>\n<p><span style=\"color: #292929\"><span style=\"font-family: Arial, sans-serif\"><span style=\"font-size: medium\"><b>Juniorzy<\/b><\/span><\/span><\/span><\/p>\n<p><span style=\"color: #292929\"><span style=\"font-family: Arial, sans-serif\"><span style=\"font-size: medium\">I m-ce: Kiczkaj\u0142o Kamil (SP1, Wasilk\u00f3w)<br \/>\n<\/span><\/span><\/span><span style=\"color: #292929\"><span style=\"font-family: Arial, sans-serif\"><span style=\"font-size: medium\">I<\/span><\/span><\/span><span style=\"color: #292929\"><span style=\"font-family: Arial, sans-serif\"><span style=\"font-size: medium\">I m-ce: Janiszewski Sebastian (CUBUS Szko\u0142a Matematyki, Bia\u0142ystok)<br \/>\n<\/span><\/span><\/span><span style=\"color: #292929\"><span style=\"font-family: Arial, sans-serif\"><span style=\"font-size: medium\">II<\/span><\/span><\/span><span style=\"color: #292929\"><span style=\"font-family: Arial, sans-serif\"><span style=\"font-size: medium\">I m-ce: Trochimczyk Julia (SP1, Wasilk\u00f3w)<\/span><\/span><\/span><\/p>\n<p><span style=\"color: #292929\"><span style=\"font-family: Arial, sans-serif\"><span style=\"font-size: medium\"><b>Liceali\u015bci<\/b><\/span><\/span><\/span><\/p>\n<p><span style=\"color: #292929\"><span style=\"font-family: Arial, sans-serif\"><span style=\"font-size: medium\">I m-ce: Samojlik Aleksandra (CUBUS Szko\u0142a Matematyki, Bia\u0142ystok)<br \/>\n<\/span><\/span><\/span><span style=\"color: #292929\"><span style=\"font-family: Arial, sans-serif\"><span style=\"font-size: medium\">I<\/span><\/span><\/span><span style=\"color: #292929\"><span style=\"font-family: Arial, sans-serif\"><span style=\"font-size: medium\">I m-ce: Kuprjanowicz Fabian (ALO PB, Bia\u0142ystok)<br \/>\n<\/span><\/span><\/span><span style=\"color: #292929\"><span style=\"font-family: Arial, sans-serif\"><span style=\"font-size: medium\">II<\/span><\/span><\/span><span style=\"color: #292929\"><span style=\"font-family: Arial, sans-serif\"><span style=\"font-size: medium\">I m-ce:&nbsp;Dmitruk Wiktor (ALO PB, Bia\u0142ystok)<\/span><\/span><\/span><\/p>\n<p><span style=\"color: #292929\"><span style=\"font-family: Arial, sans-serif\"><span style=\"font-size: medium\"><b>Doro\u015bli<\/b><\/span><\/span><\/span><\/p>\n<p><span style=\"color: #292929\"><span style=\"font-family: Arial, sans-serif\"><span style=\"font-size: medium\">I m-ce: Szymborska Beata (nauczyciel, Gi\u017cycko)<br \/>\n<\/span><\/span><\/span><span style=\"color: #292929\"><span style=\"font-family: Arial, sans-serif\"><span style=\"font-size: medium\">I<\/span><\/span><\/span><span style=\"color: #292929\"><span style=\"font-family: Arial, sans-serif\"><span style=\"font-size: medium\">I m-ce: Dzieko\u0144ski Micha\u0142 (student, Bia\u0142ystok)<br \/>\n<\/span><\/span><\/span><span style=\"color: #292929\"><span style=\"font-family: Arial, sans-serif\"><span style=\"font-size: medium\">III m-ce:&nbsp;<\/span><\/span><\/span><span style=\"color: #292929\"><span style=\"font-family: Arial, sans-serif\"><span style=\"font-size: medium\">Gulan Justyna (analityk danych, Bia\u0142ystok)<\/span><\/span><\/span><\/p>\n<p><span style=\"color: #292929\"><span style=\"font-family: Arial, sans-serif\"><span style=\"font-size: large\"><b><br \/>\nPozostali Wielcy Finali\u015bci<\/b><\/span><\/span><\/span><\/p>\n<p><span style=\"color: #292929\"><span style=\"font-family: Arial, sans-serif\"><span style=\"font-size: medium\"><b>M\u0142odzicy<\/b><\/span><\/span><\/span><\/p>\n<p><span style=\"color: #292929\"><span style=\"font-family: Arial, sans-serif\"><span style=\"font-size: medium\">Bu\u0107ko Leon (SP1, Wasilk\u00f3w)<\/span><\/span><\/span><\/p>\n<p><span style=\"color: #292929\"><span style=\"font-family: Arial, sans-serif\"><span style=\"font-size: medium\">Hibl Wiktor (Szko\u0142a Podstawowa nr 1, Wasilk\u00f3w)<\/span><\/span><\/span><\/p>\n<p><span style=\"color: #292929\"><span style=\"font-family: Arial, sans-serif\"><span style=\"font-size: medium\">Kulesza Adam (Zesp\u00f3\u0142 Szk\u00f3\u0142 Katolickich im. MBM, Bia\u0142ystok)<\/span><\/span><\/span><\/p>\n<p><span style=\"color: #292929\"><span style=\"font-family: Arial, sans-serif\"><span style=\"font-size: medium\">Lory\u015b Wojciech (Szko\u0142a Podstawowa nr 1, Wasilk\u00f3w)<\/span><\/span><\/span><\/p>\n<p><span style=\"color: #292929\"><span style=\"font-family: Arial, sans-serif\"><span style=\"font-size: medium\">Pe\u0142kowski Kamil (Szko\u0142a Podstawowa nr 1, Wasilk\u00f3w)<\/span><\/span><\/span><\/p>\n<p><span style=\"color: #292929\"><span style=\"font-family: Arial, sans-serif\"><span style=\"font-size: medium\">Perkowska Danuta (SP ZSM\u015aR, Bia\u0142ystok)<\/span><\/span><\/span><\/p>\n<p><span style=\"color: #292929\"><span style=\"font-family: Arial, sans-serif\"><span style=\"font-size: medium\"><b>Juniorzy<\/b><\/span><\/span><\/span><\/p>\n<p><span style=\"color: #292929\"><span style=\"font-family: Arial, sans-serif\"><span style=\"font-size: medium\">Sadowski Stanis\u0142aw (Zesp\u00f3\u0142 Szk\u00f3\u0142 Katolickich im. MBM, Bia\u0142ystok)<\/span><\/span><\/span><\/p>\n<p><span style=\"color: #292929\"><span style=\"font-family: Arial, sans-serif\"><span style=\"font-size: medium\">Kury\u015b Kornel (Zesp\u00f3\u0142 Szk\u00f3\u0142 Katolickich im. MBM, Bia\u0142ystok)<\/span><\/span><\/span><\/p>\n<p><span style=\"color: #292929\"><span style=\"font-family: Arial, sans-serif\"><span style=\"font-size: medium\">Kiczkaj\u0142o Karolina (SP1, Wasilk\u00f3w)<\/span><\/span><\/span><\/p>\n<p><span style=\"color: #292929\"><span style=\"font-family: Arial, sans-serif\"><span style=\"font-size: medium\">Motyczko Ewa (CUBUS Szko\u0142a Matematyki, Bia\u0142ystok)<\/span><\/span><\/span><\/p>\n<p><span style=\"color: #292929\"><span style=\"font-family: Arial, sans-serif\"><span style=\"font-size: medium\">Pe\u0142kowska Oliwia (SP1, Wasilk\u00f3w)<\/span><\/span><\/span><\/p>\n<p><span style=\"color: #292929\"><span style=\"font-family: Arial, sans-serif\"><span style=\"font-size: medium\">G\u00f3rczy\u0144ski Micha\u0142 (Zesp\u00f3\u0142 Szk\u00f3\u0142 Katolickich im. MBM, Bia\u0142ystok)<\/span><\/span><\/span><\/p>\n<p><span style=\"color: #292929\"><span style=\"font-family: Arial, sans-serif\"><span style=\"font-size: medium\">Re\u0107ko Marlena (Prywatna Szko\u0142a Podstawowa nr 1, Bia\u0142ystok)<\/span><\/span><\/span><\/p>\n<p><span style=\"color: #292929\"><span style=\"font-family: Arial, sans-serif\"><span style=\"font-size: medium\">Wi\u015bniewska Hanna (Prywatna Szko\u0142a Podstawowa nr 1, Bia\u0142ystok)<\/span><\/span><\/span><\/p>\n<p><span style=\"color: #292929\"><span style=\"font-family: Arial, sans-serif\"><span style=\"font-size: medium\"><b>Liceali\u015bci<\/b><\/span><\/span><\/span><\/p>\n<p><span style=\"color: #292929\"><span style=\"font-family: Arial, sans-serif\"><span style=\"font-size: medium\">Dmitruk Wiktor (ALO PB, Bia\u0142ystok)<\/span><\/span><\/span><\/p>\n<p><span style=\"color: #292929\"><span style=\"font-family: Arial, sans-serif\"><span style=\"font-size: medium\">Gacuta Barosz (Zesp\u00f3\u0142 Szk\u00f3\u0142 Elektrycznych, Bia\u0142ystok)<\/span><\/span><\/span><\/p>\n<p><span style=\"color: #292929\"><span style=\"font-family: Arial, sans-serif\"><span style=\"font-size: medium\">Senderacka Hanna (CUBUS Szko\u0142a Matematyki, Bia\u0142ystok)<\/span><\/span><\/span><\/p>\n<p><span style=\"color: #292929\"><span style=\"font-family: Arial, sans-serif\"><span style=\"font-size: medium\">Tokarzewski Mateusz (Zesp\u00f3\u0142 Szk\u00f3\u0142 Elektrycznych, Bia\u0142ystok)<\/span><\/span><\/span><\/p>\n<p><span style=\"color: #292929\"><span style=\"font-family: Arial, sans-serif\"><span style=\"font-size: medium\">Woroniecki Mateusz (Zesp\u00f3\u0142 Szk\u00f3\u0142 Katolickich im. MBM, Bia\u0142ystok)<\/span><\/span><\/span><\/p>\n<p><span style=\"color: #292929\"><span style=\"font-family: Arial, sans-serif\"><span style=\"font-size: medium\">Zmudzi\u0144ska Emilia (II LO, Gi\u017cycko)<\/span><\/span><\/span><\/p>\n<p><span style=\"color: #292929\"><span style=\"font-family: Arial, sans-serif\"><span style=\"font-size: medium\">\u017babicka Zofia (CUBUS Szko\u0142a Matematyki, Bia\u0142ystok)<\/span><\/span><\/span><\/p>\n<p><span style=\"color: #292929\"><span style=\"font-family: Arial, sans-serif\"><span style=\"font-size: medium\"><b>Doro\u015bli<\/b><\/span><\/span><\/span><\/p>\n<p><span style=\"color: #292929\"><span style=\"font-family: Arial, sans-serif\"><span style=\"font-size: medium\">\u0141adna Ewa (nauczyciel, Gi\u017cycko)<\/span><\/span><\/span><\/p>\n<p><span style=\"color: #292929\"><span style=\"font-family: Arial, sans-serif\"><span style=\"font-size: medium\">Maksimowicz Justyna (Specjalista ds. eCommerce, Bia\u0142ystok)<\/span><\/span><\/span><\/p>\n<p><span style=\"color: #292929\"><span style=\"font-family: Arial, sans-serif\"><span style=\"font-size: medium\">Ma\u0142ek Dorota (nauczyciel, Gi\u017cycko)<\/span><\/span><\/span><\/p>\n<p><span style=\"color: #292929\"><span style=\"font-family: Arial, sans-serif\"><span style=\"font-size: medium\">Paszkiewicz Natalia (urz\u0119dnik, Gi\u017cycko)<\/span><\/span><\/span><\/p>\n<p><span style=\"color: #292929\"><span style=\"font-family: Arial, sans-serif\"><span style=\"font-size: medium\">Szypulska Ma\u0142gorzata (nauczyciel, Bia\u0142ystok)<\/span><\/span><\/span><\/p>\n","protected":false},"excerpt":{"rendered":"<p>Laureaci M\u0142odzicy I m-ce:&nbsp;Piec Marcel (CUBUS Szko\u0142a Matematyki, Bia\u0142ystok) II m-ce: Sobolewski Marek (Prywatna Szko\u0142a<\/p>\n","protected":false},"author":171,"featured_media":0,"parent":2882,"menu_order":0,"comment_status":"closed","ping_status":"closed","template":"","meta":{"_acf_changed":false,"ngg_post_thumbnail":0,"footnotes":""},"class_list":["post-5405","page","type-page","status-publish","hentry"],"acf":[],"_links":{"self":[{"href":"https:\/\/pb.edu.pl\/signum\/wp-json\/wp\/v2\/pages\/5405","targetHints":{"allow":["GET"]}}],"collection":[{"href":"https:\/\/pb.edu.pl\/signum\/wp-json\/wp\/v2\/pages"}],"about":[{"href":"https:\/\/pb.edu.pl\/signum\/wp-json\/wp\/v2\/types\/page"}],"author":[{"embeddable":true,"href":"https:\/\/pb.edu.pl\/signum\/wp-json\/wp\/v2\/users\/171"}],"replies":[{"embeddable":true,"href":"https:\/\/pb.edu.pl\/signum\/wp-json\/wp\/v2\/comments?post=5405"}],"version-history":[{"count":2,"href":"https:\/\/pb.edu.pl\/signum\/wp-json\/wp\/v2\/pages\/5405\/revisions"}],"predecessor-version":[{"id":5424,"href":"https:\/\/pb.edu.pl\/signum\/wp-json\/wp\/v2\/pages\/5405\/revisions\/5424"}],"up":[{"embeddable":true,"href":"https:\/\/pb.edu.pl\/signum\/wp-json\/wp\/v2\/pages\/2882"}],"wp:attachment":[{"href":"https:\/\/pb.edu.pl\/signum\/wp-json\/wp\/v2\/media?parent=5405"}],"curies":[{"name":"wp","href":"https:\/\/api.w.org\/{rel}","templated":true}]}}

<p><span style="color: #292929"><span style="font-family: Arial, sans-serif"><span style="font-size: large"><b>Laureaci</b></span></span></span></p>
<p><span style="color: #292929"><span style="font-family: Arial, sans-serif"><span style="font-size: medium"><b>Młodzicy</b></span></span></span></p>
<p><span style="color: #292929"><span style="font-family: Arial, sans-serif"><span style="font-size: medium">I m-ce:&nbsp;</span></span></span><span style="color: #292929"><span style="font-family: Arial, sans-serif"><span style="font-size: medium">Piec Marcel (CUBUS Szkoła Matematyki, Białystok)<br />
</span></span></span><span style="color: #292929"><span style="font-family: Arial, sans-serif"><span style="font-size: medium">I</span></span></span><span style="color: #292929"><span style="font-family: Arial, sans-serif"><span style="font-size: medium">I m-ce: Sobolewski Marek (Prywatna Szkoła Podstawowa nr 1, Białystok)<br />
</span></span></span><span style="color: #292929"><span style="font-family: Arial, sans-serif"><span style="font-size: medium">II</span></span></span><span style="color: #292929"><span style="font-family: Arial, sans-serif"><span style="font-size: medium">I m-ce:&nbsp;Łoźny-Malinowski Jakub (Niepubliczna SP, Olsztyn)</span></span></span></p>
<p><span style="color: #292929"><span style="font-family: Arial, sans-serif"><span style="font-size: medium"><b>Juniorzy</b></span></span></span></p>
<p><span style="color: #292929"><span style="font-family: Arial, sans-serif"><span style="font-size: medium">I m-ce: Kiczkajło Kamil (SP1, Wasilków)<br />
</span></span></span><span style="color: #292929"><span style="font-family: Arial, sans-serif"><span style="font-size: medium">I</span></span></span><span style="color: #292929"><span style="font-family: Arial, sans-serif"><span style="font-size: medium">I m-ce: Janiszewski Sebastian (CUBUS Szkoła Matematyki, Białystok)<br />
</span></span></span><span style="color: #292929"><span style="font-family: Arial, sans-serif"><span style="font-size: medium">II</span></span></span><span style="color: #292929"><span style="font-family: Arial, sans-serif"><span style="font-size: medium">I m-ce: Trochimczyk Julia (SP1, Wasilków)</span></span></span></p>
<p><span style="color: #292929"><span style="font-family: Arial, sans-serif"><span style="font-size: medium"><b>Licealiści</b></span></span></span></p>
<p><span style="color: #292929"><span style="font-family: Arial, sans-serif"><span style="font-size: medium">I m-ce: Samojlik Aleksandra (CUBUS Szkoła Matematyki, Białystok)<br />
</span></span></span><span style="color: #292929"><span style="font-family: Arial, sans-serif"><span style="font-size: medium">I</span></span></span><span style="color: #292929"><span style="font-family: Arial, sans-serif"><span style="font-size: medium">I m-ce: Kuprjanowicz Fabian (ALO PB, Białystok)<br />
</span></span></span><span style="color: #292929"><span style="font-family: Arial, sans-serif"><span style="font-size: medium">II</span></span></span><span style="color: #292929"><span style="font-family: Arial, sans-serif"><span style="font-size: medium">I m-ce:&nbsp;Dmitruk Wiktor (ALO PB, Białystok)</span></span></span></p>
<p><span style="color: #292929"><span style="font-family: Arial, sans-serif"><span style="font-size: medium"><b>Dorośli</b></span></span></span></p>
<p><span style="color: #292929"><span style="font-family: Arial, sans-serif"><span style="font-size: medium">I m-ce: Szymborska Beata (nauczyciel, Giżycko)<br />
</span></span></span><span style="color: #292929"><span style="font-family: Arial, sans-serif"><span style="font-size: medium">I</span></span></span><span style="color: #292929"><span style="font-family: Arial, sans-serif"><span style="font-size: medium">I m-ce: Dziekoński Michał (student, Białystok)<br />
</span></span></span><span style="color: #292929"><span style="font-family: Arial, sans-serif"><span style="font-size: medium">III m-ce:&nbsp;</span></span></span><span style="color: #292929"><span style="font-family: Arial, sans-serif"><span style="font-size: medium">Gulan Justyna (analityk danych, Białystok)</span></span></span></p>
<p><span style="color: #292929"><span style="font-family: Arial, sans-serif"><span style="font-size: large"><b><br />
Pozostali Wielcy Finaliści</b></span></span></span></p>
<p><span style="color: #292929"><span style="font-family: Arial, sans-serif"><span style="font-size: medium"><b>Młodzicy</b></span></span></span></p>
<p><span style="color: #292929"><span style="font-family: Arial, sans-serif"><span style="font-size: medium">Bućko Leon (SP1, Wasilków)</span></span></span></p>
<p><span style="color: #292929"><span style="font-family: Arial, sans-serif"><span style="font-size: medium">Hibl Wiktor (Szkoła Podstawowa nr 1, Wasilków)</span></span></span></p>
<p><span style="color: #292929"><span style="font-family: Arial, sans-serif"><span style="font-size: medium">Kulesza Adam (Zespół Szkół Katolickich im. MBM, Białystok)</span></span></span></p>
<p><span style="color: #292929"><span style="font-family: Arial, sans-serif"><span style="font-size: medium">Loryś Wojciech (Szkoła Podstawowa nr 1, Wasilków)</span></span></span></p>
<p><span style="color: #292929"><span style="font-family: Arial, sans-serif"><span style="font-size: medium">Pełkowski Kamil (Szkoła Podstawowa nr 1, Wasilków)</span></span></span></p>
<p><span style="color: #292929"><span style="font-family: Arial, sans-serif"><span style="font-size: medium">Perkowska Danuta (SP ZSMŚR, Białystok)</span></span></span></p>
<p><span style="color: #292929"><span style="font-family: Arial, sans-serif"><span style="font-size: medium"><b>Juniorzy</b></span></span></span></p>
<p><span style="color: #292929"><span style="font-family: Arial, sans-serif"><span style="font-size: medium">Sadowski Stanisław (Zespół Szkół Katolickich im. MBM, Białystok)</span></span></span></p>
<p><span style="color: #292929"><span style="font-family: Arial, sans-serif"><span style="font-size: medium">Kuryś Kornel (Zespół Szkół Katolickich im. MBM, Białystok)</span></span></span></p>
<p><span style="color: #292929"><span style="font-family: Arial, sans-serif"><span style="font-size: medium">Kiczkajło Karolina (SP1, Wasilków)</span></span></span></p>
<p><span style="color: #292929"><span style="font-family: Arial, sans-serif"><span style="font-size: medium">Motyczko Ewa (CUBUS Szkoła Matematyki, Białystok)</span></span></span></p>
<p><span style="color: #292929"><span style="font-family: Arial, sans-serif"><span style="font-size: medium">Pełkowska Oliwia (SP1, Wasilków)</span></span></span></p>
<p><span style="color: #292929"><span style="font-family: Arial, sans-serif"><span style="font-size: medium">Górczyński Michał (Zespół Szkół Katolickich im. MBM, Białystok)</span></span></span></p>
<p><span style="color: #292929"><span style="font-family: Arial, sans-serif"><span style="font-size: medium">Rećko Marlena (Prywatna Szkoła Podstawowa nr 1, Białystok)</span></span></span></p>
<p><span style="color: #292929"><span style="font-family: Arial, sans-serif"><span style="font-size: medium">Wiśniewska Hanna (Prywatna Szkoła Podstawowa nr 1, Białystok)</span></span></span></p>
<p><span style="color: #292929"><span style="font-family: Arial, sans-serif"><span style="font-size: medium"><b>Licealiści</b></span></span></span></p>
<p><span style="color: #292929"><span style="font-family: Arial, sans-serif"><span style="font-size: medium">Dmitruk Wiktor (ALO PB, Białystok)</span></span></span></p>
<p><span style="color: #292929"><span style="font-family: Arial, sans-serif"><span style="font-size: medium">Gacuta Barosz (Zespół Szkół Elektrycznych, Białystok)</span></span></span></p>
<p><span style="color: #292929"><span style="font-family: Arial, sans-serif"><span style="font-size: medium">Senderacka Hanna (CUBUS Szkoła Matematyki, Białystok)</span></span></span></p>
<p><span style="color: #292929"><span style="font-family: Arial, sans-serif"><span style="font-size: medium">Tokarzewski Mateusz (Zespół Szkół Elektrycznych, Białystok)</span></span></span></p>
<p><span style="color: #292929"><span style="font-family: Arial, sans-serif"><span style="font-size: medium">Woroniecki Mateusz (Zespół Szkół Katolickich im. MBM, Białystok)</span></span></span></p>
<p><span style="color: #292929"><span style="font-family: Arial, sans-serif"><span style="font-size: medium">Zmudzińska Emilia (II LO, Giżycko)</span></span></span></p>
<p><span style="color: #292929"><span style="font-family: Arial, sans-serif"><span style="font-size: medium">Żabicka Zofia (CUBUS Szkoła Matematyki, Białystok)</span></span></span></p>
<p><span style="color: #292929"><span style="font-family: Arial, sans-serif"><span style="font-size: medium"><b>Dorośli</b></span></span></span></p>
<p><span style="color: #292929"><span style="font-family: Arial, sans-serif"><span style="font-size: medium">Ładna Ewa (nauczyciel, Giżycko)</span></span></span></p>
<p><span style="color: #292929"><span style="font-family: Arial, sans-serif"><span style="font-size: medium">Maksimowicz Justyna (Specjalista ds. eCommerce, Białystok)</span></span></span></p>
<p><span style="color: #292929"><span style="font-family: Arial, sans-serif"><span style="font-size: medium">Małek Dorota (nauczyciel, Giżycko)</span></span></span></p>
<p><span style="color: #292929"><span style="font-family: Arial, sans-serif"><span style="font-size: medium">Paszkiewicz Natalia (urzędnik, Giżycko)</span></span></span></p>
<p><span style="color: #292929"><span style="font-family: Arial, sans-serif"><span style="font-size: medium">Szypulska Małgorzata (nauczyciel, Białystok)</span></span></span></p>

<p>Laureaci Młodzicy I m-ce:&nbsp;Piec Marcel (CUBUS Szkoła Matematyki, Białystok) II m-ce: Sobolewski Marek (Prywatna Szkoła</p>
