{"id":4963,"date":"2024-11-28T12:45:29","date_gmt":"2024-11-28T11:45:29","guid":{"rendered":"https:\/\/pb.edu.pl\/signum\/?page_id=4963"},"modified":"2025-12-11T22:08:08","modified_gmt":"2025-12-11T21:08:08","slug":"organizatorzy","status":"publish","type":"page","link":"https:\/\/pb.edu.pl\/signum\/konkurs\/memorial-urszuli-marciniak\/organizatorzy\/","title":{"rendered":"Organizatorzy"},"content":{"rendered":"<p>Organizatorem g\u0142\u00f3wnym Memoria\u0142u jest&nbsp;<strong>Fundacja Matematyk\u00f3w Wroc\u0142awskich<\/strong>, wsp\u00f3\u0142pracuj\u0105ca z&nbsp;<strong>Wydawnictwem Logi<\/strong>.<\/p>\n<ul>\n<li><strong>Memoria\u0142 Urszuli Marciniak<\/strong>&nbsp;na stronie&nbsp;<a href=\"http:\/\/fmw.math.uni.wroc.pl\/dla-uczni%C3%B3w\/memoria%C5%82-urszuli-marciniak\/memoria%C5%82-urszuli-marciniak\">Fundacji Matematyk\u00f3w Wroc\u0142awskich<\/a><\/li>\n<li>Strona&nbsp;<a href=\"https:\/\/lamiglowki.net\/\">Wydawnictwa Logi<\/a><\/li>\n<\/ul>\n<p>Organizatorem podlaskich zawod\u00f3w jest&nbsp;<strong>Centrum Popularyzacji Matematyki <em>SIGNUM<\/em> <\/strong>dzia\u0142aj\u0105ce przy Wydziale Informatyki Politechniki Bia\u0142ostockiej w&nbsp;Bia\u0142ymstoku.<\/p>\n<p>X edycja MUM w roku 2026 b\u0119dzie rozgrywana r\u00f3wnolegle w <a href=\"https:\/\/fmw.math.uni.wroc.pl\/dla-uczni%C3%B3w-memoria%C5%82-urszuli-marciniak\/2025\/ix-mum-2025\">kilku o\u015brodkach<\/a>.<\/p>\n","protected":false},"excerpt":{"rendered":"<p>Organizatorem g\u0142\u00f3wnym Memoria\u0142u jest&nbsp;Fundacja Matematyk\u00f3w Wroc\u0142awskich, wsp\u00f3\u0142pracuj\u0105ca z&nbsp;Wydawnictwem Logi. Memoria\u0142 Urszuli Marciniak&nbsp;na stronie&nbsp;Fundacji Matematyk\u00f3w Wroc\u0142awskich<\/p>\n","protected":false},"author":171,"featured_media":0,"parent":2571,"menu_order":0,"comment_status":"closed","ping_status":"closed","template":"","meta":{"_acf_changed":false,"ngg_post_thumbnail":0,"footnotes":""},"class_list":["post-4963","page","type-page","status-publish","hentry"],"acf":[],"_links":{"self":[{"href":"https:\/\/pb.edu.pl\/signum\/wp-json\/wp\/v2\/pages\/4963","targetHints":{"allow":["GET"]}}],"collection":[{"href":"https:\/\/pb.edu.pl\/signum\/wp-json\/wp\/v2\/pages"}],"about":[{"href":"https:\/\/pb.edu.pl\/signum\/wp-json\/wp\/v2\/types\/page"}],"author":[{"embeddable":true,"href":"https:\/\/pb.edu.pl\/signum\/wp-json\/wp\/v2\/users\/171"}],"replies":[{"embeddable":true,"href":"https:\/\/pb.edu.pl\/signum\/wp-json\/wp\/v2\/comments?post=4963"}],"version-history":[{"count":0,"href":"https:\/\/pb.edu.pl\/signum\/wp-json\/wp\/v2\/pages\/4963\/revisions"}],"up":[{"embeddable":true,"href":"https:\/\/pb.edu.pl\/signum\/wp-json\/wp\/v2\/pages\/2571"}],"wp:attachment":[{"href":"https:\/\/pb.edu.pl\/signum\/wp-json\/wp\/v2\/media?parent=4963"}],"curies":[{"name":"wp","href":"https:\/\/api.w.org\/{rel}","templated":true}]}}