{"id":4548,"date":"2024-06-14T14:48:04","date_gmt":"2024-06-14T12:48:04","guid":{"rendered":"https:\/\/pb.edu.pl\/signum\/?page_id=4548"},"modified":"2024-06-14T14:48:04","modified_gmt":"2024-06-14T12:48:04","slug":"wyniki","status":"publish","type":"page","link":"https:\/\/pb.edu.pl\/signum\/konkurs\/matematyka-stosowana\/archiwum\/matematyka-stosowana-vii-edycja\/wyniki\/","title":{"rendered":"Wyniki"},"content":{"rendered":"<div>\n<div><a href=\"https:\/\/pb.edu.pl\/signum\/wp-content\/uploads\/sites\/128\/2024\/06\/Wyniki_I_etapu_Konkursu_Matematyka_Stosowana_2021_22.pdf\">Wyniki I etapu Konkursu \u201eMatematyka Stosowana\u201d<\/a><\/div>\n<div>&nbsp;<\/div>\n<div><a href=\"https:\/\/pb.edu.pl\/signum\/wp-content\/uploads\/sites\/128\/2024\/06\/Druzyny_zakwalifikowane_do-etapu_II-konkursu_Matematyka_stosowana_2021_22.pdf\">Dru\u017cyny zakwalifikowane do II etapu Konkursu \u201eMatematyka Stosowana\u201d<\/a><\/div>\n<div>&nbsp;<\/div>\n<div><a href=\"https:\/\/pb.edu.pl\/signum\/wp-content\/uploads\/sites\/128\/2024\/06\/Matematyka_stosowana_protokol_zbiorczy_2022.pdf\">Protok\u00f3\u0142 \u0142\u0105czny z II etapu Konkursu \u201eMatematyka Stosowana\u201d<\/a><\/div>\n<div>&nbsp;<\/div>\n<div><a href=\"https:\/\/pb.edu.pl\/signum\/wp-content\/uploads\/sites\/128\/2024\/06\/Protokol_VII-_edycji_Konkursu_Matematyka_stosowana.pdf\">Protok\u00f3\u0142 VII edycji Konkursu \u201eMatematyka stosowana\u201d<\/a><\/div>\n<\/div>\n","protected":false},"excerpt":{"rendered":"<p>Wyniki I etapu Konkursu \u201eMatematyka Stosowana\u201d &nbsp; Dru\u017cyny zakwalifikowane do II etapu Konkursu \u201eMatematyka Stosowana\u201d<\/p>\n","protected":false},"author":171,"featured_media":0,"parent":4513,"menu_order":0,"comment_status":"closed","ping_status":"closed","template":"","meta":{"_acf_changed":false,"ngg_post_thumbnail":0,"footnotes":""},"class_list":["post-4548","page","type-page","status-publish","hentry"],"acf":[],"_links":{"self":[{"href":"https:\/\/pb.edu.pl\/signum\/wp-json\/wp\/v2\/pages\/4548","targetHints":{"allow":["GET"]}}],"collection":[{"href":"https:\/\/pb.edu.pl\/signum\/wp-json\/wp\/v2\/pages"}],"about":[{"href":"https:\/\/pb.edu.pl\/signum\/wp-json\/wp\/v2\/types\/page"}],"author":[{"embeddable":true,"href":"https:\/\/pb.edu.pl\/signum\/wp-json\/wp\/v2\/users\/171"}],"replies":[{"embeddable":true,"href":"https:\/\/pb.edu.pl\/signum\/wp-json\/wp\/v2\/comments?post=4548"}],"version-history":[{"count":0,"href":"https:\/\/pb.edu.pl\/signum\/wp-json\/wp\/v2\/pages\/4548\/revisions"}],"up":[{"embeddable":true,"href":"https:\/\/pb.edu.pl\/signum\/wp-json\/wp\/v2\/pages\/4513"}],"wp:attachment":[{"href":"https:\/\/pb.edu.pl\/signum\/wp-json\/wp\/v2\/media?parent=4548"}],"curies":[{"name":"wp","href":"https:\/\/api.w.org\/{rel}","templated":true}]}}