{"id":4503,"date":"2024-06-14T11:54:19","date_gmt":"2024-06-14T09:54:19","guid":{"rendered":"https:\/\/pb.edu.pl\/signum\/?page_id=4503"},"modified":"2024-06-14T11:54:19","modified_gmt":"2024-06-14T09:54:19","slug":"komisja","status":"publish","type":"page","link":"https:\/\/pb.edu.pl\/signum\/konkurs\/matematyka-stosowana\/archiwum\/matematyka-stosowana-vi-edycja\/komisja\/","title":{"rendered":"Komisja"},"content":{"rendered":"<p align=\"JUSTIFY\"><strong>Wydzia\u0142 Architektury<\/strong><\/p>\n<p align=\"JUSTIFY\">dr Pawe\u0142 Dudko<\/p>\n<p align=\"JUSTIFY\">mgr in\u017c. arch. Bartosz \u015aliwecki<\/p>\n<p align=\"JUSTIFY\"><strong>Wydzia\u0142 Budownictwa i Nauk o \u015arodowisku<\/strong><\/p>\n<p align=\"JUSTIFY\">dr in\u017c. Waldemar \u0141upi\u0144ski<\/p>\n<p align=\"JUSTIFY\">mgr in\u017c. Pawe\u0142 Kruk<\/p>\n<p align=\"JUSTIFY\"><strong>Wydzia\u0142 Elektryczny<\/strong><\/p>\n<p align=\"JUSTIFY\">dr in\u017c. S\u0142awomir Kwie\u0107kowski<\/p>\n<p align=\"JUSTIFY\"><strong>Wydzia\u0142 Informatyki<\/strong><\/p>\n<p align=\"JUSTIFY\">dr hab. Czes\u0142aw Bagi\u0144ski, prof. PB<\/p>\n<p align=\"JUSTIFY\">prof. dr hab. in\u017c. Zbigniew Bartosiewicz<\/p>\n<p align=\"JUSTIFY\">dr Marzena Filipowicz-Chomko<\/p>\n<p align=\"JUSTIFY\">dr Ewa Girejko<\/p>\n<p align=\"JUSTIFY\">dr Marek K\u0119pczyk<\/p>\n<p align=\"JUSTIFY\">dr hab. Dorota Mozyrska, prof. PB<\/p>\n<p align=\"JUSTIFY\">dr Krzysztof Piekarski<\/p>\n<p>dr Anna Poskrobko<\/p>\n<p>dr in\u017c. Rajmund Stasiewicz \u2013 przewodnicz\u0105cy<\/p>\n<p>dr in\u017c. Marek Tab\u0119dzki<\/p>\n<p align=\"JUSTIFY\"><strong>Wydzia\u0142 In\u017cynierii Zarz\u0105dzania<\/strong><\/p>\n<p align=\"JUSTIFY\">dr in\u017c. Anna Olszewska<\/p>\n<p align=\"JUSTIFY\">dr Beata Madras-Kobus<\/p>\n<p align=\"JUSTIFY\"><strong>Wydzia\u0142 Mechaniczny<\/strong><\/p>\n<p align=\"JUSTIFY\">dr hab. Dariusz Perkowski, prof. PB<\/p>\n<p align=\"JUSTIFY\">dr in\u017c. Jakub Augustyniak<\/p>\n<p align=\"JUSTIFY\"><strong>Studium J\u0119zyk\u00f3w Obcych<\/strong><\/p>\n<p align=\"JUSTIFY\">mgr Micha\u0142 Citko<\/p>\n<p align=\"JUSTIFY\">dr Ryszard Czarnopy\u015b<\/p>\n","protected":false},"excerpt":{"rendered":"<p>Wydzia\u0142 Architektury dr Pawe\u0142 Dudko mgr in\u017c. arch. Bartosz \u015aliwecki Wydzia\u0142 Budownictwa i Nauk o<\/p>\n","protected":false},"author":171,"featured_media":0,"parent":4501,"menu_order":0,"comment_status":"closed","ping_status":"closed","template":"","meta":{"_acf_changed":false,"ngg_post_thumbnail":0,"footnotes":""},"class_list":["post-4503","page","type-page","status-publish","hentry"],"acf":[],"_links":{"self":[{"href":"https:\/\/pb.edu.pl\/signum\/wp-json\/wp\/v2\/pages\/4503","targetHints":{"allow":["GET"]}}],"collection":[{"href":"https:\/\/pb.edu.pl\/signum\/wp-json\/wp\/v2\/pages"}],"about":[{"href":"https:\/\/pb.edu.pl\/signum\/wp-json\/wp\/v2\/types\/page"}],"author":[{"embeddable":true,"href":"https:\/\/pb.edu.pl\/signum\/wp-json\/wp\/v2\/users\/171"}],"replies":[{"embeddable":true,"href":"https:\/\/pb.edu.pl\/signum\/wp-json\/wp\/v2\/comments?post=4503"}],"version-history":[{"count":0,"href":"https:\/\/pb.edu.pl\/signum\/wp-json\/wp\/v2\/pages\/4503\/revisions"}],"up":[{"embeddable":true,"href":"https:\/\/pb.edu.pl\/signum\/wp-json\/wp\/v2\/pages\/4501"}],"wp:attachment":[{"href":"https:\/\/pb.edu.pl\/signum\/wp-json\/wp\/v2\/media?parent=4503"}],"curies":[{"name":"wp","href":"https:\/\/api.w.org\/{rel}","templated":true}]}}

<p align="JUSTIFY"><strong>Wydział Architektury</strong></p>
<p align="JUSTIFY">dr Paweł Dudko</p>
<p align="JUSTIFY">mgr inż. arch. Bartosz Śliwecki</p>
<p align="JUSTIFY"><strong>Wydział Budownictwa i Nauk o Środowisku</strong></p>
<p align="JUSTIFY">dr inż. Waldemar Łupiński</p>
<p align="JUSTIFY">mgr inż. Paweł Kruk</p>
<p align="JUSTIFY"><strong>Wydział Elektryczny</strong></p>
<p align="JUSTIFY">dr inż. Sławomir Kwiećkowski</p>
<p align="JUSTIFY"><strong>Wydział Informatyki</strong></p>
<p align="JUSTIFY">dr hab. Czesław Bagiński, prof. PB</p>
<p align="JUSTIFY">prof. dr hab. inż. Zbigniew Bartosiewicz</p>
<p align="JUSTIFY">dr Marzena Filipowicz-Chomko</p>
<p align="JUSTIFY">dr Ewa Girejko</p>
<p align="JUSTIFY">dr Marek Kępczyk</p>
<p align="JUSTIFY">dr hab. Dorota Mozyrska, prof. PB</p>
<p align="JUSTIFY">dr Krzysztof Piekarski</p>
<p>dr Anna Poskrobko</p>
<p>dr inż. Rajmund Stasiewicz – przewodniczący</p>
<p>dr inż. Marek Tabędzki</p>
<p align="JUSTIFY"><strong>Wydział Inżynierii Zarządzania</strong></p>
<p align="JUSTIFY">dr inż. Anna Olszewska</p>
<p align="JUSTIFY">dr Beata Madras-Kobus</p>
<p align="JUSTIFY"><strong>Wydział Mechaniczny</strong></p>
<p align="JUSTIFY">dr hab. Dariusz Perkowski, prof. PB</p>
<p align="JUSTIFY">dr inż. Jakub Augustyniak</p>
<p align="JUSTIFY"><strong>Studium Języków Obcych</strong></p>
<p align="JUSTIFY">mgr Michał Citko</p>
<p align="JUSTIFY">dr Ryszard Czarnopyś</p>

<p>Wydział Architektury dr Paweł Dudko mgr inż. arch. Bartosz Śliwecki Wydział Budownictwa i Nauk o</p>
