{"id":3102,"date":"2024-05-08T09:41:43","date_gmt":"2024-05-08T07:41:43","guid":{"rendered":"https:\/\/pb.edu.pl\/signum\/?page_id=3102"},"modified":"2024-05-08T09:41:43","modified_gmt":"2024-05-08T07:41:43","slug":"nagrodzone-prace-2021","status":"publish","type":"page","link":"https:\/\/pb.edu.pl\/signum\/konkurs\/usmiechniete-rozmaitosci-matematyczne\/nagrodzone-prace-2021\/","title":{"rendered":"Nagrodzone prace 2021"},"content":{"rendered":"<h1>Szko\u0142a podstawowa (klasy 6-8)<\/h1>\n<h3>I miejsce<\/h3>\n<div id=\"attachment_557\">\n<p><a title=\" \" href=\"https:\/\/pb.edu.pl\/signum\/wp-content\/uploads\/sites\/128\/nggallery\/2021p-usmiechniete-rozmaitosci-matematyczne\/26.jpg\" rel=\"\" data-image-id=\"290\" data-src=\"https:\/\/pb.edu.pl\/signum\/wp-content\/uploads\/sites\/128\/nggallery\/2021p-usmiechniete-rozmaitosci-matematyczne\/26.jpg\" data-thumbnail=\"https:\/\/pb.edu.pl\/signum\/wp-content\/uploads\/sites\/128\/nggallery\/2021p-usmiechniete-rozmaitosci-matematyczne\/thumbs\/thumbs_26.jpg\" data-title=\"26. P\u00f3\u0142Tora\" data-description=\" \"><img decoding=\"async\" class=\"aligncenter\" src=\"https:\/\/pb.edu.pl\/signum\/wp-content\/uploads\/sites\/128\/nggallery\/2021p-usmiechniete-rozmaitosci-matematyczne\/26.jpg\" alt=\"26. P\u00f3\u0142Tora\"><\/a><\/p>\n<p id=\"caption-attachment-557\" style=\"text-align: center\">,,P\u00f3\u0142Tora\u201d Marlena Iwanicka, Zesp\u00f3\u0142 Szkolno-Przedszkolny w Dubiecku<\/p>\n<\/div>\n<hr>\n<h3>II miejsce<\/h3>\n<div id=\"attachment_580\">\n<p><a title=\" \" href=\"https:\/\/pb.edu.pl\/signum\/wp-content\/uploads\/sites\/128\/nggallery\/2021p-usmiechniete-rozmaitosci-matematyczne\/50.jpg\" rel=\"\" data-image-id=\"314\" data-src=\"https:\/\/pb.edu.pl\/signum\/wp-content\/uploads\/sites\/128\/nggallery\/2021p-usmiechniete-rozmaitosci-matematyczne\/50.jpg\" data-thumbnail=\"https:\/\/pb.edu.pl\/signum\/wp-content\/uploads\/sites\/128\/nggallery\/2021p-usmiechniete-rozmaitosci-matematyczne\/thumbs\/thumbs_50.jpg\" data-title=\"49. R\u00f3wne po\u0142owy\" data-description=\" \"><img decoding=\"async\" class=\"aligncenter\" src=\"https:\/\/pb.edu.pl\/signum\/wp-content\/uploads\/sites\/128\/nggallery\/2021p-usmiechniete-rozmaitosci-matematyczne\/50.jpg\" alt=\"49. R\u00f3wne po\u0142owy\"><\/a><\/p>\n<p id=\"caption-attachment-580\" style=\"text-align: center\">,,R\u00f3wne po\u0142owy\u201d B\u0142a\u017cej G\u00f3ralczyk, Szko\u0142a Podstawowa im. Szarych Szereg\u00f3w w Czy\u017cewie<\/p>\n<\/div>\n<hr>\n<h3>III miejsce<\/h3>\n<div id=\"attachment_532\">\n<p><a title=\" \" href=\"https:\/\/pb.edu.pl\/signum\/wp-content\/uploads\/sites\/128\/nggallery\/2021p-usmiechniete-rozmaitosci-matematyczne\/01.jpg\" rel=\"\" data-image-id=\"269\" data-src=\"https:\/\/pb.edu.pl\/signum\/wp-content\/uploads\/sites\/128\/nggallery\/2021p-usmiechniete-rozmaitosci-matematyczne\/01.jpg\" data-thumbnail=\"https:\/\/pb.edu.pl\/signum\/wp-content\/uploads\/sites\/128\/nggallery\/2021p-usmiechniete-rozmaitosci-matematyczne\/thumbs\/thumbs_01.jpg\" data-title=\"1. Przedzia\u0142y liczbowe\" data-description=\" \"><img decoding=\"async\" class=\"aligncenter\" src=\"https:\/\/pb.edu.pl\/signum\/wp-content\/uploads\/sites\/128\/nggallery\/2021p-usmiechniete-rozmaitosci-matematyczne\/01.jpg\" alt=\"1. Przedzia\u0142y liczbowe\"><\/a><\/p>\n<p id=\"caption-attachment-532\" style=\"text-align: center\">,,Przedzia\u0142y liczbowe\u201d Maksymilian Kupiszewski, Szko\u0142a Podstawowa im. Marii Patyk w Kruszwicy<\/p>\n<h1>Szko\u0142a ponadpodstawowa&nbsp;<\/h1>\n<h3>I miejsce<\/h3>\n<div id=\"attachment_591\"><a class=\"ngg-simplelightbox\" title=\" \" href=\"https:\/\/pb.edu.pl\/signum\/wp-content\/uploads\/sites\/128\/nggallery\/2021pp-usmiechniete-rozmaitosci-matematyczne\/04-1.jpg\" rel=\"\" data-image-id=\"330\" data-src=\"https:\/\/pb.edu.pl\/signum\/wp-content\/uploads\/sites\/128\/nggallery\/2021pp-usmiechniete-rozmaitosci-matematyczne\/04-1.jpg\" data-thumbnail=\"https:\/\/pb.edu.pl\/signum\/wp-content\/uploads\/sites\/128\/nggallery\/2021pp-usmiechniete-rozmaitosci-matematyczne\/thumbs\/thumbs_04-1.jpg\" data-title=\"4. Warto\u015b\u0107 bezwzgl\u0119dna\" data-description=\" \"><img decoding=\"async\" class=\"ngg-singlepic ngg-none aligncenter\" src=\"https:\/\/pb.edu.pl\/signum\/wp-content\/uploads\/sites\/128\/nggallery\/2021pp-usmiechniete-rozmaitosci-matematyczne\/04-1.jpg\" alt=\"4. Warto\u015b\u0107 bezwzgl\u0119dna\"><\/a><\/p>\n<p id=\"caption-attachment-591\" style=\"text-align: center\">,,Warto\u015b\u0107 bezwzgl\u0119dna\u201d Julia Lipi\u0144ska, Zesp\u00f3\u0142 Szk\u00f3\u0142 Informatycznych w S\u0142upsku<\/p>\n<\/div>\n<hr>\n<h3>II miejsce<\/h3>\n<div id=\"attachment_592\"><a class=\"ngg-simplelightbox\" title=\" \" href=\"https:\/\/pb.edu.pl\/signum\/wp-content\/uploads\/sites\/128\/nggallery\/2021pp-usmiechniete-rozmaitosci-matematyczne\/05-1.jpg\" rel=\"\" data-image-id=\"331\" data-src=\"https:\/\/pb.edu.pl\/signum\/wp-content\/uploads\/sites\/128\/nggallery\/2021pp-usmiechniete-rozmaitosci-matematyczne\/05-1.jpg\" data-thumbnail=\"https:\/\/pb.edu.pl\/signum\/wp-content\/uploads\/sites\/128\/nggallery\/2021pp-usmiechniete-rozmaitosci-matematyczne\/thumbs\/thumbs_05-1.jpg\" data-title=\"5. Wz\u00f3r zapomnianego mno\u017cenia\" data-description=\" \"><img decoding=\"async\" class=\"ngg-singlepic ngg-none aligncenter\" src=\"https:\/\/pb.edu.pl\/signum\/wp-content\/uploads\/sites\/128\/nggallery\/2021pp-usmiechniete-rozmaitosci-matematyczne\/05-1.jpg\" alt=\"5. Wz\u00f3r zapomnianego mno\u017cenia\"><\/a><\/p>\n<p id=\"caption-attachment-592\" style=\"text-align: center\">,,Wz\u00f3r zapomnianego mno\u017cenia\u201d Aleksandra Jastrz\u0119bska, ZSWiO nr 7 w \u0141om\u017cy<\/p>\n<\/div>\n<hr>\n<h3>III miejsce<\/h3>\n<div id=\"attachment_589\"><a class=\"ngg-simplelightbox\" title=\" \" href=\"https:\/\/pb.edu.pl\/signum\/wp-content\/uploads\/sites\/128\/nggallery\/2021pp-usmiechniete-rozmaitosci-matematyczne\/02-1.jpg\" rel=\"\" data-image-id=\"334\" data-src=\"https:\/\/pb.edu.pl\/signum\/wp-content\/uploads\/sites\/128\/nggallery\/2021pp-usmiechniete-rozmaitosci-matematyczne\/02-1.jpg\" data-thumbnail=\"https:\/\/pb.edu.pl\/signum\/wp-content\/uploads\/sites\/128\/nggallery\/2021pp-usmiechniete-rozmaitosci-matematyczne\/thumbs\/thumbs_02-1.jpg\" data-title=\"2. Kolejno\u015b\u0107 wykonywania dzia\u0142a\u0144\" data-description=\" \"><img decoding=\"async\" class=\"ngg-singlepic ngg-none aligncenter\" src=\"https:\/\/pb.edu.pl\/signum\/wp-content\/uploads\/sites\/128\/nggallery\/2021pp-usmiechniete-rozmaitosci-matematyczne\/02-1.jpg\" alt=\"2. Kolejno\u015b\u0107 wykonywania dzia\u0142a\u0144\"><\/a><\/p>\n<p id=\"caption-attachment-589\" style=\"text-align: center\">,,Kolejno\u015b\u0107 wykonywania dzia\u0142a\u0144\u201d Nikola Woronko, VII Liceum Og\u00f3lnokszta\u0142c\u0105ce w Bia\u0142ymstoku<\/p>\n<\/div>\n<\/div>\n","protected":false},"excerpt":{"rendered":"<p>Szko\u0142a podstawowa (klasy 6-8) I miejsce ,,P\u00f3\u0142Tora\u201d Marlena Iwanicka, Zesp\u00f3\u0142 Szkolno-Przedszkolny w Dubiecku II miejsce<\/p>\n","protected":false},"author":171,"featured_media":0,"parent":2519,"menu_order":0,"comment_status":"closed","ping_status":"closed","template":"","meta":{"_acf_changed":false,"ngg_post_thumbnail":0,"footnotes":""},"class_list":["post-3102","page","type-page","status-publish","hentry"],"acf":[],"_links":{"self":[{"href":"https:\/\/pb.edu.pl\/signum\/wp-json\/wp\/v2\/pages\/3102","targetHints":{"allow":["GET"]}}],"collection":[{"href":"https:\/\/pb.edu.pl\/signum\/wp-json\/wp\/v2\/pages"}],"about":[{"href":"https:\/\/pb.edu.pl\/signum\/wp-json\/wp\/v2\/types\/page"}],"author":[{"embeddable":true,"href":"https:\/\/pb.edu.pl\/signum\/wp-json\/wp\/v2\/users\/171"}],"replies":[{"embeddable":true,"href":"https:\/\/pb.edu.pl\/signum\/wp-json\/wp\/v2\/comments?post=3102"}],"version-history":[{"count":0,"href":"https:\/\/pb.edu.pl\/signum\/wp-json\/wp\/v2\/pages\/3102\/revisions"}],"up":[{"embeddable":true,"href":"https:\/\/pb.edu.pl\/signum\/wp-json\/wp\/v2\/pages\/2519"}],"wp:attachment":[{"href":"https:\/\/pb.edu.pl\/signum\/wp-json\/wp\/v2\/media?parent=3102"}],"curies":[{"name":"wp","href":"https:\/\/api.w.org\/{rel}","templated":true}]}}