{"id":2896,"date":"2024-05-07T09:47:26","date_gmt":"2024-05-07T07:47:26","guid":{"rendered":"https:\/\/pb.edu.pl\/signum\/?page_id=2896"},"modified":"2024-11-28T13:37:16","modified_gmt":"2024-11-28T12:37:16","slug":"wyniki-viii-mum-a","status":"publish","type":"page","link":"https:\/\/pb.edu.pl\/signum\/konkurs\/memorial-urszuli-marciniak\/archiwum\/mum2024\/wyniki-viii-mum-a\/","title":{"rendered":"Wyniki VIII MUM-a"},"content":{"rendered":"<h3>Laureaci<\/h3>\n<h4>M\u0142odzicy<\/h4>\n<p>I m-ce: Stanis\u0142aw Sadowski, ZSK im. Matki Bo\u017cej Mi\u0142osierdzia, Bia\u0142ystok<br \/>\nII m-ce: Magdalena Dzie\u0142ak, ZSK im. Matki Bo\u017cej Mi\u0142osierdzia, Bia\u0142ystok<br \/>\nIII m-ce: Stanis\u0142aw Kulesza, ZSK im. Matki Bo\u017cej Mi\u0142osierdzia, Bia\u0142ystok<\/p>\n<h4>Juniorzy<\/h4>\n<p>I m-ce: Fabian Kuprianowicz, ZSK im. Matki Bo\u017cej Mi\u0142osierdzia, Bia\u0142ystok<br \/>\nII m-ce: Zofia Koz\u0142owska, Szko\u0142a Podstawowa Zgromadzenia Si\u00f3str Misjonarek \u015awi\u0119tej Rodziny im. B\u0142. Boles\u0142awy Lament, Bia\u0142ystok<br \/>\nIII m-ce: Aleksandra Halicka, SP 1 im. Ks. Wac\u0142awa Rabczy\u0144skiego w Wasilkowie<\/p>\n<h4>Liceali\u015bci<\/h4>\n<p>II m-ce: Wojciech Jachimowicz, II LO, Gi\u017cycko<br \/>\nII m-ce: Emilia Kocia\u0142kowska, II LO, Gi\u017cycko<br \/>\nIII m-ce: Emilia Zmudzi\u0144ska, II LO, Gi\u017cycko<\/p>\n<h4>Doro\u015bli<\/h4>\n<p>I m-ce: Ewa \u0141adna, nauczyciel z Gi\u017cycka<br \/>\nII m-ce: Beata Szymborska, nauczyciel z Gi\u017cycka<br \/>\nIII m-ce: Barbara Domys\u0142awska, nauczyciel z Gi\u017cycka<\/p>\n<h3>Pozostali Wielcy Finali\u015bci<\/h3>\n<h4>M\u0142odzicy<\/h4>\n<p>IV m-ce: Kamil Kiczkaj\u0142o, SP 1 im. Ks. Wac\u0142awa Rabczy\u0144skiego w Wasilkowie<br \/>\nV m-ce: Milena Niemancewicz, SP 1 im. Ks. Wac\u0142awa Rabczy\u0144skiego w Wasilkowie<\/p>\n<h4>Juniorzy<\/h4>\n<p>IV m-ce: Aleksandra Samojlik, CUBUS Szko\u0142a Matematyki<br \/>\nV m-ce: Pawe\u0142 Chwie\u015bko, Szko\u0142a Podstawowa Zgromadzenia Si\u00f3str Misjonarek \u015awi\u0119tej Rodziny im. B\u0142. Boles\u0142awy Lament, Bia\u0142ystok<\/p>\n<h4>Liceali\u015bci<\/h4>\n<p>IV m-ce: Maria Aleksandruk, II LO, Gi\u017cycko<br \/>\nV m-ce: Wiktoria Miciukiewicz, II LO, Gi\u017cycko<br \/>\nVI m-ce: Kinga Zakrzewska, II LO, Gi\u017cycko<\/p>\n<p>Poni\u017cej znajduj\u0105 si\u0119 szczeg\u00f3\u0142owe wyniki fina\u0142u (rundy 1-3 i Wielki Fina\u0142) w poszczeg\u00f3lnych kategoriach wiekowych.<br \/>\n<a href=\"https:\/\/pb.edu.pl\/signum\/wp-content\/uploads\/sites\/128\/2024\/05\/Mlodzicy.pdf\">Wyniki szczeg\u00f3\u0142owe w kategorii M\u0142odzik\u00f3w<\/a><br \/>\n<a href=\"https:\/\/pb.edu.pl\/signum\/wp-content\/uploads\/sites\/128\/2024\/05\/Juniorzy.pdf\">Wyniki szczeg\u00f3\u0142owe w kategorii Junior\u00f3w<\/a><br \/>\n<a href=\"https:\/\/pb.edu.pl\/signum\/wp-content\/uploads\/sites\/128\/2024\/05\/Licealisci.pdf\">Wyniki szczeg\u00f3\u0142owe w kategorii Licealist\u00f3w<\/a><br \/>\n<a href=\"https:\/\/pb.edu.pl\/signum\/wp-content\/uploads\/sites\/128\/2024\/05\/Dorosli.pdf\">Wyniki szczeg\u00f3\u0142owe w kategorii Doros\u0142ych<\/a><\/p>\n","protected":false},"excerpt":{"rendered":"<p>Laureaci M\u0142odzicy I m-ce: Stanis\u0142aw Sadowski, ZSK im. Matki Bo\u017cej Mi\u0142osierdzia, Bia\u0142ystok II m-ce: Magdalena<\/p>\n","protected":false},"author":171,"featured_media":0,"parent":4977,"menu_order":0,"comment_status":"closed","ping_status":"closed","template":"","meta":{"_acf_changed":false,"ngg_post_thumbnail":0,"footnotes":""},"class_list":["post-2896","page","type-page","status-publish","hentry"],"acf":[],"_links":{"self":[{"href":"https:\/\/pb.edu.pl\/signum\/wp-json\/wp\/v2\/pages\/2896","targetHints":{"allow":["GET"]}}],"collection":[{"href":"https:\/\/pb.edu.pl\/signum\/wp-json\/wp\/v2\/pages"}],"about":[{"href":"https:\/\/pb.edu.pl\/signum\/wp-json\/wp\/v2\/types\/page"}],"author":[{"embeddable":true,"href":"https:\/\/pb.edu.pl\/signum\/wp-json\/wp\/v2\/users\/171"}],"replies":[{"embeddable":true,"href":"https:\/\/pb.edu.pl\/signum\/wp-json\/wp\/v2\/comments?post=2896"}],"version-history":[{"count":0,"href":"https:\/\/pb.edu.pl\/signum\/wp-json\/wp\/v2\/pages\/2896\/revisions"}],"up":[{"embeddable":true,"href":"https:\/\/pb.edu.pl\/signum\/wp-json\/wp\/v2\/pages\/4977"}],"wp:attachment":[{"href":"https:\/\/pb.edu.pl\/signum\/wp-json\/wp\/v2\/media?parent=2896"}],"curies":[{"name":"wp","href":"https:\/\/api.w.org\/{rel}","templated":true}]}}