{"id":2694,"date":"2024-04-28T10:56:32","date_gmt":"2024-04-28T08:56:32","guid":{"rendered":"https:\/\/pb.edu.pl\/signum\/?page_id=2694"},"modified":"2024-04-28T10:56:32","modified_gmt":"2024-04-28T08:56:32","slug":"finalisci-2020-21","status":"publish","type":"page","link":"https:\/\/pb.edu.pl\/signum\/konkurs\/internetowa-liga-lamiglowkowa\/archiwum\/finalisci-2020-21\/","title":{"rendered":"Finali\u015bci 2020\/21"},"content":{"rendered":"<h3>Finali\u015bci Internetowej Ligi \u0141amig\u0142\u00f3wkowej:<\/h3>\n<h5>szko\u0142a podstawowa<\/h5>\n<p>Malgorzata Adamska (Bialystok)<br \/>\nPiotr Antoniewicz (Ko\u017amin Wielkopolski)<br \/>\nAdam Ciszewicz (Kozmin Wielkopolski)<br \/>\nMarcin Ciszewicz (Kozmin Wielkopolski)<br \/>\nGabriela Goli\u0144ska (Kozmin Wielkopolski)<br \/>\nNatalia Goli\u0144ska (Ko\u017amin Wielkopolski)<br \/>\nWeronika Micha\u0142owska (Bia\u0142ystok)<br \/>\nPawe\u0142 Micha\u0142owski (Bia\u0142ystok)<br \/>\nMarcel Jaros\u0142aw Misiak (Mokronos)<br \/>\nEliza Napi\u00f3rkowska (Ostro\u0142\u0119ka)<br \/>\nSzymon Rak (\u0141osice)<br \/>\nJulia \u015acibor (Pog\u00f3rze)<br \/>\nLena Joanna Wojda\u0142a (Ko\u017amin Wielkopolski)<br \/>\nWojciech Piotr Wojda\u0142a (Ko\u017amin Wielkopolski)<br \/>\nRobert Wojtkowiak (Ko\u017amin Wielkopolski)<\/p>\n<h5>szko\u0142a ponadpodstawowa<\/h5>\n<p>Rados\u0142aw Kulpa (My\u015blenice)<br \/>\nKamila Aleksandra Marat (Skierniewice)<br \/>\nAleksander Paliwoda (Ostro\u0142\u0119ka)<br \/>\nKatarzyna Natalia Piersa (Ostro\u0142\u0119ka)<br \/>\nAntoni J\u00f3zef Ros\u0142on (Wyszk\u00f3w)<br \/>\nAmelia Katarzyna Sitkowska (Wyszk\u00f3w)<br \/>\nZofia Stempniak (Ko\u017amin Wielkopolski)<br \/>\nPaulina Stempniak (Ko\u017amin Wielkopolski)<br \/>\nRafa\u0142 \u015awitulski (W\u0119gorzewo)<br \/>\nPatrycja Ulfik (Praszka)<br \/>\nAgata Wierzbicka (Gdynia)<br \/>\nJustyna Wojtkowiak (Jarocin)<\/p>\n<h3>Laureaci Internetowej Ligi \u0141amig\u0142\u00f3wkowej:<\/h3>\n<h5>szko\u0142a podstawowa<\/h5>\n<p>Robert Wojtkowiak (Ko\u017amin Wielkopolski) &#8211; I miejsce<br \/>\nPawe\u0142 Micha\u0142owski (Bia\u0142ystok) &#8211; II miejsce<br \/>\nJulia \u015acibor (Pog\u00f3rze) &#8211; III miejsce<\/p>\n<h5>szko\u0142a ponadpodstawowa<\/h5>\n<p>Agata Wierzbicka (Gdynia) &#8211; I miejsce<br \/>\nKamila Aleksandra Marat (Skierniewice) &#8211; II miejsce<br \/>\nAleksander Paliwoda (Ostro\u0142\u0119ka) &#8211; III miejsce<\/p>\n<p>&nbsp;<\/p>\n<p style=\"text-align: center\"><img loading=\"lazy\" decoding=\"async\" class=\"aligncenter size-full wp-image-2197\" src=\"https:\/\/pb.edu.pl\/signum\/wp-content\/uploads\/sites\/128\/2024\/04\/mBank_logo_fundacja.jpg\" alt=\"\" width=\"245\" height=\"70\"> Projekt dofinansowa\u0142a Fundacja mBanku.<\/p>\n<p>&nbsp;<\/p>\n<p>&nbsp;<\/p>\n<p>&nbsp;<\/p>\n","protected":false},"excerpt":{"rendered":"<p>Finali\u015bci Internetowej Ligi \u0141amig\u0142\u00f3wkowej: szko\u0142a podstawowa Malgorzata Adamska (Bialystok) Piotr Antoniewicz (Ko\u017amin Wielkopolski) Adam Ciszewicz<\/p>\n","protected":false},"author":171,"featured_media":0,"parent":2682,"menu_order":0,"comment_status":"closed","ping_status":"closed","template":"","meta":{"_acf_changed":false,"ngg_post_thumbnail":0,"footnotes":""},"class_list":["post-2694","page","type-page","status-publish","hentry"],"acf":[],"_links":{"self":[{"href":"https:\/\/pb.edu.pl\/signum\/wp-json\/wp\/v2\/pages\/2694","targetHints":{"allow":["GET"]}}],"collection":[{"href":"https:\/\/pb.edu.pl\/signum\/wp-json\/wp\/v2\/pages"}],"about":[{"href":"https:\/\/pb.edu.pl\/signum\/wp-json\/wp\/v2\/types\/page"}],"author":[{"embeddable":true,"href":"https:\/\/pb.edu.pl\/signum\/wp-json\/wp\/v2\/users\/171"}],"replies":[{"embeddable":true,"href":"https:\/\/pb.edu.pl\/signum\/wp-json\/wp\/v2\/comments?post=2694"}],"version-history":[{"count":0,"href":"https:\/\/pb.edu.pl\/signum\/wp-json\/wp\/v2\/pages\/2694\/revisions"}],"up":[{"embeddable":true,"href":"https:\/\/pb.edu.pl\/signum\/wp-json\/wp\/v2\/pages\/2682"}],"wp:attachment":[{"href":"https:\/\/pb.edu.pl\/signum\/wp-json\/wp\/v2\/media?parent=2694"}],"curies":[{"name":"wp","href":"https:\/\/api.w.org\/{rel}","templated":true}]}}