{"id":2532,"date":"2024-04-26T09:59:48","date_gmt":"2024-04-26T07:59:48","guid":{"rendered":"https:\/\/pb.edu.pl\/signum\/?page_id=2532"},"modified":"2024-04-28T09:34:40","modified_gmt":"2024-04-28T07:34:40","slug":"formularz-zgloszeniowy","status":"publish","type":"page","link":"https:\/\/pb.edu.pl\/signum\/konkurs\/matematyka-w-obiektywie\/formularz-zgloszeniowy\/","title":{"rendered":"Formularz zg\u0142oszeniowy"},"content":{"rendered":"<h3>Co nale\u017cy zrobi\u0107, aby zg\u0142osi\u0107 prac\u0119 do konkursu (instrukcja krok po kroku)?<\/h3>\n<ol>\n<li>Przygotuj dobrej jako\u015bci zdj\u0119cie w formacie JPG (rozmiar pliku maksymalnie 10 MB). Zdj\u0119cie powinno by\u0107 odpowiednio obr\u00f3cone (nie powinno wy\u015bwietla\u0107 si\u0119 na komputerze bokiem lub \u201edo g\u00f3ry nogami\u201d).&nbsp;Ka\u017cdy uczestnik mo\u017ce zg\u0142osi\u0107 maksymalnie 3 zdj\u0119cia.<\/li>\n<li>Je\u017celi jeste\u015b rodzicem\/opiekunem prawnym (lub uczniem, kt\u00f3ry uko\u0144czy\u0142 18 lat), wype\u0142nij (<b>najp\u00f3\u017aniej 10.05.2024<\/b>) poni\u017cszy formularz zg\u0142oszeniowy (oddzielnie do ka\u017cdej zg\u0142aszanej pracy) i wy\u015blij do nas przez klikni\u0119cie przycisku \u201eWy\u015blij do SIGNUM\u201d.<\/li>\n<li>Bezpo\u015brednio po wys\u0142aniu formularza zg\u0142oszeniowego:\n<ol>\n<li>na podany w nim Tw\u00f3j adres zostanie wys\u0142any automatycznie mail [Temat: \u201eSIGNUM &#8211; Konkurs Matematyka w obiektywie: potwierdzenie zg\u0142oszenia\u201d] zawieraj\u0105cy link aktywacyjny, kt\u00f3ry trzeba klikn\u0105\u0107, aby potwierdzi\u0107 zg\u0142oszenie;<\/li>\n<li>na podany w nim adres nauczyciela zostanie wys\u0142any automatycznie mail [Temat: \u201eSIGNUM &#8211; zg\u0142oszenie pracy do konkursu Matematyka w obiektywie\u201d] zawieraj\u0105cy tak\u017ce odpowiedni link aktywacyjny.<\/li>\n<\/ol>\n<\/li>\n<li>Po klikni\u0119ciu zar\u00f3wno przez Ciebie, jak te\u017c przez nauczyciela link\u00f3w aktywacyjnych, zweryfikujemy przes\u0142ane zg\u0142oszenie. Proces ten nie jest automatyczny i mo\u017ce trwa\u0107 maksymalnie 3 dni robocze, chocia\u017c zwykle trwa kr\u00f3cej.<\/li>\n<li>Po pomy\u015blnej weryfikacji przyjmujemy zdj\u0119cie do konkursu i jednocze\u015bnie wysy\u0142amy mail z informacj\u0105 do Ciebie i nauczyciela [Temat: \u201eSIGNUM &#8211; Konkurs Matematyka w obiektywie: zg\u0142oszenie zweryfikowane\u201d]. Mail ten zawiera nadany przez nas numer pracy.<\/li>\n<li>Po otrzymaniu takiego maila wy\u015blij do nas tradycyjn\u0105 poczt\u0105 (<b>najp\u00f3\u017aniej 10.05.2024 &#8211; liczy si\u0119 data stempla pocztowego<\/b>) oryginalne zdj\u0119cie zg\u0142oszone do konkursu.&nbsp;<b>Na odwrocie zdj\u0119cia<\/b>&nbsp;umie\u015b\u0107 koniecznie:&nbsp;<b>imi\u0119 i nazwisko autora, tytu\u0142<\/b>&nbsp;oraz&nbsp;<b>numer pracy<\/b>&nbsp;wys\u0142any przez nas w mailu (patrz punkt 5).&nbsp;Nie wysy\u0142aj orygina\u0142u zdj\u0119cia, dop\u00f3ki nie otrzymasz informacji od nas o jego przyj\u0119ciu do konkursu.<\/li>\n<li>Je\u017celi na zdj\u0119ciu b\u0119dzie mo\u017cna rozpozna\u0107 Ciebie lub inne osoby, do orygina\u0142u wysy\u0142anego tradycyjn\u0105 poczt\u0105 do\u0142\u0105cz wydrukowan\u0105, wype\u0142nion\u0105 i podpisan\u0105 przez osob\u0119 widoczn\u0105 na zdj\u0119ciu&nbsp;<a href=\"https:\/\/pb.edu.pl\/signum\/wp-content\/uploads\/sites\/128\/2024\/04\/zgoda_na_rozpowszechnianie_wizerunku.pdf\">zgod\u0119 na rozpowszechnianie wizerunku<\/a>. W przypadku, gdy na zdj\u0119ciu jest widoczna osoba niepe\u0142noletnia, zgod\u0119 powinien podpisa\u0107 rodzic\/opiekun prawny.<\/li>\n<\/ol>\n<h4 class=\"western\">OBOWI\u0104ZEK INFORMACYJNY<\/h4>\n<p class=\"western\">&nbsp;<\/p>\n<ol>\n<li style=\"list-style-type: none\">\n<ol>\n<li style=\"list-style-type: none\">\n<ol>\n<li>\n<p class=\"western\">Administratorem Pani\/Pana danych osobowych jest Politechnika Bia\u0142ostocka, ul. Wiejska 45A, 15-351 Bia\u0142ystok (dalej Uczelnia). W celu skontaktowania si\u0119 z Uczelni\u0105, osoba, kt\u00f3rej dane osobowe s\u0105 przetwarzane mo\u017ce napisa\u0107 e-mail do Inspektora Ochrony Danych, na adres: iod@pb.edu.pl.<\/p>\n<\/li>\n<li>\n<p class=\"western\">Pani\/Pana dane osobowe przetwarzane b\u0119d\u0105 w celu:<\/p>\n<ol>\n<li>\n<p class=\"western\">przyst\u0105pienia do konkursu, przeprowadzenia konkursu, informacyjnym, promocyjnym<\/p>\n<p align=\"justify\">na podstawie zgody &#8211; art. 6 ust. 1 lit. a RODO<sup>1<\/sup>;<\/p>\n<\/li>\n<li>\n<p class=\"western\">archiwizacji,<\/p>\n<p align=\"justify\">na podstawie Zarz\u0105dzenia Nr 748 Rektora Politechniki Bia\u0142ostockiej z dnia 15 grudnia 2017 roku w sprawie ustalenia instrukcji kancelaryjnej, jednolitego rzeczowego wykazu akt oraz instrukcji o organizacji i zakresie dzia\u0142ania Archiwum Uczelnianego i Centrum Historii Politechniki Bia\u0142ostockiej w zw. z ustaw\u0105 z dnia 14 lipca 1983 r. o narodowym zasobie archiwalnym i archiwach (Dz. U. z 2018 r. poz. 650, z p\u00f3\u017an. zm.) oraz innych obowi\u0105zuj\u0105cych przepis\u00f3w prawa reguluj\u0105cych te kwestie \u2013 art. 6 ust. 1 lit. c RODO;<\/p>\n<\/li>\n<li>\n<p class=\"western\">generowania statystyk<\/p>\n<p align=\"justify\">na podstawie prawnie uzasadnionego interesu Uczelni polegaj\u0105cego na mo\u017cliwo\u015bci generowanie statystyk \u2013 art. 6 ust. 1 lit. f RODO.<\/p>\n<\/li>\n<\/ol>\n<\/li>\n<li>\n<p class=\"western\">Szczeg\u00f3\u0142owe informacje o przetwarzaniu danych s\u0105 dost\u0119pne&nbsp;<a title=\"Obowi\u0105zek informacyjny\" href=\"https:\/\/pb.edu.pl\/signum\/obowiazek-informacyjny\/\">tutaj<\/a><\/p>\n<\/li>\n<\/ol>\n<\/li>\n<\/ol>\n<\/li>\n<\/ol>\n<h3>Formularz zg\u0142oszeniowy<\/h3>\n<div class=\"row text-center\">\n<div class=\"col-sm-6 text-center\"><a class=\"button text-center animated zoomIn lead\" style=\"width: 100%;font-weight: 400;letter-spacing: 2px\" title=\"zg\u0142oszenie niepe\u0142noletnich\" href=\"https:\/\/pb.edu.pl\/signum\/konkurs\/matematyka-w-obiektywie\/formularz-zgloszeniowy\/formularz-zgloszeniowy-dziecka-ponizej-18-lat\/\">jestem rodzicem prawnym\/opiekunem prawnym dziecka w wieku poni\u017cej 18 lat, kt\u00f3re chc\u0119 zg\u0142osi\u0107 do konkursu<\/a><\/div>\n<div class=\"col-sm-6 text-center\"><a class=\"button text-center animated zoomIn lead\" style=\"width: 100%;font-weight: 400;letter-spacing: 2px\" title=\"zg\u0142oszenie pe\u0142noletnich\" href=\"https:\/\/pb.edu.pl\/signum\/konkurs\/matematyka-w-obiektywie\/formularz-zgloszeniowy\/formularz-zgloszeniowy-osoby-pelnoletniej\/\">mam uko\u0144czone 18 lat  i chc\u0119 wzi\u0105\u0107 udzia\u0142 w konkursie<\/a><\/div>\n<\/div>\n","protected":false},"excerpt":{"rendered":"<p>Co nale\u017cy zrobi\u0107, aby zg\u0142osi\u0107 prac\u0119 do konkursu (instrukcja krok po kroku)? Przygotuj dobrej jako\u015bci<\/p>\n","protected":false},"author":171,"featured_media":0,"parent":2523,"menu_order":0,"comment_status":"closed","ping_status":"closed","template":"","meta":{"_acf_changed":false,"ngg_post_thumbnail":0,"footnotes":""},"class_list":["post-2532","page","type-page","status-publish","hentry"],"acf":[],"_links":{"self":[{"href":"https:\/\/pb.edu.pl\/signum\/wp-json\/wp\/v2\/pages\/2532","targetHints":{"allow":["GET"]}}],"collection":[{"href":"https:\/\/pb.edu.pl\/signum\/wp-json\/wp\/v2\/pages"}],"about":[{"href":"https:\/\/pb.edu.pl\/signum\/wp-json\/wp\/v2\/types\/page"}],"author":[{"embeddable":true,"href":"https:\/\/pb.edu.pl\/signum\/wp-json\/wp\/v2\/users\/171"}],"replies":[{"embeddable":true,"href":"https:\/\/pb.edu.pl\/signum\/wp-json\/wp\/v2\/comments?post=2532"}],"version-history":[{"count":0,"href":"https:\/\/pb.edu.pl\/signum\/wp-json\/wp\/v2\/pages\/2532\/revisions"}],"up":[{"embeddable":true,"href":"https:\/\/pb.edu.pl\/signum\/wp-json\/wp\/v2\/pages\/2523"}],"wp:attachment":[{"href":"https:\/\/pb.edu.pl\/signum\/wp-json\/wp\/v2\/media?parent=2532"}],"curies":[{"name":"wp","href":"https:\/\/api.w.org\/{rel}","templated":true}]}}