{"id":2523,"date":"2024-04-26T09:21:03","date_gmt":"2024-04-26T07:21:03","guid":{"rendered":"https:\/\/pb.edu.pl\/signum\/?page_id=2523"},"modified":"2024-06-16T11:41:34","modified_gmt":"2024-06-16T09:41:34","slug":"matematyka-w-obiektywie","status":"publish","type":"page","link":"https:\/\/pb.edu.pl\/signum\/konkurs\/matematyka-w-obiektywie\/","title":{"rendered":"Konkurs fotograficzny ,,Matematyka w obiektywie&#8221;"},"content":{"rendered":"<p style=\"text-align: left\" align=\"CENTER\">&nbsp;<\/p>\n<p align=\"CENTER\">Centrum Popularyzacji Matematyki &#8222;<em>SIGNUM<\/em>&#8222;<\/p>\n<p align=\"CENTER\">og\u0142asza&nbsp;<strong>XIV edycj\u0119<\/strong>&nbsp;konkursu matematyczno-fotograficznego<\/p>\n<p align=\"CENTER\">pt.&nbsp;<b><i>\u201eMatematyka w obiektywie\u201d<\/i><\/b><\/p>\n<p align=\"JUSTIFY\">Konkurs polega na wykonaniu zdj\u0119cia (lub zdj\u0119\u0107) zagadnienia matematycznego i do\u0142\u0105czeniu kr\u00f3tkiego opisu, sfotografowanego &#8222;zjawiska&#8221;. Temat konkursu mo\u017cna potraktowa\u0107 w bardzo r\u00f3\u017cny spos\u00f3b:<\/p>\n<ul>\n<li>\n<p align=\"JUSTIFY\">bardzo dos\u0142ownie tj. obiekt lub poj\u0119cie matematyczne (np. symetria, wielo\u015bcian),<\/p>\n<\/li>\n<li>\n<p align=\"JUSTIFY\">przedstawiaj\u0105c prawa, zasady, regu\u0142y lub prawid\u0142owo\u015bci matematycznych (np. twierdzenie Talesa, z\u0142ota proporcja),<\/p>\n<\/li>\n<li>\n<p align=\"JUSTIFY\">u\u017cywaj\u0105c metafor matematycznych (np. punkt, niesko\u0144czono\u015b\u0107),<\/p>\n<\/li>\n<li>\n<p align=\"JUSTIFY\">albo z przymru\u017ceniem oka, na weso\u0142o (np. zdj\u0119cie otwartych drzwi przedzia\u0142u poci\u0105gu &#8211; przedzia\u0142 otwarty).<\/p>\n<\/li>\n<\/ul>\n<p align=\"JUSTIFY\">Zdj\u0119cie powinno by\u0107 artystycznym wyra\u017ceniem poj\u0119cia matematycznego, prawid\u0142owo\u015bci matematycznej, metafor\u0105 matematyczn\u0105 lub \u017cartem matematycznym. Kwestia wyobra\u017ani i spostrzegawczo\u015bci w widzeniu otaczaj\u0105cego nas \u015bwiata.<\/p>\n<p align=\"JUSTIFY\"><strong>Konkurs realizowany przy wsparciu:<br \/>\n<\/strong><\/p>\n<p align=\"JUSTIFY\"><img loading=\"lazy\" decoding=\"async\" class=\"aligncenter size-full wp-image-2540\" src=\"https:\/\/pb.edu.pl\/signum\/wp-content\/uploads\/sites\/128\/2024\/04\/logo_BS_Juchnowiec.jpg\" alt=\"\" width=\"627\" height=\"85\" srcset=\"https:\/\/pb.edu.pl\/signum\/wp-content\/uploads\/sites\/128\/2024\/04\/logo_BS_Juchnowiec.jpg 627w, https:\/\/pb.edu.pl\/signum\/wp-content\/uploads\/sites\/128\/2024\/04\/logo_BS_Juchnowiec-300x41.jpg 300w\" sizes=\"auto, (max-width: 627px) 100vw, 627px\" \/><\/p>\n","protected":false},"excerpt":{"rendered":"<p>&nbsp; Centrum Popularyzacji Matematyki &#8222;SIGNUM&#8222; og\u0142asza&nbsp;XIV edycj\u0119&nbsp;konkursu matematyczno-fotograficznego pt.&nbsp;\u201eMatematyka w obiektywie\u201d Konkurs polega na wykonaniu<\/p>\n","protected":false},"author":171,"featured_media":0,"parent":2233,"menu_order":0,"comment_status":"closed","ping_status":"closed","template":"","meta":{"_acf_changed":false,"ngg_post_thumbnail":0,"footnotes":""},"class_list":["post-2523","page","type-page","status-publish","hentry"],"acf":[],"_links":{"self":[{"href":"https:\/\/pb.edu.pl\/signum\/wp-json\/wp\/v2\/pages\/2523","targetHints":{"allow":["GET"]}}],"collection":[{"href":"https:\/\/pb.edu.pl\/signum\/wp-json\/wp\/v2\/pages"}],"about":[{"href":"https:\/\/pb.edu.pl\/signum\/wp-json\/wp\/v2\/types\/page"}],"author":[{"embeddable":true,"href":"https:\/\/pb.edu.pl\/signum\/wp-json\/wp\/v2\/users\/171"}],"replies":[{"embeddable":true,"href":"https:\/\/pb.edu.pl\/signum\/wp-json\/wp\/v2\/comments?post=2523"}],"version-history":[{"count":0,"href":"https:\/\/pb.edu.pl\/signum\/wp-json\/wp\/v2\/pages\/2523\/revisions"}],"up":[{"embeddable":true,"href":"https:\/\/pb.edu.pl\/signum\/wp-json\/wp\/v2\/pages\/2233"}],"wp:attachment":[{"href":"https:\/\/pb.edu.pl\/signum\/wp-json\/wp\/v2\/media?parent=2523"}],"curies":[{"name":"wp","href":"https:\/\/api.w.org\/{rel}","templated":true}]}}