{"id":2272,"date":"2024-04-24T12:29:29","date_gmt":"2024-04-24T10:29:29","guid":{"rendered":"https:\/\/pb.edu.pl\/signum\/?page_id=2272"},"modified":"2024-04-28T08:26:27","modified_gmt":"2024-04-28T06:26:27","slug":"matematyka-jak-malowanie","status":"publish","type":"page","link":"https:\/\/pb.edu.pl\/signum\/konkurs\/matematyka-jak-malowanie\/","title":{"rendered":"Konkurs plastyczno-matematyczny ,,Matematyka jak malowanie&#8221;"},"content":{"rendered":"<div>\n<p align=\"CENTER\">Centrum Popularyzacji Matematyki &#8222;<em>SIGNUM<\/em>&#8222;<\/p>\n<p align=\"CENTER\">og\u0142asza&nbsp;<strong>IV edycj\u0119<\/strong>&nbsp;konkursu plastyczno-matematycznego<\/p>\n<p align=\"CENTER\"><b>&nbsp;<i>\u201eMatematyka jak malowanie\u201d<\/i><\/b><\/p>\n<p align=\"JUSTIFY\">kt\u00f3ry jest kierowany do uczni\u00f3w klas 4-8 szk\u00f3\u0142 podstawowych.<\/p>\n<p>Konkurs polega na wykonaniu dowoln\u0105 technik\u0105 pracy plastycznej obrazuj\u0105cej zagadnienie matematyczne i do\u0142\u0105czeniu opisu przedstawionego \u201ezjawiska\u201d. Temat konkursu mo\u017cna potraktowa\u0107 w bardzo r\u00f3\u017cny spos\u00f3b: bardzo dos\u0142ownie, przedstawiaj\u0105c prawa, zasady, regu\u0142y lub prawid\u0142owo\u015bci matematyczne, u\u017cywaj\u0105c metafor matematycznych, albo z przymru\u017ceniem oka, na weso\u0142o.<\/p>\n<p align=\"JUSTIFY\">&nbsp;<\/p>\n<\/div>\n<div>\n<p><strong>Konkurs realizowany przy wsparciu:<\/strong><\/p>\n<p>&nbsp;<\/p>\n<\/div>\n<div>\n<table>\n<tbody>\n<tr>\n<td><a href=\"https:\/\/bsjuchnowiec.pl\/\"><img decoding=\"async\" src=\"https:\/\/pb.edu.pl\/signum\/wp-content\/uploads\/sites\/128\/2024\/04\/logo_BS_Juchnowiec.jpg\"><\/a><\/td>\n<\/tr>\n<\/tbody>\n<\/table>\n<\/div>\n<p>&nbsp;<\/p>\n<div>&nbsp;<\/div>\n<p>&nbsp;<\/p>\n","protected":false},"excerpt":{"rendered":"<p>Centrum Popularyzacji Matematyki &#8222;SIGNUM&#8222; og\u0142asza&nbsp;IV edycj\u0119&nbsp;konkursu plastyczno-matematycznego &nbsp;\u201eMatematyka jak malowanie\u201d kt\u00f3ry jest kierowany do uczni\u00f3w<\/p>\n","protected":false},"author":171,"featured_media":0,"parent":2233,"menu_order":0,"comment_status":"closed","ping_status":"closed","template":"","meta":{"_acf_changed":false,"ngg_post_thumbnail":0,"footnotes":""},"class_list":["post-2272","page","type-page","status-publish","hentry"],"acf":[],"_links":{"self":[{"href":"https:\/\/pb.edu.pl\/signum\/wp-json\/wp\/v2\/pages\/2272","targetHints":{"allow":["GET"]}}],"collection":[{"href":"https:\/\/pb.edu.pl\/signum\/wp-json\/wp\/v2\/pages"}],"about":[{"href":"https:\/\/pb.edu.pl\/signum\/wp-json\/wp\/v2\/types\/page"}],"author":[{"embeddable":true,"href":"https:\/\/pb.edu.pl\/signum\/wp-json\/wp\/v2\/users\/171"}],"replies":[{"embeddable":true,"href":"https:\/\/pb.edu.pl\/signum\/wp-json\/wp\/v2\/comments?post=2272"}],"version-history":[{"count":0,"href":"https:\/\/pb.edu.pl\/signum\/wp-json\/wp\/v2\/pages\/2272\/revisions"}],"up":[{"embeddable":true,"href":"https:\/\/pb.edu.pl\/signum\/wp-json\/wp\/v2\/pages\/2233"}],"wp:attachment":[{"href":"https:\/\/pb.edu.pl\/signum\/wp-json\/wp\/v2\/media?parent=2272"}],"curies":[{"name":"wp","href":"https:\/\/api.w.org\/{rel}","templated":true}]}}