{"id":2192,"date":"2024-04-19T10:32:33","date_gmt":"2024-04-19T08:32:33","guid":{"rendered":"https:\/\/pb.edu.pl\/signum\/?page_id=2192"},"modified":"2024-04-19T11:04:49","modified_gmt":"2024-04-19T09:04:49","slug":"olimpijskie-warsztaty-matematyczne","status":"publish","type":"page","link":"https:\/\/pb.edu.pl\/signum\/warsztaty\/olimpijskie-warsztaty-matematyczne\/","title":{"rendered":"Olimpijskie warsztaty matematyczne"},"content":{"rendered":"<p align=\"CENTER\">\u201e<strong>Olimpijskie warsztaty matematyczne\u201d<\/strong><\/p>\n<p align=\"CENTER\">Odkryj g\u0142\u0119bi\u0119 matematyki.<\/p>\n<p align=\"CENTER\">Zapraszamy na \u201eOlimpijskie warsztaty matematyczne\u201d w roku akademickim 2023\/2024.<\/p>\n","protected":false},"excerpt":{"rendered":"<p>\u201eOlimpijskie warsztaty matematyczne\u201d Odkryj g\u0142\u0119bi\u0119 matematyki. Zapraszamy na \u201eOlimpijskie warsztaty matematyczne\u201d w roku akademickim 2023\/2024.<\/p>\n","protected":false},"author":171,"featured_media":0,"parent":2147,"menu_order":0,"comment_status":"closed","ping_status":"closed","template":"","meta":{"_acf_changed":false,"ngg_post_thumbnail":0,"footnotes":""},"class_list":["post-2192","page","type-page","status-publish","hentry"],"acf":[],"_links":{"self":[{"href":"https:\/\/pb.edu.pl\/signum\/wp-json\/wp\/v2\/pages\/2192","targetHints":{"allow":["GET"]}}],"collection":[{"href":"https:\/\/pb.edu.pl\/signum\/wp-json\/wp\/v2\/pages"}],"about":[{"href":"https:\/\/pb.edu.pl\/signum\/wp-json\/wp\/v2\/types\/page"}],"author":[{"embeddable":true,"href":"https:\/\/pb.edu.pl\/signum\/wp-json\/wp\/v2\/users\/171"}],"replies":[{"embeddable":true,"href":"https:\/\/pb.edu.pl\/signum\/wp-json\/wp\/v2\/comments?post=2192"}],"version-history":[{"count":0,"href":"https:\/\/pb.edu.pl\/signum\/wp-json\/wp\/v2\/pages\/2192\/revisions"}],"up":[{"embeddable":true,"href":"https:\/\/pb.edu.pl\/signum\/wp-json\/wp\/v2\/pages\/2147"}],"wp:attachment":[{"href":"https:\/\/pb.edu.pl\/signum\/wp-json\/wp\/v2\/media?parent=2192"}],"curies":[{"name":"wp","href":"https:\/\/api.w.org\/{rel}","templated":true}]}}