{"id":2143,"date":"2024-04-19T08:58:28","date_gmt":"2024-04-19T06:58:28","guid":{"rendered":"https:\/\/pb.edu.pl\/signum\/?page_id=2143"},"modified":"2024-04-19T08:58:28","modified_gmt":"2024-04-19T06:58:28","slug":"obowiazek-informacyjny","status":"publish","type":"page","link":"https:\/\/pb.edu.pl\/signum\/obowiazek-informacyjny\/","title":{"rendered":"Obowi\u0105zek informacyjny"},"content":{"rendered":"<p class=\"western\">Informacja o przetwarzaniu danych osobowych:<\/p>\n<ol>\n<li style=\"list-style-type: none\">\n<ol>\n<li>Administratorem Pani\/Pana danych osobowych jest Politechnika Bia\u0142ostocka, ul. Wiejska 45A, 15-351 Bia\u0142ystok (dalej Uczelnia). W celu skontaktowania si\u0119 z Uczelni\u0105, osoba, kt\u00f3rej dane osobowe s\u0105 przetwarzane mo\u017ce napisa\u0107 e-mail do Inspektora Ochrony Danych, na adres:&nbsp;<span id=\"cloak8a55149c50bc4d3da0f18a7fa3deb025\"><a href=\"mailto:iod@pb.edu.pl\">iod@pb.edu.pl<\/a><\/span>.<\/li>\n<li>Pani\/Pana dane osobowe przetwarzane b\u0119d\u0105 w celu:\n<ol>\n<li>przyst\u0105pienia do warsztat\u00f3w, przeprowadzenia warsztat\u00f3w, informacyjnym, promocyjnym\n<p align=\"justify\"><span style=\"font-size: 8pt\">na podstawie zgody &#8211; art. 6 ust. 1 lit. a RODO<sup>1<\/sup>;<\/span><\/p>\n<\/li>\n<li>archiwizacji,\n<p align=\"justify\"><span style=\"font-size: 8pt\">na podstawie Zarz\u0105dzenia Nr 748 Rektora Politechniki Bia\u0142ostockiej z dnia 15 grudnia 2017 roku w sprawie ustalenia instrukcji kancelaryjnej, jednolitego rzeczowego wykazu akt oraz instrukcji o organizacji i zakresie dzia\u0142ania Archiwum Uczelnianego i Centrum Historii Politechniki Bia\u0142ostockiej w zw. z ustaw\u0105 z dnia 14 lipca 1983 r. o narodowym zasobie archiwalnym i archiwach (Dz. U. z 2018 r. poz. 650, z p\u00f3\u017an. zm.) oraz innych obowi\u0105zuj\u0105cych przepis\u00f3w prawa reguluj\u0105cych te kwestie \u2013 art. 6 ust. 1 lit. c RODO;<\/span><\/p>\n<\/li>\n<li>generowania statystyk\n<p align=\"justify\"><span style=\"font-size: 8pt\">na podstawie prawnie uzasadnionego interesu Uczelni polegaj\u0105cego na mo\u017cliwo\u015bci generowanie statystyk \u2013 art. 6 ust. 1 lit. f RODO.<\/span><\/p>\n<\/li>\n<\/ol>\n<\/li>\n<li>Podanie danych jest dobrowolne, jednak konieczne do wzi\u0119cia udzia\u0142u w warsztatach, a brak ich podania uniemo\u017cliwi wzi\u0119cie udzia\u0142u w warsztatach.<\/li>\n<li>Pani\/Pana dane osobowe mog\u0105 by\u0107 udost\u0119pniane: mediom wsp\u00f3\u0142pracuj\u0105cym z PB podczas warsztat\u00f3w, a tak\u017ce innym podmiotom, kt\u00f3rym dane b\u0119d\u0105 musia\u0142y by\u0107 udost\u0119pnione na podstawie przepis\u00f3w prawa.<\/li>\n<li>Pani\/Pana dane osobowe b\u0119d\u0105 przechowywane w okresach niezb\u0119dnych do realizacji wy\u017cej okre\u015blonych cel\u00f3w, przewidzianych przepisami prawa oraz wewn\u0119trznymi aktami prawnymi obowi\u0105zuj\u0105cymi w Uczelni.<\/li>\n<li>Przys\u0142uguje Pani\/Panu prawo dost\u0119pu do tre\u015bci swoich danych, otrzymywania ich kopii oraz z zastrze\u017ceniem przepis\u00f3w prawa przys\u0142uguje prawo do:\n<ol>\n<li>sprostowania danych;<\/li>\n<li>cofni\u0119cia udzielonej zgody, z zastrze\u017ceniem, \u017ce cofni\u0119cie zgody nie b\u0119dzie wp\u0142ywa\u0107 na zgodno\u015b\u0107 z prawem przetwarzania, kt\u00f3rego dokonano na podstawie zgody przed jej wycofaniem;<\/li>\n<li>usuni\u0119cia danych;<\/li>\n<li>wniesienia sprzeciwu;<\/li>\n<li>przenoszenia danych;<\/li>\n<li>ograniczenia przetwarzania danych.<\/li>\n<\/ol>\n<\/li>\n<\/ol>\n<\/li>\n<\/ol>\n<p align=\"justify\">Realizacja wy\u017cej wymienionych praw odbywa si\u0119 poprzez z\u0142o\u017cenie pisemnego podania do Uczelni.<\/p>\n<ol>\n<li>Uczelnia nie przekazuje danych osobowych poza teren Polski.<\/li>\n<li>Uczelnia nie przetwarza podanych danych osobowych w spos\u00f3b opieraj\u0105cy si\u0119 na zautomatyzowanym przetwarzaniu, w tym profilowaniu.<\/li>\n<li>Ma Pani\/Pan prawo do wniesienia skargi do w\u0142a\u015bciwego organu nadzorczego, kt\u00f3rym jest Prezes Urz\u0119du Ochrony Danych Osobowych, gdy uzna, \u017ce przetwarzanie danych osobowych narusza powszechnie obowi\u0105zuj\u0105ce przepisy w tym zakresie.<\/li>\n<\/ol>\n<p align=\"justify\"><span style=\"font-size: 8pt\"><sup>1<\/sup>&nbsp;Rozporz\u0105dzenie Parlamentu Europejskiego i Rady (UE) 2016\/679 z dnia 27 kwietnia 2016 r. w sprawie ochrony os\u00f3b fizycznych w zwi\u0105zku z przetwarzaniem danych osobowych i w sprawie swobodnego przep\u0142ywu takich danych oraz uchylenia dyrektywy 95\/46\/WE (og\u00f3lne rozporz\u0105dzenie o ochronie danych) (Dz.U.UE.L.2016.119.1)<\/span><\/p>\n","protected":false},"excerpt":{"rendered":"<p>Informacja o przetwarzaniu danych osobowych: Administratorem Pani\/Pana danych osobowych jest Politechnika Bia\u0142ostocka, ul. Wiejska 45A,<\/p>\n","protected":false},"author":171,"featured_media":0,"parent":0,"menu_order":0,"comment_status":"closed","ping_status":"closed","template":"","meta":{"_acf_changed":false,"ngg_post_thumbnail":0,"footnotes":""},"class_list":["post-2143","page","type-page","status-publish","hentry"],"acf":[],"_links":{"self":[{"href":"https:\/\/pb.edu.pl\/signum\/wp-json\/wp\/v2\/pages\/2143","targetHints":{"allow":["GET"]}}],"collection":[{"href":"https:\/\/pb.edu.pl\/signum\/wp-json\/wp\/v2\/pages"}],"about":[{"href":"https:\/\/pb.edu.pl\/signum\/wp-json\/wp\/v2\/types\/page"}],"author":[{"embeddable":true,"href":"https:\/\/pb.edu.pl\/signum\/wp-json\/wp\/v2\/users\/171"}],"replies":[{"embeddable":true,"href":"https:\/\/pb.edu.pl\/signum\/wp-json\/wp\/v2\/comments?post=2143"}],"version-history":[{"count":0,"href":"https:\/\/pb.edu.pl\/signum\/wp-json\/wp\/v2\/pages\/2143\/revisions"}],"wp:attachment":[{"href":"https:\/\/pb.edu.pl\/signum\/wp-json\/wp\/v2\/media?parent=2143"}],"curies":[{"name":"wp","href":"https:\/\/api.w.org\/{rel}","templated":true}]}}