{"id":13,"date":"2020-05-18T14:40:41","date_gmt":"2020-05-18T12:40:41","guid":{"rendered":"https:\/\/pb.edu.pl\/signum\/?page_id=13"},"modified":"2025-11-04T15:10:55","modified_gmt":"2025-11-04T14:10:55","slug":"home","status":"publish","type":"page","link":"https:\/\/pb.edu.pl\/signum\/","title":{"rendered":""},"content":{"rendered":"<div class=\"img-full\">\n<p><img decoding=\"async\" src=\"https:\/\/pb.edu.pl\/signum\/wp-content\/uploads\/sites\/128\/2024\/06\/306983596_521275883336382_349817994058894705_n-1-scaled.jpg\" alt=\"\"><\/p>\n<div class=\"img-full-text\">\n<div class=\"img-full-title\">Centrum Popularyzacji Matematyki \u201eSIGNUM\u201d<\/div>\n<div class=\"img-full-pb\">Wydzia\u0142 Informatyki Politechniki Bia\u0142ostockiej<\/div>\n<\/div>\n<\/div>\n<p>&nbsp;<\/p>\n<div class=\"row text=center\">\n<div class=\"col-sm-3 text-center\"><a class=\"button text-center animated zoomIn lead\" style=\"width: 100%;font-weight: 400;letter-spacing: 2px\" title=\"Aktualno\u015bci\" href=\"https:\/\/pb.edu.pl\/signum\/aktualnosci\/\">Aktualno\u015bci<\/a><\/div>\n<div class=\"col-sm-3 text-center\"><a class=\"button text-center animated zoomIn lead\" style=\"width: 100%;font-weight: 400;letter-spacing: 2px\" title=\"Warsztaty\" href=\"https:\/\/pb.edu.pl\/signum\/warsztaty\/\">Warsztaty<\/a><\/div>\n<div class=\"col-sm-3 text-center\"><a class=\"button text-center animated zoomIn lead\" style=\"width: 100%;font-weight: 400;letter-spacing: 2px\" title=\"Konkursy\" href=\"https:\/\/pb.edu.pl\/signum\/konkurs\/\">Konkursy<\/a><\/div>\n<div class=\"col-sm-3 text-center\"><a class=\"button text-center animated zoomIn lead\" style=\"width: 100%;font-weight: 400;letter-spacing: 2px\" title=\"Kontakt\" href=\"https:\/\/pb.edu.pl\/signum\/polecamy\/\">Polecamy<\/a><\/div>\n<\/div>\n","protected":false},"excerpt":{"rendered":"<p>Centrum Popularyzacji Matematyki \u201eSIGNUM\u201d Wydzia\u0142 Informatyki Politechniki Bia\u0142ostockiej &nbsp; Aktualno\u015bci Warsztaty Konkursy Polecamy<\/p>\n","protected":false},"author":2,"featured_media":0,"parent":0,"menu_order":0,"comment_status":"closed","ping_status":"closed","template":"templates\/dzial.php","meta":{"_acf_changed":false,"ngg_post_thumbnail":0,"footnotes":""},"class_list":["post-13","page","type-page","status-publish","hentry"],"acf":[],"_links":{"self":[{"href":"https:\/\/pb.edu.pl\/signum\/wp-json\/wp\/v2\/pages\/13","targetHints":{"allow":["GET"]}}],"collection":[{"href":"https:\/\/pb.edu.pl\/signum\/wp-json\/wp\/v2\/pages"}],"about":[{"href":"https:\/\/pb.edu.pl\/signum\/wp-json\/wp\/v2\/types\/page"}],"author":[{"embeddable":true,"href":"https:\/\/pb.edu.pl\/signum\/wp-json\/wp\/v2\/users\/2"}],"replies":[{"embeddable":true,"href":"https:\/\/pb.edu.pl\/signum\/wp-json\/wp\/v2\/comments?post=13"}],"version-history":[{"count":0,"href":"https:\/\/pb.edu.pl\/signum\/wp-json\/wp\/v2\/pages\/13\/revisions"}],"wp:attachment":[{"href":"https:\/\/pb.edu.pl\/signum\/wp-json\/wp\/v2\/media?parent=13"}],"curies":[{"name":"wp","href":"https:\/\/api.w.org\/{rel}","templated":true}]}}