{"id":30,"date":"2020-05-18T14:50:02","date_gmt":"2020-05-18T12:50:02","guid":{"rendered":"https:\/\/pb.edu.pl\/science-kultura\/?page_id=30"},"modified":"2024-07-26T09:52:33","modified_gmt":"2024-07-26T07:52:33","slug":"dzialania","status":"publish","type":"page","link":"https:\/\/pb.edu.pl\/science-kultura\/dzialania\/","title":{"rendered":"Dzia\u0142ania"},"content":{"rendered":"<p>Zadania zaplanowane w projekcie:<\/p>\n<ul>\n<li>Kawiarnie naukowe organizowane na terenie uczelni oraz w mie\u015bcie (o\u015brodek kultury\/kawiarnia) spotkania popularnonaukowe i bran\u017cowe.<\/li>\n<li>Science Challenge \u2013 pokazy i wyst\u0105pienia naukowe prezentowane przez student\u00f3w<br \/>\ni uczni\u00f3w w formie kr\u00f3tkich wyst\u0105pie\u0144.<\/li>\n<li>Turnieje sportowe \u2013 zawody szachowe, turniej gier e-sportowych, turniej gry GO.<\/li>\n<\/ul>\n<p><a class=\"pdf\" href=\"https:\/\/pb.edu.pl\/science-kultura\/wp-content\/uploads\/sites\/98\/2024\/07\/Metodyka-zadan-w-projekcie-SCIENCE-Kultura.pdf\" target=\"_blank\" rel=\"noopener\" data-id=\"1909\">Metodyka zada\u0144 w projekcie SCIENCE Kultura (PDF, 342 KB, otworzy si\u0119 w nowej karcie)<\/a><\/p>\n","protected":false},"excerpt":{"rendered":"<p>Zadania zaplanowane w projekcie: Kawiarnie naukowe organizowane na terenie uczelni oraz w mie\u015bcie (o\u015brodek kultury\/kawiarnia)<\/p>\n","protected":false},"author":2,"featured_media":0,"parent":0,"menu_order":2,"comment_status":"closed","ping_status":"closed","template":"","meta":{"_acf_changed":false,"ngg_post_thumbnail":0,"footnotes":""},"class_list":["post-30","page","type-page","status-publish","hentry"],"acf":[],"_links":{"self":[{"href":"https:\/\/pb.edu.pl\/science-kultura\/wp-json\/wp\/v2\/pages\/30","targetHints":{"allow":["GET"]}}],"collection":[{"href":"https:\/\/pb.edu.pl\/science-kultura\/wp-json\/wp\/v2\/pages"}],"about":[{"href":"https:\/\/pb.edu.pl\/science-kultura\/wp-json\/wp\/v2\/types\/page"}],"author":[{"embeddable":true,"href":"https:\/\/pb.edu.pl\/science-kultura\/wp-json\/wp\/v2\/users\/2"}],"replies":[{"embeddable":true,"href":"https:\/\/pb.edu.pl\/science-kultura\/wp-json\/wp\/v2\/comments?post=30"}],"version-history":[{"count":0,"href":"https:\/\/pb.edu.pl\/science-kultura\/wp-json\/wp\/v2\/pages\/30\/revisions"}],"wp:attachment":[{"href":"https:\/\/pb.edu.pl\/science-kultura\/wp-json\/wp\/v2\/media?parent=30"}],"curies":[{"name":"wp","href":"https:\/\/api.w.org\/{rel}","templated":true}]}}