{"id":354,"date":"2021-03-16T13:30:42","date_gmt":"2021-03-16T12:30:42","guid":{"rendered":"https:\/\/pb.edu.pl\/rpkbialystok\/?page_id=354"},"modified":"2021-08-03T15:22:40","modified_gmt":"2021-08-03T13:22:40","slug":"zasady","status":"publish","type":"page","link":"https:\/\/pb.edu.pl\/rpkbialystok\/zasady-he\/zasady\/","title":{"rendered":"Zasady"},"content":{"rendered":"<h2>Zapraszamy do zapoznania si\u0119 z podstawowymi zasadami obowi\u0105zuj\u0105cymi w Horyzoncie Europa.<\/h2>\n<div class=\"col-md-12 text-center\"><a class=\"button text-center animated zoomIn lead\" style=\"width: 100%\" title=\"\" href=\"https:\/\/pb.edu.pl\/rpkbialystok\/zasady-he\/zasady\/finanse\" rel=\"noopener\">Zasady finansowe<\/a><\/div>\n<div class=\"col-md-12 text-center\"><a class=\"button text-center animated zoomIn lead\" style=\"width: 100%\" title=\"\" href=\"https:\/\/pb.edu.pl\/rpkbialystok\/zasady-he\/zasady\/konsorcjum\" rel=\"noopener\">Wym\u00f3g partnerstwa<\/a><\/div>\n","protected":false},"excerpt":{"rendered":"<p>Zapraszamy do zapoznania si\u0119 z podstawowymi zasadami obowi\u0105zuj\u0105cymi w Horyzoncie Europa. Zasady finansowe Wym\u00f3g partnerstwa<\/p>\n","protected":false},"author":33,"featured_media":0,"parent":82,"menu_order":0,"comment_status":"closed","ping_status":"closed","template":"","meta":{"_acf_changed":false,"ngg_post_thumbnail":0,"footnotes":""},"class_list":["post-354","page","type-page","status-publish","hentry"],"acf":[],"_links":{"self":[{"href":"https:\/\/pb.edu.pl\/rpkbialystok\/wp-json\/wp\/v2\/pages\/354","targetHints":{"allow":["GET"]}}],"collection":[{"href":"https:\/\/pb.edu.pl\/rpkbialystok\/wp-json\/wp\/v2\/pages"}],"about":[{"href":"https:\/\/pb.edu.pl\/rpkbialystok\/wp-json\/wp\/v2\/types\/page"}],"author":[{"embeddable":true,"href":"https:\/\/pb.edu.pl\/rpkbialystok\/wp-json\/wp\/v2\/users\/33"}],"replies":[{"embeddable":true,"href":"https:\/\/pb.edu.pl\/rpkbialystok\/wp-json\/wp\/v2\/comments?post=354"}],"version-history":[{"count":0,"href":"https:\/\/pb.edu.pl\/rpkbialystok\/wp-json\/wp\/v2\/pages\/354\/revisions"}],"up":[{"embeddable":true,"href":"https:\/\/pb.edu.pl\/rpkbialystok\/wp-json\/wp\/v2\/pages\/82"}],"wp:attachment":[{"href":"https:\/\/pb.edu.pl\/rpkbialystok\/wp-json\/wp\/v2\/media?parent=354"}],"curies":[{"name":"wp","href":"https:\/\/api.w.org\/{rel}","templated":true}]}}