{"id":213,"date":"2021-02-10T09:48:41","date_gmt":"2021-02-10T08:48:41","guid":{"rendered":"https:\/\/pb.edu.pl\/rpkbialystok\/?page_id=213"},"modified":"2021-02-10T09:48:41","modified_gmt":"2021-02-10T08:48:41","slug":"infrastruktura-badawcza","status":"publish","type":"page","link":"https:\/\/pb.edu.pl\/rpkbialystok\/czym-jest-horyzont-europa\/filar-i-doskonala-baza-naukowa\/infrastruktura-badawcza\/","title":{"rendered":"Infrastruktura badawcza"},"content":{"rendered":"<p>Infrastruktura badawcza to r\u00f3\u017cnego typu laboratoria, obserwatoria, banki danych, specjalistyczne archiwa, biblioteki lub zbiory, statki i samoloty badawcze, a tak\u017ce infrastruktura informatyczna (e-infrastruktura). Budowa i dzia\u0142anie infrastruktur to przedsi\u0119wzi\u0119cia kosztowne, a prace nad ich powstaniem wymagaj\u0105 szerokiej wiedzy specjalistycznej. Dlatego te\u017c granty Horyzontu Europa s\u0142u\u017cy\u0107 maj\u0105 rozwojowi i jak najlepszemu wykorzystaniu infrastruktur badawczych w Europie, m.in. budowie nowych infrastruktur o og\u00f3lnoeuropejskim znaczeniu, s\u0142u\u017c\u0105cych wszystkim dziedzinom nauki i techniki.<\/p>\n<p>Specjalne granty \u2013 Dzia\u0142ania integracyjne \u2013 zapewniaj\u0105 naukowcom \u2013 tak\u017ce pracownikom zak\u0142ad\u00f3w przemys\u0142owych, w tym M\u015aP \u2013 mo\u017cliwo\u015b\u0107 <strong>bezp\u0142atnego<\/strong> dost\u0119pu do infrastruktur \u2013 przeprowadzenia bada\u0144 w najlepszych europejskich o\u015brodkach, z wykorzystaniem najlepszej aparatury, a tak\u017ce dost\u0119p do specjalistycznych zbior\u00f3w. Fundusze projekt\u00f3w pozwalaj\u0105 na pokrycie koszt\u00f3w nie tylko bada\u0144, ale tak\u017ce podr\u00f3\u017cy i pobytu (do 3 miesi\u0119cy). Warunkiem jest wyjazd do innego kraju ni\u017c kraj aktualnego pobytu. Jednak wyjazd nie zawsze jest konieczny: mo\u017cna wys\u0142a\u0107 pr\u00f3bki do laboratorium lub otrzyma\u0107 materia\u0142 referencyjny. Mo\u017cliwe jest te\u017c pokrycie koszt\u00f3w elektronicznego dost\u0119pu do zasob\u00f3w.<\/p>\n","protected":false},"excerpt":{"rendered":"<p>Infrastruktura badawcza to r\u00f3\u017cnego typu laboratoria, obserwatoria, banki danych, specjalistyczne archiwa, biblioteki lub zbiory, statki<\/p>\n","protected":false},"author":33,"featured_media":0,"parent":198,"menu_order":0,"comment_status":"closed","ping_status":"closed","template":"","meta":{"_acf_changed":false,"ngg_post_thumbnail":0,"footnotes":""},"class_list":["post-213","page","type-page","status-publish","hentry"],"acf":[],"_links":{"self":[{"href":"https:\/\/pb.edu.pl\/rpkbialystok\/wp-json\/wp\/v2\/pages\/213","targetHints":{"allow":["GET"]}}],"collection":[{"href":"https:\/\/pb.edu.pl\/rpkbialystok\/wp-json\/wp\/v2\/pages"}],"about":[{"href":"https:\/\/pb.edu.pl\/rpkbialystok\/wp-json\/wp\/v2\/types\/page"}],"author":[{"embeddable":true,"href":"https:\/\/pb.edu.pl\/rpkbialystok\/wp-json\/wp\/v2\/users\/33"}],"replies":[{"embeddable":true,"href":"https:\/\/pb.edu.pl\/rpkbialystok\/wp-json\/wp\/v2\/comments?post=213"}],"version-history":[{"count":0,"href":"https:\/\/pb.edu.pl\/rpkbialystok\/wp-json\/wp\/v2\/pages\/213\/revisions"}],"up":[{"embeddable":true,"href":"https:\/\/pb.edu.pl\/rpkbialystok\/wp-json\/wp\/v2\/pages\/198"}],"wp:attachment":[{"href":"https:\/\/pb.edu.pl\/rpkbialystok\/wp-json\/wp\/v2\/media?parent=213"}],"curies":[{"name":"wp","href":"https:\/\/api.w.org\/{rel}","templated":true}]}}