{"id":198,"date":"2021-02-10T09:13:09","date_gmt":"2021-02-10T08:13:09","guid":{"rendered":"https:\/\/pb.edu.pl\/rpkbialystok\/?page_id=198"},"modified":"2021-03-16T13:04:34","modified_gmt":"2021-03-16T12:04:34","slug":"filar-i-doskonala-baza-naukowa","status":"publish","type":"page","link":"https:\/\/pb.edu.pl\/rpkbialystok\/czym-jest-horyzont-europa\/filar-i-doskonala-baza-naukowa\/","title":{"rendered":"Filar I: DOSKONA\u0141A BAZA NAUKOWA"},"content":{"rendered":"<p style=\"font-weight: 400\">Pierwszy filar&nbsp; programu Horyzont Europa \u2013 Doskona\u0142a baza naukowa (<em>Excellent science<\/em>) \u2013 ma na celu wzmocnienie jako\u015bci bazy naukowej Unii i podniesienie konkurencyjno\u015bci bada\u0144 naukowych i innowacji Unii Europejskiej w skali globalnej.<\/p>\n<p style=\"font-weight: 400\">Sk\u0142ada si\u0119 z nast\u0119puj\u0105cych cel\u00f3w szczeg\u00f3\u0142owych:<\/p>\n<ul style=\"font-weight: 400\">\n<li><a title=\"Strona otworzy si\u0119 w nowym oknie\" href=\"https:\/\/pb.edu.pl\/rpkbialystok\/horyzont-europa\/o-horyzoncie-europa\/znajdz-swoj-obszar-w-he\/filar-i-doskonala-baza-naukowa\/europejska-rada-ds-badan-naukowych\/\" target=\"_blank\" rel=\"noopener\">Europejska Rada ds. Bada\u0144 Naukowych (ERC)<\/a><\/li>\n<li><a title=\"Strona otworzy si\u0119 w nowym oknie\" href=\"https:\/\/pb.edu.pl\/rpkbialystok\/horyzont-europa\/o-horyzoncie-europa\/znajdz-swoj-obszar-w-he\/filar-i-doskonala-baza-naukowa\/dzialania-marii-sklodowskiej-curie-msca\/\" target=\"_blank\" rel=\"noopener\">Dzia\u0142ania Marii Sk\u0142odowskiej-Curie (MSCA)<\/a><\/li>\n<li><a title=\"Strona otworzy si\u0119 w nowym oknie\" href=\"https:\/\/pb.edu.pl\/rpkbialystok\/horyzont-europa\/o-horyzoncie-europa\/znajdz-swoj-obszar-w-he\/filar-i-doskonala-baza-naukowa\/infrastruktura-badawcza\/\" target=\"_blank\" rel=\"noopener\">Infrastruktura badawcza.<\/a><\/li>\n<\/ul>\n","protected":false},"excerpt":{"rendered":"<p>Pierwszy filar&nbsp; programu Horyzont Europa \u2013 Doskona\u0142a baza naukowa (Excellent science) \u2013 ma na celu<\/p>\n","protected":false},"author":33,"featured_media":0,"parent":89,"menu_order":0,"comment_status":"closed","ping_status":"closed","template":"","meta":{"_acf_changed":false,"ngg_post_thumbnail":0,"footnotes":""},"class_list":["post-198","page","type-page","status-publish","hentry"],"acf":[],"_links":{"self":[{"href":"https:\/\/pb.edu.pl\/rpkbialystok\/wp-json\/wp\/v2\/pages\/198","targetHints":{"allow":["GET"]}}],"collection":[{"href":"https:\/\/pb.edu.pl\/rpkbialystok\/wp-json\/wp\/v2\/pages"}],"about":[{"href":"https:\/\/pb.edu.pl\/rpkbialystok\/wp-json\/wp\/v2\/types\/page"}],"author":[{"embeddable":true,"href":"https:\/\/pb.edu.pl\/rpkbialystok\/wp-json\/wp\/v2\/users\/33"}],"replies":[{"embeddable":true,"href":"https:\/\/pb.edu.pl\/rpkbialystok\/wp-json\/wp\/v2\/comments?post=198"}],"version-history":[{"count":0,"href":"https:\/\/pb.edu.pl\/rpkbialystok\/wp-json\/wp\/v2\/pages\/198\/revisions"}],"up":[{"embeddable":true,"href":"https:\/\/pb.edu.pl\/rpkbialystok\/wp-json\/wp\/v2\/pages\/89"}],"wp:attachment":[{"href":"https:\/\/pb.edu.pl\/rpkbialystok\/wp-json\/wp\/v2\/media?parent=198"}],"curies":[{"name":"wp","href":"https:\/\/api.w.org\/{rel}","templated":true}]}}