{"id":131,"date":"2021-01-22T12:23:59","date_gmt":"2021-01-22T11:23:59","guid":{"rendered":"https:\/\/pb.edu.pl\/rpkbialystok\/?page_id=131"},"modified":"2021-01-22T12:23:59","modified_gmt":"2021-01-22T11:23:59","slug":"eic-accelerator","status":"publish","type":"page","link":"https:\/\/pb.edu.pl\/rpkbialystok\/czym-jest-horyzont-europa\/innowacyjna-europa\/eic\/eic-accelerator\/","title":{"rendered":"EIC ACCELERATOR"},"content":{"rendered":"<p>Accelerator to program akceleracyjny dla ma\u0142ych i \u015brednich przedsi\u0119biorstw (M\u015aP) ze wszystkich&nbsp; bran\u017c, w tym start-up\u00f3w dzia\u0142aj\u0105cych <em>for-profit,&nbsp;<\/em>pochodz\u0105cych z pa\u0144stw cz\u0142onkowskich UE lub kraj\u00f3w stowarzyszonych z&nbsp; programem&nbsp; Horyzont Europa.<\/p>\n<p>Jest to instrument skierowany&nbsp; do pojedynczych &nbsp;podmiot\u00f3w z sektora&nbsp;<strong>M\u015aP<\/strong>, kt\u00f3re wykazuj\u0105&nbsp;<strong>wysoki potencja\u0142 do wzrostu, maj\u0105 prze\u0142omowe rozwi\u0105zania (technologi\u0119, produkt, us\u0142ug\u0119)&nbsp; znajduj\u0105ce si\u0119 w fazie bezpo\u015brednio poprzedzaj\u0105cej skalowanie&nbsp;<\/strong>&nbsp;i zamierzaj\u0105 wdro\u017cy\u0107 je na rynek europejski i globalny.<\/p>\n<p>Komisja Europejska preferuje projekty&nbsp;<strong>charakteryzuj\u0105ce si\u0119 wysokim poziomem ryzyka oraz wysokim potencja\u0142em rozwojowym.<\/strong><\/p>\n<p>O wsparcie firma<strong>&nbsp;musi&nbsp;&nbsp;<\/strong>aplikowa\u0107&nbsp;<strong>samodzielnie.&nbsp;<\/strong>Nie ma mo\u017cliwo\u015bci z\u0142o\u017cenia wniosku jako konsorcjum.<\/p>\n<p>Warunkiem podstawowym, kt\u00f3ry trzeba spe\u0142ni\u0107 przy sk\u0142adaniu wniosku, jest&nbsp;<strong>posiadanie prototypu&nbsp;<\/strong>oraz osi\u0105gni\u0119cie co najmniej 5\/6 poziomu&nbsp;<strong>gotowo\u015bci technologicznej (<\/strong><em>Technology Readiness Level<\/em><strong>&nbsp;\u2013 TRL 5\/6&nbsp; )<\/strong>&nbsp;\u2013 Demonstracja produktu \u2013 dokonano demonstracji w laboratorium lub warunkach zbli\u017conych do rzeczywistych\u201d.<\/p>\n<p><strong>Accelerator Open: Nie ma obszar\u00f3w tematycznych.<\/strong>&nbsp;Przedsi\u0119biorca sam okre\u015bla temat w ramach kt\u00f3rego sk\u0142ada wniosek.<\/p>\n<p><strong>Accelerator Chal<\/strong><strong>lenge:<\/strong>&nbsp;Wspierane s\u0105 start-upy i M\u015aP, kt\u00f3re opracowuj\u0105 rozwi\u0105zania w ramach&nbsp;<strong>wskazanych&nbsp;<\/strong><strong>strategicznych technologii<\/strong><\/p>\n<h4>CO OFERUJE<\/h4>\n<p>W ramach instrumentu s\u0105 dost\u0119pne dwie \u015bcie\u017cki &nbsp;finansowania:<\/p>\n<ol>\n<li>W formie samego grantu \u2013 kwota dofinansowania od&nbsp;<strong>0,5 mln euro do 2,5 mln euro \u2013 70% koszt\u00f3w kwalifikowalnych<\/strong><\/li>\n<\/ol>\n<p><strong>&nbsp;lub<\/strong><\/p>\n<ol start=\"2\">\n<li>grantu i kapita\u0142u mieszanego tzw.&nbsp;<em>blended finance&nbsp;<\/em>(grant plus finansowanie udzia\u0142owe) \u2013&nbsp;<strong>&nbsp;do 17,5 mln euro w przypadku finansowana mieszanego (2,5 mln euro grant + 15 mln finansowania kapita\u0142owego).<\/strong><\/li>\n<\/ol>\n<p><strong>Granty<\/strong>&nbsp;finansuj\u0105 projekty na&nbsp;<strong>poziomie 5\/6-8 TRL.<\/strong>&nbsp;Projekty&nbsp;<strong>powy\u017cej TRL 8<\/strong>&nbsp;b\u0119d\u0105 finansowane wy\u0142\u0105cznie&nbsp;<strong>z finansowania mieszanego.<\/strong><\/p>\n<p>Wsparcie grantowe obejmuje g\u0142\u00f3wnie finansowanie prac nad ostatecznym dopracowaniem produktu lub us\u0142ugi oraz przygotowanie do komercjalizacji i skalowania.<\/p>\n<p><strong>Czas trwania projektu od 12 do 24 miesi\u0119cy.<\/strong><\/p>\n<p>We wniosku nale\u017cy poda\u0107 m.in. oczekiwane rezultaty zwi\u0105zane z realizacj\u0105 projektu, a tak\u017ce oszacowa\u0107 jego wp\u0142yw na przysz\u0142\u0105 kondycj\u0119 firmy, np. na wysoko\u015b\u0107 jej obrot\u00f3w, zatrudnienie, sprzeda\u017c, stop\u0119 zwrotu z inwestycji czy rentowno\u015b\u0107.<\/p>\n<p>Proces aplikowania jest dwuetapowy. Pierwszy obejmie:<\/p>\n<ul class=\"type-chevron\">\n<li>Kr\u00f3tki wniosek (5 stronicowe podsumowanie),<\/li>\n<li>Pitch deck presentation (10 slajd\u00f3w)<\/li>\n<li>Video pitch (3 minuty).<\/li>\n<\/ul>\n<p>W przypadku pozytywnej oceny (ma ona trwa\u0107 4-6 tygodni) wnioskodawca zaproszony b\u0119dzie do z\u0142o\u017cenia w przeci\u0105gu 12 miesi\u0119cy pe\u0142nej aplikacji.<\/p>\n<p>Decyzja o udzieleniu wsparcia podejmowana jest po ocenie projektu kt\u00f3r\u0105 przeprowadza mi\u0119dzynarodowy zesp\u00f3\u0142 ekspert\u00f3w z zakresu technologii, biznesu oraz finans\u00f3w.<\/p>\n<p>Beneficjentom EIC Accelerator przys\u0142uguj\u0105 r\u00f3wnie\u017c&nbsp; bezp\u0142atne us\u0142ugi dodatkowe, takie jak coaching, mentoring, dost\u0119p do kontaktu z potencjalnymi inwestorami oraz partnerami biznesowymi.<\/p>\n<div class=\"embed-responsive embed-responsive-16by9\"><iframe loading=\"lazy\" title=\"European Innovation Council (EIC) pilot\" width=\"500\" height=\"281\" src=\"https:\/\/www.youtube.com\/embed\/51uohQ0nwXc?feature=oembed\" frameborder=\"0\" allow=\"accelerometer; autoplay; clipboard-write; encrypted-media; gyroscope; picture-in-picture; web-share\" referrerpolicy=\"strict-origin-when-cross-origin\" allowfullscreen><\/iframe><\/div>\n","protected":false},"excerpt":{"rendered":"<p>Accelerator to program akceleracyjny dla ma\u0142ych i \u015brednich przedsi\u0119biorstw (M\u015aP) ze wszystkich&nbsp; bran\u017c, w tym<\/p>\n","protected":false},"author":33,"featured_media":0,"parent":126,"menu_order":0,"comment_status":"closed","ping_status":"closed","template":"","meta":{"_acf_changed":false,"ngg_post_thumbnail":0,"footnotes":""},"class_list":["post-131","page","type-page","status-publish","hentry"],"acf":[],"_links":{"self":[{"href":"https:\/\/pb.edu.pl\/rpkbialystok\/wp-json\/wp\/v2\/pages\/131","targetHints":{"allow":["GET"]}}],"collection":[{"href":"https:\/\/pb.edu.pl\/rpkbialystok\/wp-json\/wp\/v2\/pages"}],"about":[{"href":"https:\/\/pb.edu.pl\/rpkbialystok\/wp-json\/wp\/v2\/types\/page"}],"author":[{"embeddable":true,"href":"https:\/\/pb.edu.pl\/rpkbialystok\/wp-json\/wp\/v2\/users\/33"}],"replies":[{"embeddable":true,"href":"https:\/\/pb.edu.pl\/rpkbialystok\/wp-json\/wp\/v2\/comments?post=131"}],"version-history":[{"count":0,"href":"https:\/\/pb.edu.pl\/rpkbialystok\/wp-json\/wp\/v2\/pages\/131\/revisions"}],"up":[{"embeddable":true,"href":"https:\/\/pb.edu.pl\/rpkbialystok\/wp-json\/wp\/v2\/pages\/126"}],"wp:attachment":[{"href":"https:\/\/pb.edu.pl\/rpkbialystok\/wp-json\/wp\/v2\/media?parent=131"}],"curies":[{"name":"wp","href":"https:\/\/api.w.org\/{rel}","templated":true}]}}