{"id":110,"date":"2021-01-22T12:06:00","date_gmt":"2021-01-22T11:06:00","guid":{"rendered":"https:\/\/pb.edu.pl\/rpkbialystok\/?page_id=110"},"modified":"2021-01-22T13:04:22","modified_gmt":"2021-01-22T12:04:22","slug":"europejski-program-wspolpracy-w-dziedzinie-badan-naukowo-technicznych-cost","status":"publish","type":"page","link":"https:\/\/pb.edu.pl\/rpkbialystok\/inne-programy\/europejski-program-wspolpracy-w-dziedzinie-badan-naukowo-technicznych-cost\/","title":{"rendered":"Europejski Program Wsp\u00f3\u0142pracy w Dziedzinie Bada\u0144 Naukowo-Technicznych COST"},"content":{"rendered":"<p><img loading=\"lazy\" decoding=\"async\" class=\"aligncenter size-full wp-image-111\" src=\"https:\/\/pb.edu.pl\/rpkbialystok\/wp-content\/uploads\/sites\/59\/2021\/01\/cost_big.png\" alt=\"\" width=\"251\" height=\"136\"><\/p>\n<p>Europejski Program Wsp\u00f3\u0142pracy w Dziedzinie Bada\u0144 Naukowo-Technicznych COST (<a title=\"Strona otworzy si\u0119 w nowym oknie\" href=\"https:\/\/www.cost.eu\/\" target=\"_blank\" rel=\"noopener noreferrer\"><em>European Cooperation in &nbsp;Science and Technology<\/em><\/a>) jest najd\u0142u\u017cej dzia\u0142aj\u0105cym europejskim programem wspieraj\u0105cym mi\u0119dzynarodow\u0105 wsp\u00f3\u0142prac\u0119 badaczy, in\u017cynier\u00f3w oraz uczonych w Europie.<\/p>\n<p>Program COST nie finansuje bada\u0144 samych w sobie, ale zapewnia wsparcie dla dzia\u0142a\u0144 wsp\u00f3\u0142pracy realizowanych w ramach sieci poszczeg\u00f3lnych Akcji COST. Akcje COST, b\u0119d\u0105ce oddolnie tworzonymi sieciami naukowo-technologicznymi, otwarte s\u0105 na nowych badaczy i interesariuszy. W trwaj\u0105cych cztery lata Akcjach COST powinno uczestniczy\u0107 minimum siedmiu reprezentant\u00f3w kraj\u00f3w cz\u0142onkowskich COST (<a title=\"Strona otworzy si\u0119 w nowym oknie\" href=\"https:\/\/www.cost.eu\/who-we-are\/members\/\" target=\"_blank\" rel=\"noopener noreferrer\">COST Member States<\/a>).<\/p>\n<h4>Kto mo\u017ce aplikowa\u0107?<\/h4>\n<p>Uczestnictwo w Akcjach COST jest otwarte dla:<\/p>\n<ul>\n<li>badaczy, in\u017cynier\u00f3w, uczonych reprezentuj\u0105cych:\n<ul>\n<li>szko\u0142y wy\u017csze (publiczne i prywatne),<\/li>\n<li>centra\/instytuty naukowo- badawcze,<\/li>\n<li>przemys\u0142 i M\u015aP,<\/li>\n<\/ul>\n<\/li>\n<li>zar\u00f3wno du\u017ce jak i ma\u0142e, publiczne oraz prywatne organizacje z 36 kraj\u00f3w cz\u0142onkowskich COST.<\/li>\n<\/ul>\n<h4>Jak przyst\u0105pi\u0107 do Programu COST?<\/h4>\n<p>W dzia\u0142ania COST mo\u017cna zaanga\u017cowa\u0107 si\u0119 na trzy r\u00f3\u017cne sposoby:<\/p>\n<ul>\n<li>udzia\u0142 w konkursie na now\u0105 Akcj\u0119 COST w roli pomys\u0142odawcy Akcji,<\/li>\n<li>przy\u0142\u0105czenie si\u0119 do ju\u017c istniej\u0105cej Akcji COST lub w\u0142\u0105czenie si\u0119 w proces przygotowywania propozycji (wniosku) nowej Akcji COST (jako tzw. wnioskodawca wt\u00f3rny \u2013&nbsp;<em>secondary proposer<\/em>),<\/li>\n<li>udzia\u0142 w roli zewn\u0119trznego eksperta COST.<\/li>\n<\/ul>\n<h4>Dzia\u0142ania finansowane w ramach Akcji COST:<\/h4>\n<ul>\n<li>spotkania, warsztaty i konferencje,<\/li>\n<li>granty na udzia\u0142 w konferencjach dla doktorant\u00f3w i m\u0142odych naukowc\u00f3w,<\/li>\n<li>kr\u00f3tkookresowe wyjazdy naukowe (STSMs \u2013&nbsp;<em>Short-Term Scientific Missions<\/em>),<\/li>\n<li>szkolenia (<em>training schools<\/em>),<\/li>\n<li>dzia\u0142ania upowszechniaj\u0105ce i publikacje.<\/li>\n<\/ul>\n<h4>Terminarz<\/h4>\n<p>Konkurs&nbsp; w dzia\u0142aniach COST otwarty jest w spos\u00f3b ci\u0105g\u0142y, natomiast daty nadsy\u0142ania propozycji wyznaczane s\u0105 co roku. Decyzja o finansowaniu danej Akcji podejmowana jest w ci\u0105gu 8 miesi\u0119cy od daty nadsy\u0142ania wniosk\u00f3w. Nast\u0119pna data zbierania wniosk\u00f3w wyznaczona zosta\u0142a na&nbsp;<strong>29 pa\u017adziernika 2021 r.&nbsp;<\/strong>Informacje na temat sposobu sk\u0142adania wniosk\u00f3w dost\u0119pne s\u0105 na&nbsp;<a title=\"Strona otworzy si\u0119 w nowym oknie\" href=\"https:\/\/www.cost.eu\/funding\/how-to-get-funding\/open-call\/\" target=\"_blank\" rel=\"noopener noreferrer\">stronie programu COST<\/a>.<\/p>\n<p><a href=\"https:\/\/pb.edu.pl\/rpkbialystok\/wp-content\/uploads\/sites\/59\/2021\/01\/COST.jpg\"><img loading=\"lazy\" decoding=\"async\" class=\"aligncenter wp-image-112 size-full\" src=\"https:\/\/pb.edu.pl\/rpkbialystok\/wp-content\/uploads\/sites\/59\/2021\/01\/COST-300x212-1.jpg\" alt=\"droga do uczestnictwa w cost\" width=\"300\" height=\"212\"><\/a><\/p>\n<h4>Osob\u0105 kontaktow\u0105 do programu jest Koordynator Krajowy COST w Polsce:<\/h4>\n<p>Jadwiga Mrozowska, g\u0142\u00f3wny specjalista<br \/>\nMinisterstwo Nauki i Szkolnictwa Wy\u017cszego<br \/>\nDepartament Wsp\u00f3\u0142pracy Mi\u0119dzynarodowej<br \/>\nul. Wsp\u00f3lna 1\/3, pok. 378<br \/>\n00-529 Warszawa<br \/>\ntel.: 22 52 92 378<br \/>\ne-mail:&nbsp;<a href=\"mailto:jadwiga.mrozowska@nauka.gov.pl%0d\">jadwiga.mrozowska@nauka.gov.pl<\/a><\/p>\n","protected":false},"excerpt":{"rendered":"<p>Europejski Program Wsp\u00f3\u0142pracy w Dziedzinie Bada\u0144 Naukowo-Technicznych COST (European Cooperation in &nbsp;Science and Technology) jest<\/p>\n","protected":false},"author":33,"featured_media":0,"parent":139,"menu_order":0,"comment_status":"closed","ping_status":"closed","template":"","meta":{"_acf_changed":false,"ngg_post_thumbnail":0,"footnotes":""},"class_list":["post-110","page","type-page","status-publish","hentry"],"acf":[],"_links":{"self":[{"href":"https:\/\/pb.edu.pl\/rpkbialystok\/wp-json\/wp\/v2\/pages\/110","targetHints":{"allow":["GET"]}}],"collection":[{"href":"https:\/\/pb.edu.pl\/rpkbialystok\/wp-json\/wp\/v2\/pages"}],"about":[{"href":"https:\/\/pb.edu.pl\/rpkbialystok\/wp-json\/wp\/v2\/types\/page"}],"author":[{"embeddable":true,"href":"https:\/\/pb.edu.pl\/rpkbialystok\/wp-json\/wp\/v2\/users\/33"}],"replies":[{"embeddable":true,"href":"https:\/\/pb.edu.pl\/rpkbialystok\/wp-json\/wp\/v2\/comments?post=110"}],"version-history":[{"count":0,"href":"https:\/\/pb.edu.pl\/rpkbialystok\/wp-json\/wp\/v2\/pages\/110\/revisions"}],"up":[{"embeddable":true,"href":"https:\/\/pb.edu.pl\/rpkbialystok\/wp-json\/wp\/v2\/pages\/139"}],"wp:attachment":[{"href":"https:\/\/pb.edu.pl\/rpkbialystok\/wp-json\/wp\/v2\/media?parent=110"}],"curies":[{"name":"wp","href":"https:\/\/api.w.org\/{rel}","templated":true}]}}