{"id":108,"date":"2021-01-22T12:01:21","date_gmt":"2021-01-22T11:01:21","guid":{"rendered":"https:\/\/pb.edu.pl\/rpkbialystok\/?page_id=108"},"modified":"2021-01-22T13:04:03","modified_gmt":"2021-01-22T12:04:03","slug":"inicjatywa-na-rzecz-innowacji-w-dziedzinie-zdrowia-ihi","status":"publish","type":"page","link":"https:\/\/pb.edu.pl\/rpkbialystok\/inne-programy\/inicjatywa-na-rzecz-innowacji-w-dziedzinie-zdrowia-ihi\/","title":{"rendered":"Inicjatywa na rzecz Innowacji w Dziedzinie Zdrowia \u2013 IHI"},"content":{"rendered":"<p><img loading=\"lazy\" decoding=\"async\" class=\"size-medium wp-image-56071 aligncenter\" src=\"https:\/\/www.kpk.gov.pl\/wp-content\/uploads\/2020\/12\/IHI_logo-300x225.jpg\" alt=\"\" width=\"300\" height=\"225\">Inicjatywa na rzecz Innowacji w Dziedzinie Zdrowia (IHI \u2013&nbsp;<em>Innovative Health Initiative<\/em>) to instytucjonalne partnerstwo publiczno-prywatne dla bada\u0144 i innowacji na etapie przed-konkurencyjnym w zakresie&nbsp;<strong>zapobiegania, diagnostyki, leczenia i walki z chorobami&nbsp;<\/strong>a\u017c po opiek\u0119 na koniec \u017cycia<strong>.<\/strong><\/p>\n<p>W ramach IHI zakres wsp\u00f3lnych bada\u0144 prowadzonych&nbsp;<u>przez stron\u0119 publiczn\u0105<\/u>&nbsp;\u2013 naukowc\u00f3w, organizacje pacjent\u00f3w, regulator\u00f3w oraz M\u015aP z du\u017cym przemys\u0142em zostanie&nbsp;<strong>rozszerzony poza sektor farmaceutyczny<\/strong>&nbsp;(EFPIA) i obejmie r\u00f3wnie\u017c zwi\u0105zane ze zdrowiem:&nbsp;<strong>technologie medyczne, biotechnologi\u0119, zdrowie cyfrowe i szczepionki<\/strong>.<\/p>\n<p>Partnerstwo instytucjonalne, realizowane przez specjalnie powo\u0142an\u0105 struktur\u0119 (Biuro), to w programie Horyzont Europa 2021-2027 partnerstwo pomi\u0119dzy Komisj\u0105 Europejsk\u0105 oraz:<\/p>\n<ol>\n<li><em>European Federation of Pharmaceutical Industries and Associations<\/em>&nbsp;(EFPIA);<\/li>\n<li>E<em>uropean Coordination Committee of the Radiological, Electromedical and Healthcare IT Industry<\/em>&nbsp;(COCIR);<\/li>\n<li>EuropaBio;<\/li>\n<li>MedTech Europe;<\/li>\n<li>VaccinesEurope<\/li>\n<\/ol>\n<p>W odpowiedzi na aktualne problemy w opiece zdrowotnej IHI okre\u015bli\u0142a&nbsp;<strong>cele na 7 lat programu<\/strong>:<\/p>\n<ol>\n<li>Lepsze zrozumienie czynnik\u00f3w warunkuj\u0105cych zdrowie i priorytetowych obszar\u00f3w chorobowych<\/li>\n<li>Integracja wysi\u0142k\u00f3w w zakresie bada\u0144 naukowych i innowacji w dziedzinie zdrowia rozproszonych mi\u0119dzy sektorami i technologiami, \u015brodowiskiem akademickim oraz zainteresowanymi stronami z sektora przemys\u0142u\/publicznego i prywatnego.<\/li>\n<li>Dostarczanie narz\u0119dzi, danych, platform, technologii i proces\u00f3w w celu lepszego przewidywania, zapobiegania, wychwytywania, leczenia i kontroli chor\u00f3b.<\/li>\n<li>Wykazanie wykonalno\u015bci zintegrowanych rozwi\u0105za\u0144 ukierunkowanych na cz\u0142owieka (np. po\u0142\u0105czenie nowych produkt\u00f3w i us\u0142ug) w ramach systemu opieki zdrowotnej.<\/li>\n<li>Wykorzystanie pe\u0142nego potencja\u0142u digitalizacji i wymiany danych w opiece zdrowotnej (np. za pomoc\u0105 standard\u00f3w, metod i narz\u0119dzi zapewniaj\u0105cych wzajemne po\u0142\u0105czenia i interoperacyjno\u015b\u0107).<\/li>\n<li>Dostarczanie nowych i ulepszonych metodologii i modeli kompleksowej oceny warto\u015bci dodanej innowacyjnych i zintegrowanych rozwi\u0105za\u0144 w zakresie opieki zdrowotnej.<\/li>\n<\/ol>\n<p>Priorytetowe obszary chorobowe:<\/p>\n<ol>\n<li>Demencja<\/li>\n<li>Starzenie<\/li>\n<li>Rak<\/li>\n<li>Cukrzyca<\/li>\n<li>Medycyna personalizowana i terapie innowacyjne<\/li>\n<li>Choroby zaka\u017ane i lekooporno\u015b\u0107<\/li>\n<li>Choroby uk\u0142adu kr\u0105\u017cenia.<\/li>\n<\/ol>\n<p>Partnerzy publiczni, non-profit oraz ma\u0142e i \u015brednie przedsi\u0119biorstwa b\u0119d\u0105 finansowane w 100%, partnerzy z du\u017cego przemys\u0142u wnosz\u0105 przede wszystkim wk\u0142ad rzeczowy.<\/p>\n","protected":false},"excerpt":{"rendered":"<p>Inicjatywa na rzecz Innowacji w Dziedzinie Zdrowia (IHI \u2013&nbsp;Innovative Health Initiative) to instytucjonalne partnerstwo publiczno-prywatne<\/p>\n","protected":false},"author":33,"featured_media":0,"parent":139,"menu_order":0,"comment_status":"closed","ping_status":"closed","template":"","meta":{"_acf_changed":false,"ngg_post_thumbnail":0,"footnotes":""},"class_list":["post-108","page","type-page","status-publish","hentry"],"acf":[],"_links":{"self":[{"href":"https:\/\/pb.edu.pl\/rpkbialystok\/wp-json\/wp\/v2\/pages\/108","targetHints":{"allow":["GET"]}}],"collection":[{"href":"https:\/\/pb.edu.pl\/rpkbialystok\/wp-json\/wp\/v2\/pages"}],"about":[{"href":"https:\/\/pb.edu.pl\/rpkbialystok\/wp-json\/wp\/v2\/types\/page"}],"author":[{"embeddable":true,"href":"https:\/\/pb.edu.pl\/rpkbialystok\/wp-json\/wp\/v2\/users\/33"}],"replies":[{"embeddable":true,"href":"https:\/\/pb.edu.pl\/rpkbialystok\/wp-json\/wp\/v2\/comments?post=108"}],"version-history":[{"count":0,"href":"https:\/\/pb.edu.pl\/rpkbialystok\/wp-json\/wp\/v2\/pages\/108\/revisions"}],"up":[{"embeddable":true,"href":"https:\/\/pb.edu.pl\/rpkbialystok\/wp-json\/wp\/v2\/pages\/139"}],"wp:attachment":[{"href":"https:\/\/pb.edu.pl\/rpkbialystok\/wp-json\/wp\/v2\/media?parent=108"}],"curies":[{"name":"wp","href":"https:\/\/api.w.org\/{rel}","templated":true}]}}