{"id":105,"date":"2021-01-22T11:59:33","date_gmt":"2021-01-22T10:59:33","guid":{"rendered":"https:\/\/pb.edu.pl\/rpkbialystok\/?page_id=105"},"modified":"2021-01-22T13:04:11","modified_gmt":"2021-01-22T12:04:11","slug":"euraxess","status":"publish","type":"page","link":"https:\/\/pb.edu.pl\/rpkbialystok\/inne-programy\/euraxess\/","title":{"rendered":"EURAXESS"},"content":{"rendered":"<p><a href=\"http:\/\/euraxess.pl\/indexp\/strona-glowna.htm\" target=\"_blank\" rel=\"noopener\"><img loading=\"lazy\" decoding=\"async\" class=\"wp-image-16548 size-full aligncenter\" src=\"http:\/\/www.kpk.gov.pl\/wp-content\/uploads\/2014\/07\/logo_euraxess.jpg\" alt=\"logo_euraxess\" width=\"143\" height=\"108\"><\/a><\/p>\n<p><strong>EURAXESS<\/strong>&nbsp;to europejska sie\u0107 wspieraj\u0105ca mobilno\u015b\u0107 mi\u0119dzynarodow\u0105 naukowc\u00f3w. Centra EURAXESS pomagaj\u0105 naukowcom i ich rodzinom przyje\u017cd\u017caj\u0105cym do Europy oraz podr\u00f3\u017cuj\u0105cym mi\u0119dzy krajami europejskimi. W Polsce funkcjonuje 10 punkt\u00f3w zlokalizowanych w instytucjach naukowych w najwi\u0119kszych miastach. Dzi\u0119ki EURAXESS naukowcy oraz ich pracodawcy uzyskuj\u0105&nbsp;<strong>bezp\u0142atne<\/strong>&nbsp;informacje i pomoc w zakresie&nbsp;<strong>wiz, legalizacji pobytu, zakwaterowania, warunk\u00f3w zatrudnienia<\/strong>, czy&nbsp;<strong>\u017cycia codziennego<\/strong>. Doradzamy r\u00f3wnie\u017c odno\u015bnie&nbsp;<strong>grant\u00f3w badawczych<\/strong>&nbsp;i stypendi\u00f3w zagranicznych dost\u0119pnych ze \u015brodk\u00f3w krajowych, europejskich i zagranicznych.<\/p>\n<p>EURAXESS Polska:&nbsp;<a title=\"Strona otworzy si\u0119 w nowym oknie\" href=\"https:\/\/www.euraxess.pl\/\" target=\"_blank\" rel=\"noopener\">https:\/\/www.euraxess.pl<\/a><\/p>\n","protected":false},"excerpt":{"rendered":"<p>EURAXESS&nbsp;to europejska sie\u0107 wspieraj\u0105ca mobilno\u015b\u0107 mi\u0119dzynarodow\u0105 naukowc\u00f3w. Centra EURAXESS pomagaj\u0105 naukowcom i ich rodzinom przyje\u017cd\u017caj\u0105cym<\/p>\n","protected":false},"author":33,"featured_media":0,"parent":139,"menu_order":0,"comment_status":"closed","ping_status":"closed","template":"","meta":{"_acf_changed":false,"ngg_post_thumbnail":0,"footnotes":""},"class_list":["post-105","page","type-page","status-publish","hentry"],"acf":[],"_links":{"self":[{"href":"https:\/\/pb.edu.pl\/rpkbialystok\/wp-json\/wp\/v2\/pages\/105","targetHints":{"allow":["GET"]}}],"collection":[{"href":"https:\/\/pb.edu.pl\/rpkbialystok\/wp-json\/wp\/v2\/pages"}],"about":[{"href":"https:\/\/pb.edu.pl\/rpkbialystok\/wp-json\/wp\/v2\/types\/page"}],"author":[{"embeddable":true,"href":"https:\/\/pb.edu.pl\/rpkbialystok\/wp-json\/wp\/v2\/users\/33"}],"replies":[{"embeddable":true,"href":"https:\/\/pb.edu.pl\/rpkbialystok\/wp-json\/wp\/v2\/comments?post=105"}],"version-history":[{"count":0,"href":"https:\/\/pb.edu.pl\/rpkbialystok\/wp-json\/wp\/v2\/pages\/105\/revisions"}],"up":[{"embeddable":true,"href":"https:\/\/pb.edu.pl\/rpkbialystok\/wp-json\/wp\/v2\/pages\/139"}],"wp:attachment":[{"href":"https:\/\/pb.edu.pl\/rpkbialystok\/wp-json\/wp\/v2\/media?parent=105"}],"curies":[{"name":"wp","href":"https:\/\/api.w.org\/{rel}","templated":true}]}}