{"id":101,"date":"2021-01-22T11:57:10","date_gmt":"2021-01-22T10:57:10","guid":{"rendered":"https:\/\/pb.edu.pl\/rpkbialystok\/?page_id=101"},"modified":"2021-01-22T13:03:41","modified_gmt":"2021-01-22T12:03:41","slug":"euratom","status":"publish","type":"page","link":"https:\/\/pb.edu.pl\/rpkbialystok\/inne-programy\/euratom\/","title":{"rendered":"EURATOM"},"content":{"rendered":"<p><a href=\"http:\/\/www.kpk.gov.pl\/wp-content\/uploads\/2014\/01\/euratom-fi_logo.jpg\"><img loading=\"lazy\" decoding=\"async\" class=\"wp-image-32104 size-medium aligncenter\" src=\"http:\/\/www.kpk.gov.pl\/wp-content\/uploads\/2014\/01\/euratom-fi_logo-300x132.jpg\" alt=\"euratom-fi_logo\" width=\"300\" height=\"132\"><\/a>Euratom to program badawczo-szkoleniowy Europejskiej Wsp\u00f3lnoty Energii Atomowej na lata 2021\u20132025. W ramach programu prowadzone s\u0105 mi\u0119dzy innymi badania dotycz\u0105ce kwestii bezpiecze\u0144stwa j\u0105drowego, ochrony radiologicznej, gospodarowania odpadami promieniotw\u00f3rczymi oraz syntezy j\u0105drowej.<\/p>\n<p>Badania j\u0105drowe w istotnym stopniu przyczyniaj\u0105 si\u0119 do zr\u00f3wnowa\u017cenia \u015brodowiskowego i wspieraj\u0105 walk\u0119 ze zmianami klimatu dzi\u0119ki zmniejszeniu zale\u017cno\u015bci Unii od importowanej energii. Natomiast badania naukowe w&nbsp;dziedzinie ochrony radiologicznej umo\u017cliwiaj\u0105 udoskonalenie technologii medycznych, z&nbsp;kt\u00f3rych korzysta wielu obywateli, mog\u0105 r\u00f3wnie\u017c prowadzi\u0107 do korzystnych zmian w&nbsp;innych sektorach, takich jak przemys\u0142, rolnictwo, ochrona \u015brodowiska i&nbsp;bezpiecze\u0144stwo. R\u00f3wnie wa\u017cny jest wk\u0142ad bada\u0144 j\u0105drowych w osi\u0105gni\u0119cie zero emisyjno\u015bci systemu energetycznego w spos\u00f3b bezpieczny, wydajny i pewny.<\/p>\n<p>Program dzieli si\u0119 na 2 obszary:<\/p>\n<h4>&nbsp;<\/h4>\n<h4><strong>Euratom Fission&nbsp;&nbsp;&nbsp;&nbsp;&nbsp;&nbsp;&nbsp;&nbsp;&nbsp;&nbsp;&nbsp;&nbsp;&nbsp;&nbsp;&nbsp;&nbsp;&nbsp;&nbsp;&nbsp;&nbsp;&nbsp;&nbsp;&nbsp;&nbsp;&nbsp;&nbsp;&nbsp;&nbsp;&nbsp;&nbsp;&nbsp;&nbsp;&nbsp;&nbsp;&nbsp;&nbsp;&nbsp;&nbsp;&nbsp;&nbsp;&nbsp;&nbsp;&nbsp;&nbsp;&nbsp;&nbsp;&nbsp;&nbsp;&nbsp;&nbsp;&nbsp;&nbsp;&nbsp;&nbsp;&nbsp;&nbsp;&nbsp;&nbsp;&nbsp;&nbsp;&nbsp;&nbsp;&nbsp;&nbsp;&nbsp;&nbsp;&nbsp;&nbsp;&nbsp;&nbsp;&nbsp;&nbsp;&nbsp; &nbsp;<\/strong><\/h4>\n<p>Obejmuje zagadnienia dotycz\u0105ce rozszczepienia j\u0105dra atomowego i ochrony przed promieniowaniem radioaktywnym oraz jego wykorzystanie w medycynie i innych obszarach.<\/p>\n<h4><strong>Euratom Fusion<\/strong><\/h4>\n<p>Obejmuje badania nad fuzj\u0105 j\u0105drow\u0105 w celu wykorzystania plazmy w energetyce, kt\u00f3re &nbsp;to rozwi\u0105zania, &nbsp;pozwol\u0105 na przej\u015bcie od bada\u0144 czysto teoretycznych, do bada\u0144 zwi\u0105zanych z projektowaniem, budowaniem i wykorzystywaniem takich instalacji jak&nbsp;<a title=\"Strona otworzy si\u0119 w nowym oknie\" href=\"http:\/\/ec.europa.eu\/research\/energy\/euratom\/index_en.cfm?pg=fusion&amp;section=iter\" target=\"_blank\" rel=\"noopener noreferrer\">ITER.<\/a>&nbsp;Pozwoli to na poczynienie post\u0119p\u00f3w w zakresie wykorzystania fuzji do produkcji energii elektrycznej.<\/p>\n","protected":false},"excerpt":{"rendered":"<p>Euratom to program badawczo-szkoleniowy Europejskiej Wsp\u00f3lnoty Energii Atomowej na lata 2021\u20132025. W ramach programu prowadzone<\/p>\n","protected":false},"author":33,"featured_media":0,"parent":139,"menu_order":0,"comment_status":"closed","ping_status":"closed","template":"","meta":{"_acf_changed":false,"ngg_post_thumbnail":0,"footnotes":""},"class_list":["post-101","page","type-page","status-publish","hentry"],"acf":[],"_links":{"self":[{"href":"https:\/\/pb.edu.pl\/rpkbialystok\/wp-json\/wp\/v2\/pages\/101","targetHints":{"allow":["GET"]}}],"collection":[{"href":"https:\/\/pb.edu.pl\/rpkbialystok\/wp-json\/wp\/v2\/pages"}],"about":[{"href":"https:\/\/pb.edu.pl\/rpkbialystok\/wp-json\/wp\/v2\/types\/page"}],"author":[{"embeddable":true,"href":"https:\/\/pb.edu.pl\/rpkbialystok\/wp-json\/wp\/v2\/users\/33"}],"replies":[{"embeddable":true,"href":"https:\/\/pb.edu.pl\/rpkbialystok\/wp-json\/wp\/v2\/comments?post=101"}],"version-history":[{"count":0,"href":"https:\/\/pb.edu.pl\/rpkbialystok\/wp-json\/wp\/v2\/pages\/101\/revisions"}],"up":[{"embeddable":true,"href":"https:\/\/pb.edu.pl\/rpkbialystok\/wp-json\/wp\/v2\/pages\/139"}],"wp:attachment":[{"href":"https:\/\/pb.edu.pl\/rpkbialystok\/wp-json\/wp\/v2\/media?parent=101"}],"curies":[{"name":"wp","href":"https:\/\/api.w.org\/{rel}","templated":true}]}}