{"id":272,"date":"2020-05-20T22:41:10","date_gmt":"2020-05-20T20:41:10","guid":{"rendered":"https:\/\/pb.edu.pl\/roboquest\/?page_id=272"},"modified":"2025-03-09T19:15:19","modified_gmt":"2025-03-09T18:15:19","slug":"informacja-o-przetwarzaniu-danych-osobowych","status":"publish","type":"page","link":"https:\/\/pb.edu.pl\/roboquest\/rejestracja\/informacja-o-przetwarzaniu-danych-osobowych\/","title":{"rendered":"Informacja o przetwarzaniu danych osobowych"},"content":{"rendered":"<p><!--\n<strong>Informacja Administratora \u2013 zgodnie z art. 13 ust. 1 i 2 og\u00f3lnego rozporz\u0105dzenia o ochronie danych osobowych nr 2016\/679 z dnia 27 kwietnia 2016 r. (dalej RODO)<\/strong>\n\n\n<ol>\n \t\n\n<li>Administratorem Pani\/Pana danych osobowych jest Politechnika Bia\u0142ostocka, ul. Wiejska 45A, 15-351 Bia\u0142ystok, tel.: 85 746 90 00, <a title=\"otworzy si\u0119 w nowej zak\u0142adce\" href=\"https:\/\/pb.edu.pl\" target=\"_blank\" rel=\"noopener\">pb.edu.pl<\/a> (dalej Uczelnia).<\/li>\n\n\n \t\n\n<li>Administrator, zgodnie z art. 37 ust. 1 lit. a RODO, powo\u0142a\u0142 Inspektora Ochrony Danych, z kt\u00f3rym w sprawach zwi\u0105zanych z przetwarzaniem danych osobowych mo\u017ce si\u0119 Pani\/Pan kontaktowa\u0107 za pomoc\u0105 poczty elektronicznej pod adresem: iod@pb.edu.pl.<\/li>\n\n\n \t\n\n<li>Pani\/Pana dane osobowe przetwarzane b\u0119d\u0105 w celu:\na. rejestracji uczestnictwa,\nb. organizacji konferencji przy wykorzystaniu narz\u0119dzia MS Teams,\nc. komunikowania si\u0119 z Uczestnikami w sprawach zwi\u0105zanych z konferencj\u0105 i udokumentowania jej przebiegu\n- na podstawie art. 6 ust. 1 lit. e RODO, gdy\u017c jest to niezb\u0119dne do wykonania zadania realizowanego w interesie publicznym w zwi\u0105zku z misj\u0105 systemu szkolnictwa wy\u017cszego i nauki w zakresie kszta\u0142cenia, dzia\u0142alno\u015bci naukowej, kszta\u0142towania postaw obywatelskich,\nd. promocyjnym i informacyjnym \u2013 przetwarzanie danych osobowych Uczestnik\u00f3w i Prelegent\u00f3w odbywa si\u0119 na podstawie art. 6 ust. 1 lit. e RODO oraz na podstawie art. 6 ust. 1 lit. a RODO w zakresie publikacji wizerunku.<\/li>\n\n\n \t\n\n<li>Odbiorcami Pani\/Pana danych osobowych mog\u0105 by\u0107 podmioty realizuj\u0105ce us\u0142ugi na rzecz Uczelni m.in. dostawcy us\u0142ug internetowych, obs\u0142uga prawna oraz inne podmioty uprawnione na podstawie przepis\u00f3w prawa, u\u017cytkownicy stron internetowych administratora i portali spo\u0142eczno\u015bciowych na kt\u00f3rych administrator posiada konta.<\/li>\n\n\n \t\n\n<li>Pani\/Pana dane osobowe b\u0119d\u0105 przechowywane okres niezb\u0119dny do prawid\u0142owej organizacji konferencji a nast\u0119pnie przez okres 6 miesi\u0119cy oraz do czasu cofni\u0119cia udzielonej zgody \u2013 w zakresie danych przetwarzanych na podstawie udzielonej zgody.<\/li>\n\n\n \t\n\n<li>Przys\u0142uguje Pani\/Panu prawo dost\u0119pu do tre\u015bci swoich danych, oraz z zastrze\u017ceniem przepis\u00f3w prawa przys\u0142uguje Pani\/Panu prawo do:\na) cofni\u0119cia udzielonej zgody, z zastrze\u017ceniem, \u017ce cofni\u0119cie zgody nie b\u0119dzie wp\u0142ywa\u0107 ma zgodno\u015b\u0107 z prawem przetwarzania, kt\u00f3rego dokonano na podstawie Pani\/Pana zgody przed jej wycofaniem;\nb) sprostowania danych,\nc) usuni\u0119cia danych,\nd) ograniczenia przetwarzania danych,\ne) wniesienia sprzeciwu wobec przetwarzania danych osobowych.<\/li>\n\n\n \t\n\n<li>Gdy uzna Pani\/Pan, \u017ce przetwarzanie danych osobowych narusza powszechnie obowi\u0105zuj\u0105ce przepisy w tym zakresie przys\u0142uguje Pani\/Panu prawo do wniesienia skargi do organu nadzorczego. W Polsce jest to Prezes Urz\u0119du Ochrony Danych Osobowych.<\/li>\n\n\n \t\n\n<li>Podanie danych osobowych jest dobrowolne, lecz niezb\u0119dne w celu rejestracji i udzia\u0142u w konferencji. Konsekwencj\u0105 niepodania danych osobowych b\u0119dzie brak mo\u017cliwo\u015bci uczestniczenia w ww. konferencji.<\/li>\n\n\n \t\n\n<li>Pani\/Pana dane osobowe nie b\u0119d\u0105 wykorzystywane do zautomatyzowanego podejmowania decyzji ani profilowania, o kt\u00f3rym mowa w art. 22 rozporz\u0105dzenia.<\/li>\n\n\n<\/ol>\n\n\n--><\/p>\n","protected":false},"excerpt":{"rendered":"","protected":false},"author":2,"featured_media":0,"parent":30,"menu_order":1,"comment_status":"closed","ping_status":"closed","template":"","meta":{"_acf_changed":false,"ngg_post_thumbnail":0,"footnotes":""},"class_list":["post-272","page","type-page","status-publish","hentry"],"acf":[],"yoast_head":"<!-- This site is optimized with the Yoast SEO plugin v27.0 - https:\/\/yoast.com\/product\/yoast-seo-wordpress\/ -->\n<title>Informacja o przetwarzaniu danych osobowych - Konkurs RoboQuest - Politechnika Bia\u0142ostocka<\/title>\n<meta name=\"robots\" content=\"index, follow, max-snippet:-1, max-image-preview:large, max-video-preview:-1\" \/>\n<link rel=\"canonical\" href=\"https:\/\/pb.edu.pl\/roboquest\/rejestracja\/informacja-o-przetwarzaniu-danych-osobowych\/\" \/>\n<meta property=\"og:locale\" content=\"pl_PL\" \/>\n<meta property=\"og:type\" content=\"article\" \/>\n<meta property=\"og:title\" content=\"Informacja o przetwarzaniu danych osobowych - Konkurs RoboQuest - Politechnika Bia\u0142ostocka\" \/>\n<meta property=\"og:url\" content=\"https:\/\/pb.edu.pl\/roboquest\/rejestracja\/informacja-o-przetwarzaniu-danych-osobowych\/\" \/>\n<meta property=\"og:site_name\" content=\"Konkurs RoboQuest\" \/>\n<meta property=\"article:modified_time\" content=\"2025-03-09T18:15:19+00:00\" \/>\n<meta name=\"twitter:card\" content=\"summary_large_image\" \/>\n<script type=\"application\/ld+json\" class=\"yoast-schema-graph\">{\"@context\":\"https:\/\/schema.org\",\"@graph\":[{\"@type\":\"WebPage\",\"@id\":\"https:\/\/pb.edu.pl\/roboquest\/rejestracja\/informacja-o-przetwarzaniu-danych-osobowych\/\",\"url\":\"https:\/\/pb.edu.pl\/roboquest\/rejestracja\/informacja-o-przetwarzaniu-danych-osobowych\/\",\"name\":\"Informacja o przetwarzaniu danych osobowych - Konkurs RoboQuest - Politechnika Bia\u0142ostocka\",\"isPartOf\":{\"@id\":\"https:\/\/pb.edu.pl\/roboquest\/#website\"},\"datePublished\":\"2020-05-20T20:41:10+00:00\",\"dateModified\":\"2025-03-09T18:15:19+00:00\",\"breadcrumb\":{\"@id\":\"https:\/\/pb.edu.pl\/roboquest\/rejestracja\/informacja-o-przetwarzaniu-danych-osobowych\/#breadcrumb\"},\"inLanguage\":\"pl-PL\",\"potentialAction\":[{\"@type\":\"ReadAction\",\"target\":[\"https:\/\/pb.edu.pl\/roboquest\/rejestracja\/informacja-o-przetwarzaniu-danych-osobowych\/\"]}]},{\"@type\":\"BreadcrumbList\",\"@id\":\"https:\/\/pb.edu.pl\/roboquest\/rejestracja\/informacja-o-przetwarzaniu-danych-osobowych\/#breadcrumb\",\"itemListElement\":[{\"@type\":\"ListItem\",\"position\":1,\"name\":\"Strona g\u0142\u00f3wna\",\"item\":\"https:\/\/pb.edu.pl\/roboquest\/\"},{\"@type\":\"ListItem\",\"position\":2,\"name\":\"Rejestracja\",\"item\":\"https:\/\/pb.edu.pl\/roboquest\/rejestracja\/\"},{\"@type\":\"ListItem\",\"position\":3,\"name\":\"Informacja o przetwarzaniu danych osobowych\"}]},{\"@type\":\"WebSite\",\"@id\":\"https:\/\/pb.edu.pl\/roboquest\/#website\",\"url\":\"https:\/\/pb.edu.pl\/roboquest\/\",\"name\":\"Konkurs RoboQuest\",\"description\":\"\",\"potentialAction\":[{\"@type\":\"SearchAction\",\"target\":{\"@type\":\"EntryPoint\",\"urlTemplate\":\"https:\/\/pb.edu.pl\/roboquest\/?s={search_term_string}\"},\"query-input\":{\"@type\":\"PropertyValueSpecification\",\"valueRequired\":true,\"valueName\":\"search_term_string\"}}],\"inLanguage\":\"pl-PL\"}]}<\/script>\n<!-- \/ Yoast SEO plugin. -->","yoast_head_json":{"title":"Informacja o przetwarzaniu danych osobowych - Konkurs RoboQuest - Politechnika Bia\u0142ostocka","robots":{"index":"index","follow":"follow","max-snippet":"max-snippet:-1","max-image-preview":"max-image-preview:large","max-video-preview":"max-video-preview:-1"},"canonical":"https:\/\/pb.edu.pl\/roboquest\/rejestracja\/informacja-o-przetwarzaniu-danych-osobowych\/","og_locale":"pl_PL","og_type":"article","og_title":"Informacja o przetwarzaniu danych osobowych - Konkurs RoboQuest - Politechnika Bia\u0142ostocka","og_url":"https:\/\/pb.edu.pl\/roboquest\/rejestracja\/informacja-o-przetwarzaniu-danych-osobowych\/","og_site_name":"Konkurs RoboQuest","article_modified_time":"2025-03-09T18:15:19+00:00","twitter_card":"summary_large_image","schema":{"@context":"https:\/\/schema.org","@graph":[{"@type":"WebPage","@id":"https:\/\/pb.edu.pl\/roboquest\/rejestracja\/informacja-o-przetwarzaniu-danych-osobowych\/","url":"https:\/\/pb.edu.pl\/roboquest\/rejestracja\/informacja-o-przetwarzaniu-danych-osobowych\/","name":"Informacja o przetwarzaniu danych osobowych - Konkurs RoboQuest - Politechnika Bia\u0142ostocka","isPartOf":{"@id":"https:\/\/pb.edu.pl\/roboquest\/#website"},"datePublished":"2020-05-20T20:41:10+00:00","dateModified":"2025-03-09T18:15:19+00:00","breadcrumb":{"@id":"https:\/\/pb.edu.pl\/roboquest\/rejestracja\/informacja-o-przetwarzaniu-danych-osobowych\/#breadcrumb"},"inLanguage":"pl-PL","potentialAction":[{"@type":"ReadAction","target":["https:\/\/pb.edu.pl\/roboquest\/rejestracja\/informacja-o-przetwarzaniu-danych-osobowych\/"]}]},{"@type":"BreadcrumbList","@id":"https:\/\/pb.edu.pl\/roboquest\/rejestracja\/informacja-o-przetwarzaniu-danych-osobowych\/#breadcrumb","itemListElement":[{"@type":"ListItem","position":1,"name":"Strona g\u0142\u00f3wna","item":"https:\/\/pb.edu.pl\/roboquest\/"},{"@type":"ListItem","position":2,"name":"Rejestracja","item":"https:\/\/pb.edu.pl\/roboquest\/rejestracja\/"},{"@type":"ListItem","position":3,"name":"Informacja o przetwarzaniu danych osobowych"}]},{"@type":"WebSite","@id":"https:\/\/pb.edu.pl\/roboquest\/#website","url":"https:\/\/pb.edu.pl\/roboquest\/","name":"Konkurs RoboQuest","description":"","potentialAction":[{"@type":"SearchAction","target":{"@type":"EntryPoint","urlTemplate":"https:\/\/pb.edu.pl\/roboquest\/?s={search_term_string}"},"query-input":{"@type":"PropertyValueSpecification","valueRequired":true,"valueName":"search_term_string"}}],"inLanguage":"pl-PL"}]}},"_links":{"self":[{"href":"https:\/\/pb.edu.pl\/roboquest\/wp-json\/wp\/v2\/pages\/272","targetHints":{"allow":["GET"]}}],"collection":[{"href":"https:\/\/pb.edu.pl\/roboquest\/wp-json\/wp\/v2\/pages"}],"about":[{"href":"https:\/\/pb.edu.pl\/roboquest\/wp-json\/wp\/v2\/types\/page"}],"author":[{"embeddable":true,"href":"https:\/\/pb.edu.pl\/roboquest\/wp-json\/wp\/v2\/users\/2"}],"replies":[{"embeddable":true,"href":"https:\/\/pb.edu.pl\/roboquest\/wp-json\/wp\/v2\/comments?post=272"}],"version-history":[{"count":0,"href":"https:\/\/pb.edu.pl\/roboquest\/wp-json\/wp\/v2\/pages\/272\/revisions"}],"up":[{"embeddable":true,"href":"https:\/\/pb.edu.pl\/roboquest\/wp-json\/wp\/v2\/pages\/30"}],"wp:attachment":[{"href":"https:\/\/pb.edu.pl\/roboquest\/wp-json\/wp\/v2\/media?parent=272"}],"curies":[{"name":"wp","href":"https:\/\/api.w.org\/{rel}","templated":true}]}}