{"id":776,"date":"2023-03-20T22:52:27","date_gmt":"2023-03-20T21:52:27","guid":{"rendered":"https:\/\/pb.edu.pl\/pzp\/?page_id=776"},"modified":"2023-04-06T07:40:35","modified_gmt":"2023-04-06T05:40:35","slug":"studenci","status":"publish","type":"page","link":"https:\/\/pb.edu.pl\/pzp\/badania-ankietowe\/studenci\/","title":{"rendered":"Ankieta skierowana do student\u00f3w Politechniki Bia\u0142ostockiej"},"content":{"rendered":"<p><img loading=\"lazy\" decoding=\"async\" class=\"aligncenter size-full wp-image-998\" src=\"https:\/\/pb.edu.pl\/pzp\/wp-content\/uploads\/sites\/99\/2023\/03\/belka-POWER_pl-kolor.jpg\" alt=\"\" width=\"1871\" height=\"183\" srcset=\"https:\/\/pb.edu.pl\/pzp\/wp-content\/uploads\/sites\/99\/2023\/03\/belka-POWER_pl-kolor.jpg 1871w, https:\/\/pb.edu.pl\/pzp\/wp-content\/uploads\/sites\/99\/2023\/03\/belka-POWER_pl-kolor-300x29.jpg 300w, https:\/\/pb.edu.pl\/pzp\/wp-content\/uploads\/sites\/99\/2023\/03\/belka-POWER_pl-kolor-1024x100.jpg 1024w, https:\/\/pb.edu.pl\/pzp\/wp-content\/uploads\/sites\/99\/2023\/03\/belka-POWER_pl-kolor-768x75.jpg 768w, https:\/\/pb.edu.pl\/pzp\/wp-content\/uploads\/sites\/99\/2023\/03\/belka-POWER_pl-kolor-1536x150.jpg 1536w\" sizes=\"auto, (max-width: 1871px) 100vw, 1871px\" \/><\/p>\n<p>na rzecz utworzenia pilota\u017cowego programu profilaktycznego w obszarze zdrowia psychicznego dla spo\u0142eczno\u015bci akademickiej Politechniki Bia\u0142ostockiej.<br \/>\n&nbsp;<\/p>\n<p>Szanowni Pa\u0144stwo,<\/p>\n<p>poni\u017csza ankieta stanowi narz\u0119dzie do identyfikacji problem\u00f3w oraz potrzeb w zakresie zdrowia psychicznego, w\u015br\u00f3d spo\u0142eczno\u015bci Politechniki Bia\u0142ostockiej, a jej wyniki pos\u0142u\u017c\u0105 opracowaniu i wdro\u017ceniu pilota\u017cowego programu profilaktycznego w obszarze zdrowia psychicznego dla spo\u0142eczno\u015bci akademickiej Politechniki Bia\u0142ostockiej. Dzia\u0142anie jest realizowane w ramach projektu <strong>\u201ePB Dost\u0119pna\u201d <\/strong>wsp\u00f3\u0142finansowanego przez Uni\u0119 Europejsk\u0105 w ramach Europejskiego Funduszu Spo\u0142ecznego, Program Operacyjny Wiedza Edukacja Rozw\u00f3j.&nbsp;Informacje uzyskane dzi\u0119ki Pa\u0144stwa odpowiedziom pos\u0142u\u017c\u0105 do zaplanowania dzia\u0142a\u0144 profilaktycznych oraz w razie potrzeby pomocowych w obszarze zdrowia psychicznego. <strong>Nie ma tutaj dobrych ani z\u0142ych odpowiedzi, wa\u017cne, aby by\u0142y szczere. Ankieta jest ca\u0142kowicie anonimowa. Wszystkie informacje b\u0119d\u0105 analizowane wy\u0142\u0105cznie statystycznie.<\/strong> Prosz\u0119 wybra\u0107 w\u0142a\u015bciw\u0105 zdaniem Pa\u0144stwa odpowied\u017a (jedn\u0105 lub kilka zgodnie z instrukcj\u0105) do ka\u017cdego z pyta\u0144.<\/p>\n<p>&nbsp;<\/p>\n","protected":false},"excerpt":{"rendered":"<p>na rzecz utworzenia pilota\u017cowego programu profilaktycznego w obszarze zdrowia psychicznego dla spo\u0142eczno\u015bci akademickiej Politechniki Bia\u0142ostockiej.<\/p>\n","protected":false},"author":2,"featured_media":0,"parent":633,"menu_order":2,"comment_status":"closed","ping_status":"closed","template":"","meta":{"_acf_changed":false,"ngg_post_thumbnail":0,"footnotes":""},"class_list":["post-776","page","type-page","status-publish","hentry"],"acf":[],"_links":{"self":[{"href":"https:\/\/pb.edu.pl\/pzp\/wp-json\/wp\/v2\/pages\/776","targetHints":{"allow":["GET"]}}],"collection":[{"href":"https:\/\/pb.edu.pl\/pzp\/wp-json\/wp\/v2\/pages"}],"about":[{"href":"https:\/\/pb.edu.pl\/pzp\/wp-json\/wp\/v2\/types\/page"}],"author":[{"embeddable":true,"href":"https:\/\/pb.edu.pl\/pzp\/wp-json\/wp\/v2\/users\/2"}],"replies":[{"embeddable":true,"href":"https:\/\/pb.edu.pl\/pzp\/wp-json\/wp\/v2\/comments?post=776"}],"version-history":[{"count":0,"href":"https:\/\/pb.edu.pl\/pzp\/wp-json\/wp\/v2\/pages\/776\/revisions"}],"up":[{"embeddable":true,"href":"https:\/\/pb.edu.pl\/pzp\/wp-json\/wp\/v2\/pages\/633"}],"wp:attachment":[{"href":"https:\/\/pb.edu.pl\/pzp\/wp-json\/wp\/v2\/media?parent=776"}],"curies":[{"name":"wp","href":"https:\/\/api.w.org\/{rel}","templated":true}]}}