{"id":1078,"date":"2023-04-26T10:19:19","date_gmt":"2023-04-26T08:19:19","guid":{"rendered":"https:\/\/pb.edu.pl\/pzp\/?page_id=1078"},"modified":"2023-05-23T07:24:12","modified_gmt":"2023-05-23T05:24:12","slug":"szkolenie-3-studenci","status":"publish","type":"page","link":"https:\/\/pb.edu.pl\/pzp\/dzialania\/szkolenia\/szkolenia-studentow\/szkolenie-3-studenci\/","title":{"rendered":"Kryzys, zaburzenia i choroby psychiczne \u2013 fakty i mity. Dost\u0119pne formy wsparcia os\u00f3b w kryzysie"},"content":{"rendered":"<p><img loading=\"lazy\" decoding=\"async\" class=\"aligncenter wp-image-998 size-full\" src=\"https:\/\/pb.edu.pl\/pzp\/wp-content\/uploads\/sites\/99\/2023\/03\/belka-POWER_pl-kolor.jpg\" alt=\"\" width=\"1871\" height=\"183\" srcset=\"https:\/\/pb.edu.pl\/pzp\/wp-content\/uploads\/sites\/99\/2023\/03\/belka-POWER_pl-kolor.jpg 1871w, https:\/\/pb.edu.pl\/pzp\/wp-content\/uploads\/sites\/99\/2023\/03\/belka-POWER_pl-kolor-300x29.jpg 300w, https:\/\/pb.edu.pl\/pzp\/wp-content\/uploads\/sites\/99\/2023\/03\/belka-POWER_pl-kolor-1024x100.jpg 1024w, https:\/\/pb.edu.pl\/pzp\/wp-content\/uploads\/sites\/99\/2023\/03\/belka-POWER_pl-kolor-768x75.jpg 768w, https:\/\/pb.edu.pl\/pzp\/wp-content\/uploads\/sites\/99\/2023\/03\/belka-POWER_pl-kolor-1536x150.jpg 1536w\" sizes=\"auto, (max-width: 1871px) 100vw, 1871px\" \/><\/p>\n<h2>Rejestracja na szkolenie skierowane do student\u00f3w. Prosz\u0119 o wyb\u00f3r terminu realizacji.<\/h2>\n<p><strong>Grupa docelowa:<\/strong> studenci Politechniki Bia\u0142ostockiej<\/p>\n<p><strong>Liczba os\u00f3b w grupie:<\/strong> ok. 20<\/p>\n<p><strong>Liczba godzin:<\/strong> 8h<\/p>\n<p><strong>Zagadnienia poruszane w trakcie szkolenia:<\/strong><\/p>\n<ul style=\"list-style-type: disc\">\n<li>Kontinuum zdrowia psychicznego- zdrowie a choroba, wska\u017aniki dobrostanu i zdrowia psychicznego.<\/li>\n<li>Podniesienie \u015bwiadomo\u015bci na temat zdrowia psychicznego &#8211; stereotypy i mity na temat zdrowia psychicznego.<\/li>\n<li>Podstawowa charakterystyka wybranych zaburze\u0144 (wyst\u0119puj\u0105cych na uczelni (depresji, zaburze\u0144 l\u0119kowych i spektrum autyzmu), trudno\u015bci w zdrowiu psychicznym.<\/li>\n<li>Zasygnalizowanie kwestii uzale\u017cnie\u0144.<\/li>\n<li>Kryzys psychologiczny- czym jest, rodzaje oraz objawy reakcji na kryzys.<\/li>\n<li>Kryzysy suicydalne \u2013 jak rozpoznawa\u0107, jak rozmawia\u0107, jak reagowa\u0107?<\/li>\n<li>Sposoby na zadbanie o siebie w kryzysie \u2013 samopomocownik psychologiczny.<\/li>\n<li>Dost\u0119pne formy wsparcia i pomocy specjalistycznej.<\/li>\n<\/ul>\n<p><strong>Terminy i miejsce szkole\u0144:<\/strong><\/p>\n<ul>\n<li><del>Grupa I &#8211; 12.05.2023 r., godz. 10:00-16:30 &#8211; online<\/del><\/li>\n<li><del>Grupa II &#8211; 16.05.2023 r., godz. 10:00-16:30, sala 2\/16 CNK<\/del><\/li>\n<li><del>Grupa III &#8211; 23.05.2023 r., godz. 10:00-16:30, sala 2\/16 CNK<\/del><\/li>\n<\/ul>\n<p><strong>Rekrutacja odbywa\u0107 si\u0119 b\u0119dzie&nbsp;<\/strong><strong>poprzez poni\u017cszy formularz, decyduje kolejno\u015b\u0107 zg\u0142osze\u0144:<\/strong><\/p>\n<p><del>Grupa I do 10.05.2023 r.<\/del><\/p>\n<p><del>Grupa II do 14.05.2023 r<\/del>.<\/p>\n<p><del>Grupa III do 21.05.2023 r.<\/del><\/p>\n<p>*pola oznaczone gwiazdk\u0105, s\u0105 obowi\u0105zkowe.<\/p>\n<p><strong>Rekrutacja zako\u0144czona<\/strong><\/p>\n","protected":false},"excerpt":{"rendered":"<p>Rejestracja na szkolenie skierowane do student\u00f3w. Prosz\u0119 o wyb\u00f3r terminu realizacji. Grupa docelowa: studenci Politechniki<\/p>\n","protected":false},"author":33,"featured_media":0,"parent":1038,"menu_order":0,"comment_status":"closed","ping_status":"closed","template":"","meta":{"_acf_changed":false,"ngg_post_thumbnail":0,"footnotes":""},"class_list":["post-1078","page","type-page","status-publish","hentry"],"acf":[],"_links":{"self":[{"href":"https:\/\/pb.edu.pl\/pzp\/wp-json\/wp\/v2\/pages\/1078","targetHints":{"allow":["GET"]}}],"collection":[{"href":"https:\/\/pb.edu.pl\/pzp\/wp-json\/wp\/v2\/pages"}],"about":[{"href":"https:\/\/pb.edu.pl\/pzp\/wp-json\/wp\/v2\/types\/page"}],"author":[{"embeddable":true,"href":"https:\/\/pb.edu.pl\/pzp\/wp-json\/wp\/v2\/users\/33"}],"replies":[{"embeddable":true,"href":"https:\/\/pb.edu.pl\/pzp\/wp-json\/wp\/v2\/comments?post=1078"}],"version-history":[{"count":0,"href":"https:\/\/pb.edu.pl\/pzp\/wp-json\/wp\/v2\/pages\/1078\/revisions"}],"up":[{"embeddable":true,"href":"https:\/\/pb.edu.pl\/pzp\/wp-json\/wp\/v2\/pages\/1038"}],"wp:attachment":[{"href":"https:\/\/pb.edu.pl\/pzp\/wp-json\/wp\/v2\/media?parent=1078"}],"curies":[{"name":"wp","href":"https:\/\/api.w.org\/{rel}","templated":true}]}}