{"id":21,"date":"2017-10-29T17:57:38","date_gmt":"2017-10-29T16:57:38","guid":{"rendered":"https:\/\/pb.edu.pl\/pkzp\/?page_id=21"},"modified":"2025-11-14T18:25:01","modified_gmt":"2025-11-14T17:25:01","slug":"druki","status":"publish","type":"page","link":"https:\/\/pb.edu.pl\/pkzp\/druki\/","title":{"rendered":"Druki"},"content":{"rendered":"<p><a  class=\"pdf\" href=\"https:\/\/pb.edu.pl\/pkzp\/wp-content\/uploads\/sites\/5\/2025\/11\/Deklaracja-przystapienia.pdf\" target=\"_blank\" data-id=\"306\" >Deklaracja przyst\u0105pienia do PKZP w PB <span>(PDF, 281 KB, otworzy si\u0119 w nowej karcie)<\/span><\/a><\/p>\n<p><a  class=\"pdf\" href=\"https:\/\/pb.edu.pl\/pkzp\/wp-content\/uploads\/sites\/5\/2025\/11\/Aktualizacja-Danych.pdf\" target=\"_blank\" data-id=\"305\" >Aktualizacja danych <span>(PDF, 189 KB, otworzy si\u0119 w nowej karcie)<\/span><\/a><\/p>\n<p><a  class=\"pdf\" href=\"https:\/\/pb.edu.pl\/pkzp\/wp-content\/uploads\/sites\/5\/2025\/11\/Wniosek-o-pozyczke.pdf\" target=\"_blank\" data-id=\"307\" >Wniosek o udzielenie po\u017cyczki &#8211; ratalnej <span>(PDF, 216 KB, otworzy si\u0119 w nowej karcie)<\/span><\/a><\/p>\n<p><a  class=\"pdf\" href=\"https:\/\/pb.edu.pl\/pkzp\/wp-content\/uploads\/sites\/5\/2025\/11\/Wniosek-o-skreslenie.pdf\" target=\"_blank\" data-id=\"308\" >Wniosek o skre\u015blenie z listy cz\u0142onk\u00f3w i przekazanie lub zwrot wk\u0142ad\u00f3w <span>(PDF, 201 KB, otworzy si\u0119 w nowej karcie)<\/span><\/a><\/p>\n<p>&nbsp;<\/p>\n","protected":false},"excerpt":{"rendered":"<p>Deklaracja przyst\u0105pienia do PKZP w PB (PDF, 281 KB, otworzy si\u0119 w nowej karcie) Aktualizacja<\/p>\n","protected":false},"author":2,"featured_media":0,"parent":0,"menu_order":4,"comment_status":"closed","ping_status":"closed","template":"","meta":{"_acf_changed":false,"ngg_post_thumbnail":0,"footnotes":""},"class_list":["post-21","page","type-page","status-publish","hentry"],"acf":[],"_links":{"self":[{"href":"https:\/\/pb.edu.pl\/pkzp\/wp-json\/wp\/v2\/pages\/21","targetHints":{"allow":["GET"]}}],"collection":[{"href":"https:\/\/pb.edu.pl\/pkzp\/wp-json\/wp\/v2\/pages"}],"about":[{"href":"https:\/\/pb.edu.pl\/pkzp\/wp-json\/wp\/v2\/types\/page"}],"author":[{"embeddable":true,"href":"https:\/\/pb.edu.pl\/pkzp\/wp-json\/wp\/v2\/users\/2"}],"replies":[{"embeddable":true,"href":"https:\/\/pb.edu.pl\/pkzp\/wp-json\/wp\/v2\/comments?post=21"}],"version-history":[{"count":0,"href":"https:\/\/pb.edu.pl\/pkzp\/wp-json\/wp\/v2\/pages\/21\/revisions"}],"wp:attachment":[{"href":"https:\/\/pb.edu.pl\/pkzp\/wp-json\/wp\/v2\/media?parent=21"}],"curies":[{"name":"wp","href":"https:\/\/api.w.org\/{rel}","templated":true}]}}