{"id":57,"date":"2021-03-31T15:37:53","date_gmt":"2021-03-31T13:37:53","guid":{"rendered":"https:\/\/pb.edu.pl\/pilot\/?page_id=57"},"modified":"2022-03-27T22:29:38","modified_gmt":"2022-03-27T20:29:38","slug":"kontakt","status":"publish","type":"page","link":"https:\/\/pb.edu.pl\/pilot\/kontakt\/","title":{"rendered":"Kontakt"},"content":{"rendered":"<h2>Biuro Projektu<\/h2>\n<p>Biuro ds. Rozwoju i Program\u00f3w Mi\u0119dzynarodowych, <strong>pok\u00f3j 14 B<\/strong><br \/>\nPolitechnika Bia\u0142ostocka<br \/>\n15-351 Bia\u0142ystok<br \/>\nul. Wiejska 45 A <\/p>\n<i class=\"fa fa-phone\" aria-hidden=\"true\"><\/i> 85 746 97 64<\/p>\n<p> <i class=\"fal fa-envelope\"><\/i> <a href=\"#\" rel=\"nofollow\"  onclick=\"this.href='mailto:' + 'pilot' + '@' + 'pb.edu.pl'\">pilot [at] pb.edu.pl<\/a>\n","protected":false},"excerpt":{"rendered":"<p>Biuro Projektu Biuro ds. Rozwoju i Program\u00f3w Mi\u0119dzynarodowych, pok\u00f3j 14 B Politechnika Bia\u0142ostocka 15-351 Bia\u0142ystok<\/p>\n","protected":false},"author":2,"featured_media":0,"parent":0,"menu_order":5,"comment_status":"closed","ping_status":"closed","template":"","meta":{"_acf_changed":false,"ngg_post_thumbnail":0,"footnotes":""},"class_list":["post-57","page","type-page","status-publish","hentry"],"acf":[],"_links":{"self":[{"href":"https:\/\/pb.edu.pl\/pilot\/wp-json\/wp\/v2\/pages\/57","targetHints":{"allow":["GET"]}}],"collection":[{"href":"https:\/\/pb.edu.pl\/pilot\/wp-json\/wp\/v2\/pages"}],"about":[{"href":"https:\/\/pb.edu.pl\/pilot\/wp-json\/wp\/v2\/types\/page"}],"author":[{"embeddable":true,"href":"https:\/\/pb.edu.pl\/pilot\/wp-json\/wp\/v2\/users\/2"}],"replies":[{"embeddable":true,"href":"https:\/\/pb.edu.pl\/pilot\/wp-json\/wp\/v2\/comments?post=57"}],"version-history":[{"count":0,"href":"https:\/\/pb.edu.pl\/pilot\/wp-json\/wp\/v2\/pages\/57\/revisions"}],"wp:attachment":[{"href":"https:\/\/pb.edu.pl\/pilot\/wp-json\/wp\/v2\/media?parent=57"}],"curies":[{"name":"wp","href":"https:\/\/api.w.org\/{rel}","templated":true}]}}