{"id":76,"date":"2020-06-03T11:07:13","date_gmt":"2020-06-03T09:07:13","guid":{"rendered":"https:\/\/pb.edu.pl\/pbdostepna\/?page_id=76"},"modified":"2022-10-05T16:02:37","modified_gmt":"2022-10-05T14:02:37","slug":"bon","status":"publish","type":"page","link":"https:\/\/pb.edu.pl\/pbdostepna\/pb-dostepna\/wsparcie-w-ramach-projektu\/bon\/","title":{"rendered":"Biuro ds. Os\u00f3b z Niepe\u0142nosprawno\u015bciami"},"content":{"rendered":"<p><img loading=\"lazy\" decoding=\"async\" class=\"alignnone size-full wp-image-455\" src=\"https:\/\/pb.edu.pl\/pbdostepna\/wp-content\/uploads\/sites\/46\/2022\/10\/belka-POWER_pl.jpg\" alt=\"\" width=\"1871\" height=\"183\" srcset=\"https:\/\/pb.edu.pl\/pbdostepna\/wp-content\/uploads\/sites\/46\/2022\/10\/belka-POWER_pl.jpg 1871w, https:\/\/pb.edu.pl\/pbdostepna\/wp-content\/uploads\/sites\/46\/2022\/10\/belka-POWER_pl-300x29.jpg 300w, https:\/\/pb.edu.pl\/pbdostepna\/wp-content\/uploads\/sites\/46\/2022\/10\/belka-POWER_pl-1024x100.jpg 1024w, https:\/\/pb.edu.pl\/pbdostepna\/wp-content\/uploads\/sites\/46\/2022\/10\/belka-POWER_pl-768x75.jpg 768w, https:\/\/pb.edu.pl\/pbdostepna\/wp-content\/uploads\/sites\/46\/2022\/10\/belka-POWER_pl-1536x150.jpg 1536w\" sizes=\"auto, (max-width: 1871px) 100vw, 1871px\" \/><\/p>\n<h2><strong>Biuro ds. Os\u00f3b z Niepe\u0142nosprawno\u015bciami w ramach projektu PB Dost\u0119pna zajmuje si\u0119 m.in.:<\/strong><\/h2>\n<ul>\n<li style=\"text-align: justify\">dostosowywaniem materia\u0142\u00f3w dydaktycznych do potrzeb os\u00f3b z niepe\u0142nosprawno\u015bciami,<\/li>\n<li style=\"text-align: justify\">dostosowywaniem wewn\u0119trznych procedur do potrzeb os\u00f3b z niepe\u0142nosprawno\u015bciami,<\/li>\n<li style=\"text-align: justify\">popraw\u0105 dost\u0119pno\u015bci Uczelni,<\/li>\n<li style=\"text-align: justify\">wprowadzaniem w zapisach uczelnianych obowi\u0105zku rozpoznawania, likwidowania barier i zwi\u0119kszania dost\u0119pno\u015bci w ramach funkcjonowania Uczelni,<\/li>\n<li style=\"text-align: justify\">przygotowywaniem wniosk\u00f3w o projekty czy zakupem sprz\u0119tu,<\/li>\n<li style=\"text-align: justify\">monitorowaniem i weryfikowaniem powy\u017cszych dzia\u0142a\u0144.<\/li>\n<\/ul>\n<h3><strong>Adres:<\/strong><\/h3>\n<p><a title=\"Strona otworzy si\u0119 w nowym oknie.\" href=\"https:\/\/pb.edu.pl\/studenci\/studenci-z-niepelnosprawnoscia\/\" target=\"_blank\" rel=\"noopener\">Biuro ds. Os\u00f3b z Niepe\u0142nosprawno\u015bciami Politechniki Bia\u0142ostockiej<\/a><\/p>\n<p>Budynek Rektoratu<\/p>\n<p>ul. Wiejska 45A pok\u00f3j 39C<\/p>\n<p>poniedzia\u0142ek &#8211; pi\u0105tek w godz. 8.00 -15.00<\/p>\n<h3><strong>Kontakt:<\/strong><\/h3>\n<p><a title=\"Strona otworzy si\u0119 w nowym oknie.\" href=\"https:\/\/pb.edu.pl\/studenci\/studenci-z-niepelnosprawnoscia\/kontakt\/\" target=\"_blank\" rel=\"noopener\">niepelnosprawni [at] pb.edu.pl<\/a><\/p>\n<h4><strong>Pracownicy Biura:<\/strong><\/h4>\n<p><strong>Pe\u0142nomocnik Rektora ds. Os\u00f3b z Niepe\u0142nosprawno\u015bciami<\/strong><\/p>\n<p>Tomasz Jastrz\u0119bski<\/p>\n<p>e-mail: <a title=\"Strona otworzy si\u0119 w nowym oknie.\" href=\"https:\/\/pb.edu.pl\/studenci\/studenci-z-niepelnosprawnoscia\/kontakt\/\" target=\"_blank\" rel=\"noopener\">t.jastrzebski [at] pb.edu.pl<\/a><\/p>\n<p>tel. 501 032 551<\/p>\n<p><strong>Specjalista ds. Os\u00f3b z Niepe\u0142nosprawno\u015bciami<\/strong><\/p>\n<p>Emilia Wr\u00f3blewska<\/p>\n<p>e-mail: <a title=\"Strona otworzy si\u0119 w nowym oknie.\" href=\"https:\/\/pb.edu.pl\/studenci\/studenci-z-niepelnosprawnoscia\/kontakt\/\" target=\"_blank\" rel=\"noopener\">e.wroblewska [at] pb.edu.pl<\/a> &nbsp;<\/p>\n<p>tel. 797 529 882<\/p>\n<p>Elena \u015awi\u0105tkowska<\/p>\n","protected":false},"excerpt":{"rendered":"<p>Biuro ds. Os\u00f3b z Niepe\u0142nosprawno\u015bciami w ramach projektu PB Dost\u0119pna zajmuje si\u0119 m.in.: dostosowywaniem materia\u0142\u00f3w<\/p>\n","protected":false},"author":33,"featured_media":0,"parent":27,"menu_order":0,"comment_status":"closed","ping_status":"closed","template":"","meta":{"_acf_changed":false,"ngg_post_thumbnail":0,"footnotes":""},"class_list":["post-76","page","type-page","status-publish","hentry"],"acf":[],"_links":{"self":[{"href":"https:\/\/pb.edu.pl\/pbdostepna\/wp-json\/wp\/v2\/pages\/76","targetHints":{"allow":["GET"]}}],"collection":[{"href":"https:\/\/pb.edu.pl\/pbdostepna\/wp-json\/wp\/v2\/pages"}],"about":[{"href":"https:\/\/pb.edu.pl\/pbdostepna\/wp-json\/wp\/v2\/types\/page"}],"author":[{"embeddable":true,"href":"https:\/\/pb.edu.pl\/pbdostepna\/wp-json\/wp\/v2\/users\/33"}],"replies":[{"embeddable":true,"href":"https:\/\/pb.edu.pl\/pbdostepna\/wp-json\/wp\/v2\/comments?post=76"}],"version-history":[{"count":0,"href":"https:\/\/pb.edu.pl\/pbdostepna\/wp-json\/wp\/v2\/pages\/76\/revisions"}],"up":[{"embeddable":true,"href":"https:\/\/pb.edu.pl\/pbdostepna\/wp-json\/wp\/v2\/pages\/27"}],"wp:attachment":[{"href":"https:\/\/pb.edu.pl\/pbdostepna\/wp-json\/wp\/v2\/media?parent=76"}],"curies":[{"name":"wp","href":"https:\/\/api.w.org\/{rel}","templated":true}]}}