{"id":100,"date":"2018-12-11T19:10:56","date_gmt":"2018-12-11T18:10:56","guid":{"rendered":"https:\/\/pb.edu.pl\/pbbud\/?page_id=100"},"modified":"2021-01-20T23:22:07","modified_gmt":"2021-01-20T22:22:07","slug":"rodo","status":"publish","type":"page","link":"https:\/\/pb.edu.pl\/pbbud\/rodo\/","title":{"rendered":"RODO"},"content":{"rendered":"<ol>\n<li>Administratorem danych osobowych przetwarzanych w ramach PB BUD jest Politechnika Bia\u0142ostocka, z siedzib\u0105 w Bia\u0142ymstoku, ul. Wiejska 45A, 15-351 Bia\u0142ystok (dalej: Uczelnia). W celu skontaktowania si\u0119 z Uczelni\u0105 w sprawach zwi\u0105zanych z przetwarzaniem danych osobowych w ramach PB BUD mo\u017cna napisa\u0107 e-mail do Inspektora Ochrony Danych, na adres: <i class=\"fa fa-envelope-o\" aria-hidden=\"true\"><\/i> <a href=\"#\" rel=\"nofollow\"  onclick=\"this.href='mailto:' + 'iod' + '@' + 'pb.edu.pl'\">iod [at] pb.edu.pl<\/a>.<\/li>\n<li>Szczeg\u00f3\u0142owa informacja Administratora dotycz\u0105ca przetwarzania danych osobowych w ramach PB BUD znajduje si\u0119 w formularzu rekrutacyjnym oraz w deklaracji uczestnictwa.<\/li>\n<\/ol>\n","protected":false},"excerpt":{"rendered":"<p>Administratorem danych osobowych przetwarzanych w ramach PB BUD jest Politechnika Bia\u0142ostocka, z siedzib\u0105 w Bia\u0142ymstoku,<\/p>\n","protected":false},"author":2,"featured_media":0,"parent":0,"menu_order":3,"comment_status":"closed","ping_status":"closed","template":"","meta":{"_acf_changed":false,"ngg_post_thumbnail":0,"footnotes":""},"class_list":["post-100","page","type-page","status-publish","hentry"],"acf":[],"_links":{"self":[{"href":"https:\/\/pb.edu.pl\/pbbud\/wp-json\/wp\/v2\/pages\/100","targetHints":{"allow":["GET"]}}],"collection":[{"href":"https:\/\/pb.edu.pl\/pbbud\/wp-json\/wp\/v2\/pages"}],"about":[{"href":"https:\/\/pb.edu.pl\/pbbud\/wp-json\/wp\/v2\/types\/page"}],"author":[{"embeddable":true,"href":"https:\/\/pb.edu.pl\/pbbud\/wp-json\/wp\/v2\/users\/2"}],"replies":[{"embeddable":true,"href":"https:\/\/pb.edu.pl\/pbbud\/wp-json\/wp\/v2\/comments?post=100"}],"version-history":[{"count":0,"href":"https:\/\/pb.edu.pl\/pbbud\/wp-json\/wp\/v2\/pages\/100\/revisions"}],"wp:attachment":[{"href":"https:\/\/pb.edu.pl\/pbbud\/wp-json\/wp\/v2\/media?parent=100"}],"curies":[{"name":"wp","href":"https:\/\/api.w.org\/{rel}","templated":true}]}}