{"id":951,"date":"2025-03-11T21:13:46","date_gmt":"2025-03-11T20:13:46","guid":{"rendered":"https:\/\/pb.edu.pl\/pb5\/?page_id=951"},"modified":"2025-03-11T21:18:25","modified_gmt":"2025-03-11T20:18:25","slug":"obowiazek-informacyjny","status":"publish","type":"page","link":"https:\/\/pb.edu.pl\/pb5\/dokumenty\/obowiazek-informacyjny\/","title":{"rendered":"Obowi\u0105zek informacyjny"},"content":{"rendered":"<p><a  class=\"pdf\" href=\"https:\/\/pb.edu.pl\/pb5\/wp-content\/uploads\/sites\/131\/2025\/03\/Klauzula-informacyjna-ministra-wlasciwego-do-spraw-rozwoju-regionalnego.pdf\" target=\"_blank\" data-id=\"955\" >Klauzula informacyjna ministra w\u0142a\u015bciwego do spraw rozwoju regionalnego <span>(PDF, 132 KB, otworzy si\u0119 w nowej karcie)<\/span><\/a><\/p>\n<p><a  class=\"pdf\" href=\"https:\/\/pb.edu.pl\/pb5\/wp-content\/uploads\/sites\/131\/2025\/03\/Klauzula-informacyjna-NCBiR.pdf\" target=\"_blank\" data-id=\"957\" >Klauzula informacyjna NCBiR <span>(PDF, 93 KB, otworzy si\u0119 w nowej karcie)<\/span><\/a><\/p>\n","protected":false},"excerpt":{"rendered":"<p>Klauzula informacyjna ministra w\u0142a\u015bciwego do spraw rozwoju regionalnego (PDF, 132 KB, otworzy si\u0119 w nowej<\/p>\n","protected":false},"author":2,"featured_media":0,"parent":21,"menu_order":3,"comment_status":"closed","ping_status":"closed","template":"","meta":{"_acf_changed":false,"ngg_post_thumbnail":0,"footnotes":""},"class_list":["post-951","page","type-page","status-publish","hentry"],"acf":[],"_links":{"self":[{"href":"https:\/\/pb.edu.pl\/pb5\/wp-json\/wp\/v2\/pages\/951","targetHints":{"allow":["GET"]}}],"collection":[{"href":"https:\/\/pb.edu.pl\/pb5\/wp-json\/wp\/v2\/pages"}],"about":[{"href":"https:\/\/pb.edu.pl\/pb5\/wp-json\/wp\/v2\/types\/page"}],"author":[{"embeddable":true,"href":"https:\/\/pb.edu.pl\/pb5\/wp-json\/wp\/v2\/users\/2"}],"replies":[{"embeddable":true,"href":"https:\/\/pb.edu.pl\/pb5\/wp-json\/wp\/v2\/comments?post=951"}],"version-history":[{"count":0,"href":"https:\/\/pb.edu.pl\/pb5\/wp-json\/wp\/v2\/pages\/951\/revisions"}],"up":[{"embeddable":true,"href":"https:\/\/pb.edu.pl\/pb5\/wp-json\/wp\/v2\/pages\/21"}],"wp:attachment":[{"href":"https:\/\/pb.edu.pl\/pb5\/wp-json\/wp\/v2\/media?parent=951"}],"curies":[{"name":"wp","href":"https:\/\/api.w.org\/{rel}","templated":true}]}}

Obowiązek informacyjny

<p><a  class="pdf" href="https://pb.edu.pl/pb5/wp-content/uploads/sites/131/2025/03/Klauzula-informacyjna-ministra-wlasciwego-do-spraw-rozwoju-regionalnego.pdf" target="_blank" data-id="955" >Klauzula informacyjna ministra właściwego do spraw rozwoju regionalnego <span>(PDF, 132 KB, otworzy się w nowej karcie)</span></a></p>
<p><a  class="pdf" href="https://pb.edu.pl/pb5/wp-content/uploads/sites/131/2025/03/Klauzula-informacyjna-NCBiR.pdf" target="_blank" data-id="957" >Klauzula informacyjna NCBiR <span>(PDF, 93 KB, otworzy się w nowej karcie)</span></a></p>

<p>Klauzula informacyjna ministra właściwego do spraw rozwoju regionalnego (PDF, 132 KB, otworzy się w nowej</p>
